{"id":3237,"date":"2026-02-26T09:07:12","date_gmt":"2026-02-26T08:07:12","guid":{"rendered":"http:\/\/fundaciomallorcaturisme.net\/what-to-do\/sport\/hiking\/"},"modified":"2026-03-20T10:28:06","modified_gmt":"2026-03-20T09:28:06","slug":"hiking","status":"publish","type":"page","link":"https:\/\/fundaciomallorcaturisme.net\/en\/what-to-do\/sport\/hiking\/","title":{"rendered":"Hiking"},"content":{"rendered":"","protected":false},"excerpt":{"rendered":"","protected":false},"author":1,"featured_media":0,"parent":3232,"menu_order":0,"comment_status":"open","ping_status":"open","template":"page-templates\/contenido_flexible.php","meta":{"_acf_changed":false,"footnotes":""},"class_list":["post-3237","page","type-page","status-publish","hentry"],"acf":{"contenido_flexible":[{"acf_fc_layout":"cabecera","titulo":"<h1>Hiking in Mallorca: Nature and Heritage<\/h1>","titulo_grande":false,"subtitulo":"","texto":"","enlace":"","flecha_abajo":false,"tiene_video":false,"video":"","imagenx1":"","imagenx2":"","logos":""},{"acf_fc_layout":"texto_simple","pretitulo":"","titulo":"","texto":"<h2>A paradise for hiking routes<\/h2>\r\nThe preferred area for walkers is, without a doubt, the Serra de Tramuntana, although there are numerous protected natural spaces, such as the Llevant Peninsula Nature Reserve, which feature beautiful waymarked itineraries.\r\n\r\nFurthermore, the island is committed to sporting innovation: Alc\u00fadia is home to Spain's first Nordic walking park, ideal for those seeking a technical and healthy activity. Many of these ancient pilgrimage paths, now converted into hiking routes, lead to monasteries and hermitages, blending sport with spirituality.\r\n<h2>The best hiking routes in Mallorca<\/h2>\r\nSelect the itinerary that best suits your level and discover the network of paths that form the backbone of our geography. Options include emblematic routes such as the C\u00faber trail, which skirts the reservoir under the shadow of Puig Major, or the ascent to N\u00e0 P\u00f2pia on sa Dragonera, where you will discover the ruins of its historic lighthouse and spectacular views.\r\n<h3>C\u00faber<\/h3>\r\n<ul>\r\n \t<li>Distance: 4.683 km<\/li>\r\n \t<li>Elevation gain: 45 m<\/li>\r\n \t<li>Difficulty: Moderate<\/li>\r\n<\/ul>\r\n<a href=\"http:\/\/fundaciomallorcaturisme.net\/en\/routes\/family\/cuber\/\">Route details<\/a>\r\n<h2>Continue exploring Mallorca<\/h2>","cta":"","2_columnas":false,"color_de_fondo":""}]},"yoast_head":"<!-- This site is optimized with the Yoast SEO plugin v27.7 - https:\/\/yoast.com\/product\/yoast-seo-wordpress\/ -->\n<title>Hiking - Consell de Mallorca<\/title>\n<meta name=\"robots\" content=\"index, follow, max-snippet:-1, max-image-preview:large, max-video-preview:-1\" \/>\n<link rel=\"canonical\" href=\"https:\/\/fundaciomallorcaturisme.net\/en\/what-to-do\/sport\/hiking\/\" \/>\n<meta property=\"og:locale\" content=\"en_US\" \/>\n<meta property=\"og:type\" content=\"article\" \/>\n<meta property=\"og:title\" content=\"Hiking - Consell de Mallorca\" \/>\n<meta property=\"og:url\" content=\"https:\/\/fundaciomallorcaturisme.net\/en\/what-to-do\/sport\/hiking\/\" \/>\n<meta property=\"og:site_name\" content=\"Consell de Mallorca\" \/>\n<meta property=\"article:publisher\" content=\"https:\/\/www.facebook.com\/ConselldeMca\/\" \/>\n<meta property=\"article:modified_time\" content=\"2026-03-20T09:28:06+00:00\" \/>\n<meta property=\"og:image\" content=\"https:\/\/fundaciomallorcaturisme.net\/wp-content\/uploads\/2026\/02\/planificax2.jpg\" \/>\n\t<meta property=\"og:image:width\" content=\"1346\" \/>\n\t<meta property=\"og:image:height\" content=\"1094\" \/>\n\t<meta property=\"og:image:type\" content=\"image\/jpeg\" \/>\n<meta name=\"twitter:card\" content=\"summary_large_image\" \/>\n<meta name=\"twitter:site\" content=\"@ConselldeMca\" \/>\n<script type=\"application\/ld+json\" class=\"yoast-schema-graph\">{\"@context\":\"https:\\\/\\\/schema.org\",\"@graph\":[{\"@type\":\"WebPage\",\"@id\":\"https:\\\/\\\/fundaciomallorcaturisme.net\\\/en\\\/what-to-do\\\/sport\\\/hiking\\\/\",\"url\":\"https:\\\/\\\/fundaciomallorcaturisme.net\\\/en\\\/what-to-do\\\/sport\\\/hiking\\\/\",\"name\":\"Hiking - Consell de Mallorca\",\"isPartOf\":{\"@id\":\"https:\\\/\\\/fundaciomallorcaturisme.net\\\/en\\\/#website\"},\"datePublished\":\"2026-02-26T08:07:12+00:00\",\"dateModified\":\"2026-03-20T09:28:06+00:00\",\"breadcrumb\":{\"@id\":\"https:\\\/\\\/fundaciomallorcaturisme.net\\\/en\\\/what-to-do\\\/sport\\\/hiking\\\/#breadcrumb\"},\"inLanguage\":\"en-US\",\"potentialAction\":[{\"@type\":\"ReadAction\",\"target\":[\"https:\\\/\\\/fundaciomallorcaturisme.net\\\/en\\\/what-to-do\\\/sport\\\/hiking\\\/\"]}]},{\"@type\":\"BreadcrumbList\",\"@id\":\"https:\\\/\\\/fundaciomallorcaturisme.net\\\/en\\\/what-to-do\\\/sport\\\/hiking\\\/#breadcrumb\",\"itemListElement\":[{\"@type\":\"ListItem\",\"position\":1,\"name\":\"Home\",\"item\":\"https:\\\/\\\/fundaciomallorcaturisme.net\\\/en\\\/\"},{\"@type\":\"ListItem\",\"position\":2,\"name\":\"What to Do\",\"item\":\"https:\\\/\\\/fundaciomallorcaturisme.net\\\/en\\\/what-to-do\\\/\"},{\"@type\":\"ListItem\",\"position\":3,\"name\":\"Sport\",\"item\":\"https:\\\/\\\/fundaciomallorcaturisme.net\\\/en\\\/what-to-do\\\/sport\\\/\"},{\"@type\":\"ListItem\",\"position\":4,\"name\":\"Hiking\"}]},{\"@type\":\"WebSite\",\"@id\":\"https:\\\/\\\/fundaciomallorcaturisme.net\\\/en\\\/#website\",\"url\":\"https:\\\/\\\/fundaciomallorcaturisme.net\\\/en\\\/\",\"name\":\"Consell de Mallorca\",\"description\":\"\",\"publisher\":{\"@id\":\"https:\\\/\\\/fundaciomallorcaturisme.net\\\/en\\\/#organization\"},\"alternateName\":\"Mallorca Turisme\",\"potentialAction\":[{\"@type\":\"SearchAction\",\"target\":{\"@type\":\"EntryPoint\",\"urlTemplate\":\"https:\\\/\\\/fundaciomallorcaturisme.net\\\/en\\\/?s={search_term_string}\"},\"query-input\":{\"@type\":\"PropertyValueSpecification\",\"valueRequired\":true,\"valueName\":\"search_term_string\"}}],\"inLanguage\":\"en-US\"},{\"@type\":\"Organization\",\"@id\":\"https:\\\/\\\/fundaciomallorcaturisme.net\\\/en\\\/#organization\",\"name\":\"Consell de Mallorca\",\"alternateName\":\"Mallorca Turisme\",\"url\":\"https:\\\/\\\/fundaciomallorcaturisme.net\\\/en\\\/\",\"logo\":{\"@type\":\"ImageObject\",\"inLanguage\":\"en-US\",\"@id\":\"https:\\\/\\\/fundaciomallorcaturisme.net\\\/en\\\/#\\\/schema\\\/logo\\\/image\\\/\",\"url\":\"http:\\\/\\\/fundaciomallorcaturisme.net\\\/wp-content\\\/uploads\\\/2026\\\/03\\\/logo.webp\",\"contentUrl\":\"http:\\\/\\\/fundaciomallorcaturisme.net\\\/wp-content\\\/uploads\\\/2026\\\/03\\\/logo.webp\",\"width\":696,\"height\":570,\"caption\":\"Consell de Mallorca\"},\"image\":{\"@id\":\"https:\\\/\\\/fundaciomallorcaturisme.net\\\/en\\\/#\\\/schema\\\/logo\\\/image\\\/\"},\"sameAs\":[\"https:\\\/\\\/www.facebook.com\\\/ConselldeMca\\\/\",\"https:\\\/\\\/x.com\\\/ConselldeMca\",\"https:\\\/\\\/www.instagram.com\\\/conselldemca\\\/\",\"https:\\\/\\\/www.youtube.com\\\/user\\\/conselldemallorca\"]}]}<\/script>\n<!-- \/ Yoast SEO plugin. -->","yoast_head_json":{"title":"Hiking - Consell de Mallorca","robots":{"index":"index","follow":"follow","max-snippet":"max-snippet:-1","max-image-preview":"max-image-preview:large","max-video-preview":"max-video-preview:-1"},"canonical":"https:\/\/fundaciomallorcaturisme.net\/en\/what-to-do\/sport\/hiking\/","og_locale":"en_US","og_type":"article","og_title":"Hiking - Consell de Mallorca","og_url":"https:\/\/fundaciomallorcaturisme.net\/en\/what-to-do\/sport\/hiking\/","og_site_name":"Consell de Mallorca","article_publisher":"https:\/\/www.facebook.com\/ConselldeMca\/","article_modified_time":"2026-03-20T09:28:06+00:00","og_image":[{"width":1346,"height":1094,"url":"https:\/\/fundaciomallorcaturisme.net\/wp-content\/uploads\/2026\/02\/planificax2.jpg","type":"image\/jpeg"}],"twitter_card":"summary_large_image","twitter_site":"@ConselldeMca","schema":{"@context":"https:\/\/schema.org","@graph":[{"@type":"WebPage","@id":"https:\/\/fundaciomallorcaturisme.net\/en\/what-to-do\/sport\/hiking\/","url":"https:\/\/fundaciomallorcaturisme.net\/en\/what-to-do\/sport\/hiking\/","name":"Hiking - Consell de Mallorca","isPartOf":{"@id":"https:\/\/fundaciomallorcaturisme.net\/en\/#website"},"datePublished":"2026-02-26T08:07:12+00:00","dateModified":"2026-03-20T09:28:06+00:00","breadcrumb":{"@id":"https:\/\/fundaciomallorcaturisme.net\/en\/what-to-do\/sport\/hiking\/#breadcrumb"},"inLanguage":"en-US","potentialAction":[{"@type":"ReadAction","target":["https:\/\/fundaciomallorcaturisme.net\/en\/what-to-do\/sport\/hiking\/"]}]},{"@type":"BreadcrumbList","@id":"https:\/\/fundaciomallorcaturisme.net\/en\/what-to-do\/sport\/hiking\/#breadcrumb","itemListElement":[{"@type":"ListItem","position":1,"name":"Home","item":"https:\/\/fundaciomallorcaturisme.net\/en\/"},{"@type":"ListItem","position":2,"name":"What to Do","item":"https:\/\/fundaciomallorcaturisme.net\/en\/what-to-do\/"},{"@type":"ListItem","position":3,"name":"Sport","item":"https:\/\/fundaciomallorcaturisme.net\/en\/what-to-do\/sport\/"},{"@type":"ListItem","position":4,"name":"Hiking"}]},{"@type":"WebSite","@id":"https:\/\/fundaciomallorcaturisme.net\/en\/#website","url":"https:\/\/fundaciomallorcaturisme.net\/en\/","name":"Consell de Mallorca","description":"","publisher":{"@id":"https:\/\/fundaciomallorcaturisme.net\/en\/#organization"},"alternateName":"Mallorca Turisme","potentialAction":[{"@type":"SearchAction","target":{"@type":"EntryPoint","urlTemplate":"https:\/\/fundaciomallorcaturisme.net\/en\/?s={search_term_string}"},"query-input":{"@type":"PropertyValueSpecification","valueRequired":true,"valueName":"search_term_string"}}],"inLanguage":"en-US"},{"@type":"Organization","@id":"https:\/\/fundaciomallorcaturisme.net\/en\/#organization","name":"Consell de Mallorca","alternateName":"Mallorca Turisme","url":"https:\/\/fundaciomallorcaturisme.net\/en\/","logo":{"@type":"ImageObject","inLanguage":"en-US","@id":"https:\/\/fundaciomallorcaturisme.net\/en\/#\/schema\/logo\/image\/","url":"http:\/\/fundaciomallorcaturisme.net\/wp-content\/uploads\/2026\/03\/logo.webp","contentUrl":"http:\/\/fundaciomallorcaturisme.net\/wp-content\/uploads\/2026\/03\/logo.webp","width":696,"height":570,"caption":"Consell de Mallorca"},"image":{"@id":"https:\/\/fundaciomallorcaturisme.net\/en\/#\/schema\/logo\/image\/"},"sameAs":["https:\/\/www.facebook.com\/ConselldeMca\/","https:\/\/x.com\/ConselldeMca","https:\/\/www.instagram.com\/conselldemca\/","https:\/\/www.youtube.com\/user\/conselldemallorca"]}]}},"_links":{"self":[{"href":"https:\/\/fundaciomallorcaturisme.net\/en\/wp-json\/wp\/v2\/pages\/3237","targetHints":{"allow":["GET"]}}],"collection":[{"href":"https:\/\/fundaciomallorcaturisme.net\/en\/wp-json\/wp\/v2\/pages"}],"about":[{"href":"https:\/\/fundaciomallorcaturisme.net\/en\/wp-json\/wp\/v2\/types\/page"}],"author":[{"embeddable":true,"href":"https:\/\/fundaciomallorcaturisme.net\/en\/wp-json\/wp\/v2\/users\/1"}],"replies":[{"embeddable":true,"href":"https:\/\/fundaciomallorcaturisme.net\/en\/wp-json\/wp\/v2\/comments?post=3237"}],"version-history":[{"count":1,"href":"https:\/\/fundaciomallorcaturisme.net\/en\/wp-json\/wp\/v2\/pages\/3237\/revisions"}],"predecessor-version":[{"id":4482,"href":"https:\/\/fundaciomallorcaturisme.net\/en\/wp-json\/wp\/v2\/pages\/3237\/revisions\/4482"}],"up":[{"embeddable":true,"href":"https:\/\/fundaciomallorcaturisme.net\/en\/wp-json\/wp\/v2\/pages\/3232"}],"wp:attachment":[{"href":"https:\/\/fundaciomallorcaturisme.net\/en\/wp-json\/wp\/v2\/media?parent=3237"}],"curies":[{"name":"wp","href":"https:\/\/api.w.org\/{rel}","templated":true}]}}

<h2>A paradise for hiking routes</h2>
The preferred area for walkers is, without a doubt, the Serra de Tramuntana, although there are numerous protected natural spaces, such as the Llevant Peninsula Nature Reserve, which feature beautiful waymarked itineraries.

Furthermore, the island is committed to sporting innovation: Alcúdia is home to Spain's first Nordic walking park, ideal for those seeking a technical and healthy activity. Many of these ancient pilgrimage paths, now converted into hiking routes, lead to monasteries and hermitages, blending sport with spirituality.
<h2>The best hiking routes in Mallorca</h2>
Select the itinerary that best suits your level and discover the network of paths that form the backbone of our geography. Options include emblematic routes such as the Cúber trail, which skirts the reservoir under the shadow of Puig Major, or the ascent to Nà Pòpia on sa Dragonera, where you will discover the ruins of its historic lighthouse and spectacular views.
<h3>Cúber</h3>
<ul>
 	<li>Distance: 4.683 km</li>
 	<li>Elevation gain: 45 m</li>
 	<li>Difficulty: Moderate</li>
</ul>
<a href="http://fundaciomallorcaturisme.net/en/routes/family/cuber/">Route details</a>
<h2>Continue exploring Mallorca</h2>
