{"id":3234,"date":"2026-02-26T09:07:12","date_gmt":"2026-02-26T08:07:12","guid":{"rendered":"http:\/\/fundaciomallorcaturisme.net\/plan\/how-to-get-there\/"},"modified":"2026-03-19T00:05:42","modified_gmt":"2026-03-18T23:05:42","slug":"how-to-get-there","status":"publish","type":"page","link":"https:\/\/fundaciomallorcaturisme.net\/en\/plan\/how-to-get-there\/","title":{"rendered":"How to get there"},"content":{"rendered":"","protected":false},"excerpt":{"rendered":"","protected":false},"author":1,"featured_media":0,"parent":2163,"menu_order":0,"comment_status":"open","ping_status":"open","template":"page-templates\/contenido_flexible.php","meta":{"_acf_changed":false,"footnotes":""},"class_list":["post-3234","page","type-page","status-publish","hentry"],"acf":{"contenido_flexible":[{"acf_fc_layout":"cabecera","titulo":"<h1>How to get to Mallorca: Your Gateway to the Mediterranean<\/h1>","titulo_grande":false,"subtitulo":"","texto":"","enlace":"","flecha_abajo":false,"tiene_video":false,"video":"","imagenx1":"","imagenx2":"","logos":""},{"acf_fc_layout":"texto_simple","pretitulo":"","titulo":"","texto":"Located in the heart of the Balearic archipelago, Mallorca is the largest of the islands and enjoys a strategic location in the western Mediterranean. Thanks to its excellent infrastructure, the island is now one of the best-connected destinations in Europe, providing easy access by both air and sea throughout the year.\r\n<h2>By Air: Palma International Airport (PMI)<\/h2>\r\nFlying is the fastest and most convenient way to land on the island. Palma de Mallorca Airport (Son Sant Joan) offers exceptional connectivity with major Spanish cities and large European capitals, many of which are less than a 3-hour flight away.\r\n\r\n<a href=\"http:\/\/fundaciomallorcaturisme.net\/en\/plan\/how-to-get-there\/by-plane\/\">Find out more<\/a>\r\n<h2>By Sea: Ports, Ferries and Cruises<\/h2>\r\n<h3>Ferry Connections<\/h3>\r\nThe ports of Palma and Alc\u00fadia maintain regular lines with Barcelona, Valencia, D\u00e9nia, Menorca and Ibiza. Furthermore, during the high season, there is a direct ferry connection linking the port of Alc\u00fadia with Toulon (France).\r\n\r\n<a href=\"http:\/\/fundaciomallorcaturisme.net\/en\/plan\/how-to-get-there\/by-ferry\/\">Find out more<\/a>\r\n<h3>Cruise Ports of Call<\/h3>\r\nThanks to its heritage and leisure offerings, Mallorca is one of the favourite ports of call for cruises travelling across the Mediterranean. The modernity of our maritime stations ensures a smooth and comfortable welcome for thousands of cruise passengers every year.\r\n\r\n<a href=\"http:\/\/fundaciomallorcaturisme.net\/en\/plan\/how-to-get-there\/by-cruise\/\">Find out more<\/a>\r\n<h3>Private Boats and Marinas<\/h3>\r\nIf you decide to sail to us on your own boat, Mallorca offers more than forty ports and marinas at your disposal. We are the ideal place to moor, with high-quality services all along our coastline.\r\n\r\n<a href=\"http:\/\/fundaciomallorcaturisme.net\/en\/plan\/how-to-get-there\/by-boat\/\">Find out more<\/a>\r\n<blockquote>Once on the island, remember to check our Transport section to learn about the best options for getting around efficiently and sustainably.<\/blockquote>\r\n<h2>Keep exploring Mallorca<\/h2>","cta":"","2_columnas":false,"color_de_fondo":""}]},"yoast_head":"<!-- This site is optimized with the Yoast SEO plugin v27.7 - https:\/\/yoast.com\/product\/yoast-seo-wordpress\/ -->\n<title>How to get there - Consell de Mallorca<\/title>\n<meta name=\"robots\" content=\"index, follow, max-snippet:-1, max-image-preview:large, max-video-preview:-1\" \/>\n<link rel=\"canonical\" href=\"https:\/\/fundaciomallorcaturisme.net\/en\/plan\/how-to-get-there\/\" \/>\n<meta property=\"og:locale\" content=\"en_US\" \/>\n<meta property=\"og:type\" content=\"article\" \/>\n<meta property=\"og:title\" content=\"How to get there - Consell de Mallorca\" \/>\n<meta property=\"og:url\" content=\"https:\/\/fundaciomallorcaturisme.net\/en\/plan\/how-to-get-there\/\" \/>\n<meta property=\"og:site_name\" content=\"Consell de Mallorca\" \/>\n<meta property=\"article:publisher\" content=\"https:\/\/www.facebook.com\/ConselldeMca\/\" \/>\n<meta property=\"article:modified_time\" content=\"2026-03-18T23:05:42+00:00\" \/>\n<meta property=\"og:image\" content=\"https:\/\/fundaciomallorcaturisme.net\/wp-content\/uploads\/2026\/02\/planificax2.jpg\" \/>\n\t<meta property=\"og:image:width\" content=\"1346\" \/>\n\t<meta property=\"og:image:height\" content=\"1094\" \/>\n\t<meta property=\"og:image:type\" content=\"image\/jpeg\" \/>\n<meta name=\"twitter:card\" content=\"summary_large_image\" \/>\n<meta name=\"twitter:site\" content=\"@ConselldeMca\" \/>\n<script type=\"application\/ld+json\" class=\"yoast-schema-graph\">{\"@context\":\"https:\\\/\\\/schema.org\",\"@graph\":[{\"@type\":\"WebPage\",\"@id\":\"https:\\\/\\\/fundaciomallorcaturisme.net\\\/en\\\/plan\\\/how-to-get-there\\\/\",\"url\":\"https:\\\/\\\/fundaciomallorcaturisme.net\\\/en\\\/plan\\\/how-to-get-there\\\/\",\"name\":\"How to get there - Consell de Mallorca\",\"isPartOf\":{\"@id\":\"https:\\\/\\\/fundaciomallorcaturisme.net\\\/en\\\/#website\"},\"datePublished\":\"2026-02-26T08:07:12+00:00\",\"dateModified\":\"2026-03-18T23:05:42+00:00\",\"breadcrumb\":{\"@id\":\"https:\\\/\\\/fundaciomallorcaturisme.net\\\/en\\\/plan\\\/how-to-get-there\\\/#breadcrumb\"},\"inLanguage\":\"en-US\",\"potentialAction\":[{\"@type\":\"ReadAction\",\"target\":[\"https:\\\/\\\/fundaciomallorcaturisme.net\\\/en\\\/plan\\\/how-to-get-there\\\/\"]}]},{\"@type\":\"BreadcrumbList\",\"@id\":\"https:\\\/\\\/fundaciomallorcaturisme.net\\\/en\\\/plan\\\/how-to-get-there\\\/#breadcrumb\",\"itemListElement\":[{\"@type\":\"ListItem\",\"position\":1,\"name\":\"Home\",\"item\":\"https:\\\/\\\/fundaciomallorcaturisme.net\\\/en\\\/\"},{\"@type\":\"ListItem\",\"position\":2,\"name\":\"Plan\",\"item\":\"https:\\\/\\\/fundaciomallorcaturisme.net\\\/en\\\/plan\\\/\"},{\"@type\":\"ListItem\",\"position\":3,\"name\":\"How to get there\"}]},{\"@type\":\"WebSite\",\"@id\":\"https:\\\/\\\/fundaciomallorcaturisme.net\\\/en\\\/#website\",\"url\":\"https:\\\/\\\/fundaciomallorcaturisme.net\\\/en\\\/\",\"name\":\"Consell de Mallorca\",\"description\":\"\",\"publisher\":{\"@id\":\"https:\\\/\\\/fundaciomallorcaturisme.net\\\/en\\\/#organization\"},\"alternateName\":\"Mallorca Turisme\",\"potentialAction\":[{\"@type\":\"SearchAction\",\"target\":{\"@type\":\"EntryPoint\",\"urlTemplate\":\"https:\\\/\\\/fundaciomallorcaturisme.net\\\/en\\\/?s={search_term_string}\"},\"query-input\":{\"@type\":\"PropertyValueSpecification\",\"valueRequired\":true,\"valueName\":\"search_term_string\"}}],\"inLanguage\":\"en-US\"},{\"@type\":\"Organization\",\"@id\":\"https:\\\/\\\/fundaciomallorcaturisme.net\\\/en\\\/#organization\",\"name\":\"Consell de Mallorca\",\"alternateName\":\"Mallorca Turisme\",\"url\":\"https:\\\/\\\/fundaciomallorcaturisme.net\\\/en\\\/\",\"logo\":{\"@type\":\"ImageObject\",\"inLanguage\":\"en-US\",\"@id\":\"https:\\\/\\\/fundaciomallorcaturisme.net\\\/en\\\/#\\\/schema\\\/logo\\\/image\\\/\",\"url\":\"http:\\\/\\\/fundaciomallorcaturisme.net\\\/wp-content\\\/uploads\\\/2026\\\/03\\\/logo.webp\",\"contentUrl\":\"http:\\\/\\\/fundaciomallorcaturisme.net\\\/wp-content\\\/uploads\\\/2026\\\/03\\\/logo.webp\",\"width\":696,\"height\":570,\"caption\":\"Consell de Mallorca\"},\"image\":{\"@id\":\"https:\\\/\\\/fundaciomallorcaturisme.net\\\/en\\\/#\\\/schema\\\/logo\\\/image\\\/\"},\"sameAs\":[\"https:\\\/\\\/www.facebook.com\\\/ConselldeMca\\\/\",\"https:\\\/\\\/x.com\\\/ConselldeMca\",\"https:\\\/\\\/www.instagram.com\\\/conselldemca\\\/\",\"https:\\\/\\\/www.youtube.com\\\/user\\\/conselldemallorca\"]}]}<\/script>\n<!-- \/ Yoast SEO plugin. -->","yoast_head_json":{"title":"How to get there - Consell de Mallorca","robots":{"index":"index","follow":"follow","max-snippet":"max-snippet:-1","max-image-preview":"max-image-preview:large","max-video-preview":"max-video-preview:-1"},"canonical":"https:\/\/fundaciomallorcaturisme.net\/en\/plan\/how-to-get-there\/","og_locale":"en_US","og_type":"article","og_title":"How to get there - Consell de Mallorca","og_url":"https:\/\/fundaciomallorcaturisme.net\/en\/plan\/how-to-get-there\/","og_site_name":"Consell de Mallorca","article_publisher":"https:\/\/www.facebook.com\/ConselldeMca\/","article_modified_time":"2026-03-18T23:05:42+00:00","og_image":[{"width":1346,"height":1094,"url":"https:\/\/fundaciomallorcaturisme.net\/wp-content\/uploads\/2026\/02\/planificax2.jpg","type":"image\/jpeg"}],"twitter_card":"summary_large_image","twitter_site":"@ConselldeMca","schema":{"@context":"https:\/\/schema.org","@graph":[{"@type":"WebPage","@id":"https:\/\/fundaciomallorcaturisme.net\/en\/plan\/how-to-get-there\/","url":"https:\/\/fundaciomallorcaturisme.net\/en\/plan\/how-to-get-there\/","name":"How to get there - Consell de Mallorca","isPartOf":{"@id":"https:\/\/fundaciomallorcaturisme.net\/en\/#website"},"datePublished":"2026-02-26T08:07:12+00:00","dateModified":"2026-03-18T23:05:42+00:00","breadcrumb":{"@id":"https:\/\/fundaciomallorcaturisme.net\/en\/plan\/how-to-get-there\/#breadcrumb"},"inLanguage":"en-US","potentialAction":[{"@type":"ReadAction","target":["https:\/\/fundaciomallorcaturisme.net\/en\/plan\/how-to-get-there\/"]}]},{"@type":"BreadcrumbList","@id":"https:\/\/fundaciomallorcaturisme.net\/en\/plan\/how-to-get-there\/#breadcrumb","itemListElement":[{"@type":"ListItem","position":1,"name":"Home","item":"https:\/\/fundaciomallorcaturisme.net\/en\/"},{"@type":"ListItem","position":2,"name":"Plan","item":"https:\/\/fundaciomallorcaturisme.net\/en\/plan\/"},{"@type":"ListItem","position":3,"name":"How to get there"}]},{"@type":"WebSite","@id":"https:\/\/fundaciomallorcaturisme.net\/en\/#website","url":"https:\/\/fundaciomallorcaturisme.net\/en\/","name":"Consell de Mallorca","description":"","publisher":{"@id":"https:\/\/fundaciomallorcaturisme.net\/en\/#organization"},"alternateName":"Mallorca Turisme","potentialAction":[{"@type":"SearchAction","target":{"@type":"EntryPoint","urlTemplate":"https:\/\/fundaciomallorcaturisme.net\/en\/?s={search_term_string}"},"query-input":{"@type":"PropertyValueSpecification","valueRequired":true,"valueName":"search_term_string"}}],"inLanguage":"en-US"},{"@type":"Organization","@id":"https:\/\/fundaciomallorcaturisme.net\/en\/#organization","name":"Consell de Mallorca","alternateName":"Mallorca Turisme","url":"https:\/\/fundaciomallorcaturisme.net\/en\/","logo":{"@type":"ImageObject","inLanguage":"en-US","@id":"https:\/\/fundaciomallorcaturisme.net\/en\/#\/schema\/logo\/image\/","url":"http:\/\/fundaciomallorcaturisme.net\/wp-content\/uploads\/2026\/03\/logo.webp","contentUrl":"http:\/\/fundaciomallorcaturisme.net\/wp-content\/uploads\/2026\/03\/logo.webp","width":696,"height":570,"caption":"Consell de Mallorca"},"image":{"@id":"https:\/\/fundaciomallorcaturisme.net\/en\/#\/schema\/logo\/image\/"},"sameAs":["https:\/\/www.facebook.com\/ConselldeMca\/","https:\/\/x.com\/ConselldeMca","https:\/\/www.instagram.com\/conselldemca\/","https:\/\/www.youtube.com\/user\/conselldemallorca"]}]}},"_links":{"self":[{"href":"https:\/\/fundaciomallorcaturisme.net\/en\/wp-json\/wp\/v2\/pages\/3234","targetHints":{"allow":["GET"]}}],"collection":[{"href":"https:\/\/fundaciomallorcaturisme.net\/en\/wp-json\/wp\/v2\/pages"}],"about":[{"href":"https:\/\/fundaciomallorcaturisme.net\/en\/wp-json\/wp\/v2\/types\/page"}],"author":[{"embeddable":true,"href":"https:\/\/fundaciomallorcaturisme.net\/en\/wp-json\/wp\/v2\/users\/1"}],"replies":[{"embeddable":true,"href":"https:\/\/fundaciomallorcaturisme.net\/en\/wp-json\/wp\/v2\/comments?post=3234"}],"version-history":[{"count":1,"href":"https:\/\/fundaciomallorcaturisme.net\/en\/wp-json\/wp\/v2\/pages\/3234\/revisions"}],"predecessor-version":[{"id":4232,"href":"https:\/\/fundaciomallorcaturisme.net\/en\/wp-json\/wp\/v2\/pages\/3234\/revisions\/4232"}],"up":[{"embeddable":true,"href":"https:\/\/fundaciomallorcaturisme.net\/en\/wp-json\/wp\/v2\/pages\/2163"}],"wp:attachment":[{"href":"https:\/\/fundaciomallorcaturisme.net\/en\/wp-json\/wp\/v2\/media?parent=3234"}],"curies":[{"name":"wp","href":"https:\/\/api.w.org\/{rel}","templated":true}]}}

Located in the heart of the Balearic archipelago, Mallorca is the largest of the islands and enjoys a strategic location in the western Mediterranean. Thanks to its excellent infrastructure, the island is now one of the best-connected destinations in Europe, providing easy access by both air and sea throughout the year.
<h2>By Air: Palma International Airport (PMI)</h2>
Flying is the fastest and most convenient way to land on the island. Palma de Mallorca Airport (Son Sant Joan) offers exceptional connectivity with major Spanish cities and large European capitals, many of which are less than a 3-hour flight away.

<a href="http://fundaciomallorcaturisme.net/en/plan/how-to-get-there/by-plane/">Find out more</a>
<h2>By Sea: Ports, Ferries and Cruises</h2>
<h3>Ferry Connections</h3>
The ports of Palma and Alcúdia maintain regular lines with Barcelona, Valencia, Dénia, Menorca and Ibiza. Furthermore, during the high season, there is a direct ferry connection linking the port of Alcúdia with Toulon (France).

<a href="http://fundaciomallorcaturisme.net/en/plan/how-to-get-there/by-ferry/">Find out more</a>
<h3>Cruise Ports of Call</h3>
Thanks to its heritage and leisure offerings, Mallorca is one of the favourite ports of call for cruises travelling across the Mediterranean. The modernity of our maritime stations ensures a smooth and comfortable welcome for thousands of cruise passengers every year.

<a href="http://fundaciomallorcaturisme.net/en/plan/how-to-get-there/by-cruise/">Find out more</a>
<h3>Private Boats and Marinas</h3>
If you decide to sail to us on your own boat, Mallorca offers more than forty ports and marinas at your disposal. We are the ideal place to moor, with high-quality services all along our coastline.

<a href="http://fundaciomallorcaturisme.net/en/plan/how-to-get-there/by-boat/">Find out more</a>
<blockquote>Once on the island, remember to check our Transport section to learn about the best options for getting around efficiently and sustainably.</blockquote>
<h2>Keep exploring Mallorca</h2>
