{"id":3224,"date":"2026-02-26T09:07:12","date_gmt":"2026-02-26T08:07:12","guid":{"rendered":"http:\/\/fundaciomallorcaturisme.net\/what-to-do\/art-and-culture\/festivals-and-traditions\/"},"modified":"2026-03-18T22:03:57","modified_gmt":"2026-03-18T21:03:57","slug":"festivals-and-traditions","status":"publish","type":"page","link":"https:\/\/fundaciomallorcaturisme.net\/en\/what-to-do\/art-and-culture\/festivals-and-traditions\/","title":{"rendered":"Festivals and traditions"},"content":{"rendered":"","protected":false},"excerpt":{"rendered":"","protected":false},"author":1,"featured_media":0,"parent":2193,"menu_order":0,"comment_status":"open","ping_status":"open","template":"page-templates\/contenido_flexible.php","meta":{"_acf_changed":false,"footnotes":""},"class_list":["post-3224","page","type-page","status-publish","hentry"],"acf":{"contenido_flexible":[{"acf_fc_layout":"cabecera","titulo":"<h1>Festivals and Traditions of Mallorca: The Heartbeat of an Island<\/h1>","titulo_grande":false,"subtitulo":"","texto":"","enlace":"","flecha_abajo":false,"tiene_video":false,"video":"","imagenx1":"","imagenx2":"","logos":""},{"acf_fc_layout":"texto_simple","pretitulo":"","titulo":"","texto":"To experience Mallorca is to immerse yourself in its calendar of traditions. Our island celebrates its identity through centuries-old rituals, music, dances, and a gastronomy deeply rooted in the land. From the fires of Sant Antoni to the solemnity of Easter, we invite you to share our roots in every celebration of our 'Ca Nostra'.\r\n\r\nThe year in Mallorca begins with the energy of Sant Antoni and its traditional demons, followed by the Sant Sebasti\u00e0 festivities in Palma. Spring arrives with the emotion of Easter (Semana Santa), where Palm Sunday and the procession of the 'Crist de la Sang' draw thousands of people in an atmosphere of great devotion.\r\n\r\nThroughout the year, landmarks such as the Day of the Balearic Islands, the historic battles of Es Fir\u00f3 in S\u00f3ller, or the soul-stirring Chant of the Sibyl \u2014a UNESCO Intangible Cultural Heritage of Humanity\u2014 demonstrate that our customs are a living legacy that we proudly share with those who visit us.\r\n<h2>Fire and Legend: The Soul of the Popular Festival<\/h2>\r\nWhen winter arrives, Mallorca lights up. The figure of the 'dimoni' (demon) is the absolute protagonist of milestones like Sant Antoni. The 'foguerons' (bonfires), 'gloses' (traditional verses), and ancestral dances around the flames create a magical atmosphere in villages across the island, keeping our culture's oldest rituals alive.\r\n<h2>Living History: Mock Battles of Moors and Christians<\/h2>\r\nFeel the thunder and passion of our historical re-enactments. Festivals such as Es Fir\u00f3 in S\u00f3ller or the battles of 'Rei en Jaume' and the 'Mare de D\u00e9u dels \u00c0ngels' in Pollen\u00e7a commemorate the defence of our coasts with a display of gunpowder, ships, and tradition that turns every mock battle into an unforgettable epic experience.\r\n<h2>Seasonal Flavours: Gastronomic Fairs and Fiestas<\/h2>\r\nEvery harvest has its own celebration. From the 'Festa des Vermar' dedicated to wine, to the 'Fira Dol\u00e7a' (Sweet Fair) in Esporles or the Melon Festival in Vilafranca. These fairs are the perfect opportunity to taste local 'kilometre-zero' produce, get a closer look at life in our municipalities, and enjoy Mallorcan hospitality.\r\n<h2>Keep exploring Mallorca<\/h2>","cta":"","2_columnas":false,"color_de_fondo":""}]},"yoast_head":"<!-- This site is optimized with the Yoast SEO plugin v27.7 - https:\/\/yoast.com\/product\/yoast-seo-wordpress\/ -->\n<title>Festivals and traditions - Consell de Mallorca<\/title>\n<meta name=\"robots\" content=\"index, follow, max-snippet:-1, max-image-preview:large, max-video-preview:-1\" \/>\n<link rel=\"canonical\" href=\"https:\/\/fundaciomallorcaturisme.net\/en\/what-to-do\/art-and-culture\/festivals-and-traditions\/\" \/>\n<meta property=\"og:locale\" content=\"en_US\" \/>\n<meta property=\"og:type\" content=\"article\" \/>\n<meta property=\"og:title\" content=\"Festivals and traditions - Consell de Mallorca\" \/>\n<meta property=\"og:url\" content=\"https:\/\/fundaciomallorcaturisme.net\/en\/what-to-do\/art-and-culture\/festivals-and-traditions\/\" \/>\n<meta property=\"og:site_name\" content=\"Consell de Mallorca\" \/>\n<meta property=\"article:publisher\" content=\"https:\/\/www.facebook.com\/ConselldeMca\/\" \/>\n<meta property=\"article:modified_time\" content=\"2026-03-18T21:03:57+00:00\" \/>\n<meta property=\"og:image\" content=\"https:\/\/fundaciomallorcaturisme.net\/wp-content\/uploads\/2026\/02\/planificax2.jpg\" \/>\n\t<meta property=\"og:image:width\" content=\"1346\" \/>\n\t<meta property=\"og:image:height\" content=\"1094\" \/>\n\t<meta property=\"og:image:type\" content=\"image\/jpeg\" \/>\n<meta name=\"twitter:card\" content=\"summary_large_image\" \/>\n<meta name=\"twitter:site\" content=\"@ConselldeMca\" \/>\n<script type=\"application\/ld+json\" class=\"yoast-schema-graph\">{\"@context\":\"https:\\\/\\\/schema.org\",\"@graph\":[{\"@type\":\"WebPage\",\"@id\":\"https:\\\/\\\/fundaciomallorcaturisme.net\\\/en\\\/what-to-do\\\/art-and-culture\\\/festivals-and-traditions\\\/\",\"url\":\"https:\\\/\\\/fundaciomallorcaturisme.net\\\/en\\\/what-to-do\\\/art-and-culture\\\/festivals-and-traditions\\\/\",\"name\":\"Festivals and traditions - Consell de Mallorca\",\"isPartOf\":{\"@id\":\"https:\\\/\\\/fundaciomallorcaturisme.net\\\/en\\\/#website\"},\"datePublished\":\"2026-02-26T08:07:12+00:00\",\"dateModified\":\"2026-03-18T21:03:57+00:00\",\"breadcrumb\":{\"@id\":\"https:\\\/\\\/fundaciomallorcaturisme.net\\\/en\\\/what-to-do\\\/art-and-culture\\\/festivals-and-traditions\\\/#breadcrumb\"},\"inLanguage\":\"en-US\",\"potentialAction\":[{\"@type\":\"ReadAction\",\"target\":[\"https:\\\/\\\/fundaciomallorcaturisme.net\\\/en\\\/what-to-do\\\/art-and-culture\\\/festivals-and-traditions\\\/\"]}]},{\"@type\":\"BreadcrumbList\",\"@id\":\"https:\\\/\\\/fundaciomallorcaturisme.net\\\/en\\\/what-to-do\\\/art-and-culture\\\/festivals-and-traditions\\\/#breadcrumb\",\"itemListElement\":[{\"@type\":\"ListItem\",\"position\":1,\"name\":\"Home\",\"item\":\"https:\\\/\\\/fundaciomallorcaturisme.net\\\/en\\\/\"},{\"@type\":\"ListItem\",\"position\":2,\"name\":\"What to Do\",\"item\":\"https:\\\/\\\/fundaciomallorcaturisme.net\\\/en\\\/what-to-do\\\/\"},{\"@type\":\"ListItem\",\"position\":3,\"name\":\"Art and Culture\",\"item\":\"https:\\\/\\\/fundaciomallorcaturisme.net\\\/en\\\/what-to-do\\\/art-and-culture\\\/\"},{\"@type\":\"ListItem\",\"position\":4,\"name\":\"Festivals and traditions\"}]},{\"@type\":\"WebSite\",\"@id\":\"https:\\\/\\\/fundaciomallorcaturisme.net\\\/en\\\/#website\",\"url\":\"https:\\\/\\\/fundaciomallorcaturisme.net\\\/en\\\/\",\"name\":\"Consell de Mallorca\",\"description\":\"\",\"publisher\":{\"@id\":\"https:\\\/\\\/fundaciomallorcaturisme.net\\\/en\\\/#organization\"},\"alternateName\":\"Mallorca Turisme\",\"potentialAction\":[{\"@type\":\"SearchAction\",\"target\":{\"@type\":\"EntryPoint\",\"urlTemplate\":\"https:\\\/\\\/fundaciomallorcaturisme.net\\\/en\\\/?s={search_term_string}\"},\"query-input\":{\"@type\":\"PropertyValueSpecification\",\"valueRequired\":true,\"valueName\":\"search_term_string\"}}],\"inLanguage\":\"en-US\"},{\"@type\":\"Organization\",\"@id\":\"https:\\\/\\\/fundaciomallorcaturisme.net\\\/en\\\/#organization\",\"name\":\"Consell de Mallorca\",\"alternateName\":\"Mallorca Turisme\",\"url\":\"https:\\\/\\\/fundaciomallorcaturisme.net\\\/en\\\/\",\"logo\":{\"@type\":\"ImageObject\",\"inLanguage\":\"en-US\",\"@id\":\"https:\\\/\\\/fundaciomallorcaturisme.net\\\/en\\\/#\\\/schema\\\/logo\\\/image\\\/\",\"url\":\"http:\\\/\\\/fundaciomallorcaturisme.net\\\/wp-content\\\/uploads\\\/2026\\\/03\\\/logo.webp\",\"contentUrl\":\"http:\\\/\\\/fundaciomallorcaturisme.net\\\/wp-content\\\/uploads\\\/2026\\\/03\\\/logo.webp\",\"width\":696,\"height\":570,\"caption\":\"Consell de Mallorca\"},\"image\":{\"@id\":\"https:\\\/\\\/fundaciomallorcaturisme.net\\\/en\\\/#\\\/schema\\\/logo\\\/image\\\/\"},\"sameAs\":[\"https:\\\/\\\/www.facebook.com\\\/ConselldeMca\\\/\",\"https:\\\/\\\/x.com\\\/ConselldeMca\",\"https:\\\/\\\/www.instagram.com\\\/conselldemca\\\/\",\"https:\\\/\\\/www.youtube.com\\\/user\\\/conselldemallorca\"]}]}<\/script>\n<!-- \/ Yoast SEO plugin. -->","yoast_head_json":{"title":"Festivals and traditions - Consell de Mallorca","robots":{"index":"index","follow":"follow","max-snippet":"max-snippet:-1","max-image-preview":"max-image-preview:large","max-video-preview":"max-video-preview:-1"},"canonical":"https:\/\/fundaciomallorcaturisme.net\/en\/what-to-do\/art-and-culture\/festivals-and-traditions\/","og_locale":"en_US","og_type":"article","og_title":"Festivals and traditions - Consell de Mallorca","og_url":"https:\/\/fundaciomallorcaturisme.net\/en\/what-to-do\/art-and-culture\/festivals-and-traditions\/","og_site_name":"Consell de Mallorca","article_publisher":"https:\/\/www.facebook.com\/ConselldeMca\/","article_modified_time":"2026-03-18T21:03:57+00:00","og_image":[{"width":1346,"height":1094,"url":"https:\/\/fundaciomallorcaturisme.net\/wp-content\/uploads\/2026\/02\/planificax2.jpg","type":"image\/jpeg"}],"twitter_card":"summary_large_image","twitter_site":"@ConselldeMca","schema":{"@context":"https:\/\/schema.org","@graph":[{"@type":"WebPage","@id":"https:\/\/fundaciomallorcaturisme.net\/en\/what-to-do\/art-and-culture\/festivals-and-traditions\/","url":"https:\/\/fundaciomallorcaturisme.net\/en\/what-to-do\/art-and-culture\/festivals-and-traditions\/","name":"Festivals and traditions - Consell de Mallorca","isPartOf":{"@id":"https:\/\/fundaciomallorcaturisme.net\/en\/#website"},"datePublished":"2026-02-26T08:07:12+00:00","dateModified":"2026-03-18T21:03:57+00:00","breadcrumb":{"@id":"https:\/\/fundaciomallorcaturisme.net\/en\/what-to-do\/art-and-culture\/festivals-and-traditions\/#breadcrumb"},"inLanguage":"en-US","potentialAction":[{"@type":"ReadAction","target":["https:\/\/fundaciomallorcaturisme.net\/en\/what-to-do\/art-and-culture\/festivals-and-traditions\/"]}]},{"@type":"BreadcrumbList","@id":"https:\/\/fundaciomallorcaturisme.net\/en\/what-to-do\/art-and-culture\/festivals-and-traditions\/#breadcrumb","itemListElement":[{"@type":"ListItem","position":1,"name":"Home","item":"https:\/\/fundaciomallorcaturisme.net\/en\/"},{"@type":"ListItem","position":2,"name":"What to Do","item":"https:\/\/fundaciomallorcaturisme.net\/en\/what-to-do\/"},{"@type":"ListItem","position":3,"name":"Art and Culture","item":"https:\/\/fundaciomallorcaturisme.net\/en\/what-to-do\/art-and-culture\/"},{"@type":"ListItem","position":4,"name":"Festivals and traditions"}]},{"@type":"WebSite","@id":"https:\/\/fundaciomallorcaturisme.net\/en\/#website","url":"https:\/\/fundaciomallorcaturisme.net\/en\/","name":"Consell de Mallorca","description":"","publisher":{"@id":"https:\/\/fundaciomallorcaturisme.net\/en\/#organization"},"alternateName":"Mallorca Turisme","potentialAction":[{"@type":"SearchAction","target":{"@type":"EntryPoint","urlTemplate":"https:\/\/fundaciomallorcaturisme.net\/en\/?s={search_term_string}"},"query-input":{"@type":"PropertyValueSpecification","valueRequired":true,"valueName":"search_term_string"}}],"inLanguage":"en-US"},{"@type":"Organization","@id":"https:\/\/fundaciomallorcaturisme.net\/en\/#organization","name":"Consell de Mallorca","alternateName":"Mallorca Turisme","url":"https:\/\/fundaciomallorcaturisme.net\/en\/","logo":{"@type":"ImageObject","inLanguage":"en-US","@id":"https:\/\/fundaciomallorcaturisme.net\/en\/#\/schema\/logo\/image\/","url":"http:\/\/fundaciomallorcaturisme.net\/wp-content\/uploads\/2026\/03\/logo.webp","contentUrl":"http:\/\/fundaciomallorcaturisme.net\/wp-content\/uploads\/2026\/03\/logo.webp","width":696,"height":570,"caption":"Consell de Mallorca"},"image":{"@id":"https:\/\/fundaciomallorcaturisme.net\/en\/#\/schema\/logo\/image\/"},"sameAs":["https:\/\/www.facebook.com\/ConselldeMca\/","https:\/\/x.com\/ConselldeMca","https:\/\/www.instagram.com\/conselldemca\/","https:\/\/www.youtube.com\/user\/conselldemallorca"]}]}},"_links":{"self":[{"href":"https:\/\/fundaciomallorcaturisme.net\/en\/wp-json\/wp\/v2\/pages\/3224","targetHints":{"allow":["GET"]}}],"collection":[{"href":"https:\/\/fundaciomallorcaturisme.net\/en\/wp-json\/wp\/v2\/pages"}],"about":[{"href":"https:\/\/fundaciomallorcaturisme.net\/en\/wp-json\/wp\/v2\/types\/page"}],"author":[{"embeddable":true,"href":"https:\/\/fundaciomallorcaturisme.net\/en\/wp-json\/wp\/v2\/users\/1"}],"replies":[{"embeddable":true,"href":"https:\/\/fundaciomallorcaturisme.net\/en\/wp-json\/wp\/v2\/comments?post=3224"}],"version-history":[{"count":1,"href":"https:\/\/fundaciomallorcaturisme.net\/en\/wp-json\/wp\/v2\/pages\/3224\/revisions"}],"predecessor-version":[{"id":4206,"href":"https:\/\/fundaciomallorcaturisme.net\/en\/wp-json\/wp\/v2\/pages\/3224\/revisions\/4206"}],"up":[{"embeddable":true,"href":"https:\/\/fundaciomallorcaturisme.net\/en\/wp-json\/wp\/v2\/pages\/2193"}],"wp:attachment":[{"href":"https:\/\/fundaciomallorcaturisme.net\/en\/wp-json\/wp\/v2\/media?parent=3224"}],"curies":[{"name":"wp","href":"https:\/\/api.w.org\/{rel}","templated":true}]}}

To experience Mallorca is to immerse yourself in its calendar of traditions. Our island celebrates its identity through centuries-old rituals, music, dances, and a gastronomy deeply rooted in the land. From the fires of Sant Antoni to the solemnity of Easter, we invite you to share our roots in every celebration of our 'Ca Nostra'.

The year in Mallorca begins with the energy of Sant Antoni and its traditional demons, followed by the Sant Sebastià festivities in Palma. Spring arrives with the emotion of Easter (Semana Santa), where Palm Sunday and the procession of the 'Crist de la Sang' draw thousands of people in an atmosphere of great devotion.

Throughout the year, landmarks such as the Day of the Balearic Islands, the historic battles of Es Firó in Sóller, or the soul-stirring Chant of the Sibyl —a UNESCO Intangible Cultural Heritage of Humanity— demonstrate that our customs are a living legacy that we proudly share with those who visit us.
<h2>Fire and Legend: The Soul of the Popular Festival</h2>
When winter arrives, Mallorca lights up. The figure of the 'dimoni' (demon) is the absolute protagonist of milestones like Sant Antoni. The 'foguerons' (bonfires), 'gloses' (traditional verses), and ancestral dances around the flames create a magical atmosphere in villages across the island, keeping our culture's oldest rituals alive.
<h2>Living History: Mock Battles of Moors and Christians</h2>
Feel the thunder and passion of our historical re-enactments. Festivals such as Es Firó in Sóller or the battles of 'Rei en Jaume' and the 'Mare de Déu dels Àngels' in Pollença commemorate the defence of our coasts with a display of gunpowder, ships, and tradition that turns every mock battle into an unforgettable epic experience.
<h2>Seasonal Flavours: Gastronomic Fairs and Fiestas</h2>
Every harvest has its own celebration. From the 'Festa des Vermar' dedicated to wine, to the 'Fira Dolça' (Sweet Fair) in Esporles or the Melon Festival in Vilafranca. These fairs are the perfect opportunity to taste local 'kilometre-zero' produce, get a closer look at life in our municipalities, and enjoy Mallorcan hospitality.
<h2>Keep exploring Mallorca</h2>
