{"id":3284,"date":"2026-02-26T09:07:18","date_gmt":"2026-02-26T08:07:18","guid":{"rendered":"http:\/\/fundaciomallorcaturisme.net\/plane\/anreise\/mit-dem-flugzeug\/"},"modified":"2026-03-20T09:06:14","modified_gmt":"2026-03-20T08:06:14","slug":"mit-dem-flugzeug","status":"publish","type":"page","link":"https:\/\/fundaciomallorcaturisme.net\/de\/plane\/anreise\/mit-dem-flugzeug\/","title":{"rendered":"Mit dem Flugzeug"},"content":{"rendered":"","protected":false},"excerpt":{"rendered":"","protected":false},"author":1,"featured_media":0,"parent":3265,"menu_order":0,"comment_status":"open","ping_status":"open","template":"page-templates\/contenido_flexible.php","meta":{"_acf_changed":false,"footnotes":""},"class_list":["post-3284","page","type-page","status-publish","hentry"],"acf":{"contenido_flexible":[{"acf_fc_layout":"cabecera","titulo":"<h1>Anreise nach Mallorca mit dem Flugzeug: Der internationale Flughafen Son Sant Joan (PMI)<\/h1>","titulo_grande":false,"subtitulo":"","texto":"","enlace":"","flecha_abajo":false,"tiene_video":false,"video":"","imagenx1":"","imagenx2":"","logos":""},{"acf_fc_layout":"texto_simple","pretitulo":"","titulo":"","texto":"Die bequemste und schnellste Art, die Insel zu erreichen, ist auf dem Luftweg. Der Flughafen Palma de Mallorca (PMI), auch bekannt als Son Sant Joan, ist der drittwichtigste Flughafen Spaniens und eines der wichtigsten Drehkreuze im Mittelmeerraum.\r\n\r\nEr ist das ganze Jahr \u00fcber in Betrieb und verbindet die Insel mit mehr als 70 Fluggesellschaften in weniger als 3 Stunden mit den wichtigsten europ\u00e4ischen Hauptst\u00e4dten. Madrid ist nur 1 Flugstunde entfernt, Barcelona knapp 30 Minuten.\r\n<h2>Terminal-Guide: Was finden Sie auf den einzelnen Etagen?<\/h2>\r\nDer Flughafen ist in einem einzigen Passagierterminal mit drei Ebenen strukturiert, das darauf ausgelegt ist, den Passagierfluss zu erleichtern:\r\n<h3>Ebene 0: Ankunft und Empfangsservice<\/h3>\r\nHier beginnt Ihr Erlebnis auf der Insel. Sie finden dort:\r\n\u2022 Mietwagenb\u00fcros (Rent-a-Car).\r\n\u2022 Das Fremdenverkehrsamt von Mallorca (Oficina de Informaci\u00f3n Tur\u00edstica).\r\n\u2022 Meeting Point und Fundb\u00fcro.\r\n<h3>Ebene 2: Check-in und Tax-Free<\/h3>\r\nBereich f\u00fcr den Check-in und die Gep\u00e4ckaufgabe. Au\u00dferdem befindet sich hier das B\u00fcro f\u00fcr die Mehrwertsteuererstattung (Tax-Free) f\u00fcr Personen mit Wohnsitz au\u00dferhalb der Europ\u00e4ischen Union.\r\n<h3>Ebene 4: Abflug und Einkaufsbereich<\/h3>\r\nEbene f\u00fcr den Zugang zu den Sicherheitskontrollen, dem Duty-Free-Bereich und dem Zugang zu allen Boarding-Gates.\r\n<h2>Parken und Zugang<\/h2>\r\nGegen\u00fcber dem Terminal befindet sich das allgemeine \u00fcberdachte Parkhaus, dessen vierte Ebene \u00fcber einen Innentunnel direkt mit dem Abflugbereich verbunden ist. F\u00fcr l\u00e4ngere Aufenthalte gibt es einen Langzeitparkplatz, der durch einen kostenlosen Shuttle-Bus verbunden ist (4 Minuten Fahrt).\r\n<h2>Transport: So kommen Sie vom Flughafen an Ihr Ziel<\/h2>\r\nDer Flughafen liegt nur 8 km vom Zentrum Palmas und nur wenige Minuten von Gebieten wie der Platja de Palma und s\u2019Arenal entfernt. Beim Verlassen des Ankunftsbereichs finden Sie:\r\n<ul>\r\n \t<li>Taxis: Offizieller Stand am Ausgang des Terminals.<\/li>\r\n \t<li>Stadtbusse (EMT): Linien A1 (Palma Zentrum) und A2 (Platja de Palma).<\/li>\r\n \t<li>\u00dcberlandbusse (Aerotib): Linien A11, A32, A42 und A51, die mit verschiedenen strategischen Punkten der Insel verbinden.<\/li>\r\n<\/ul>\r\n<h2>Barrierefreiheit: Personen mit eingeschr\u00e4nkter Mobilit\u00e4t (PRM)<\/h2>\r\nAls Teil unseres Engagements f\u00fcr barrierefreien Tourismus bietet der Flughafen sowohl beim Abflug als auch bei der Ankunft einen barrierefreien Assistenzdienst an.\r\n\r\nWichtig: Es wird empfohlen, diesen Service mindestens 48 Stunden im Voraus anzufordern, um die bestm\u00f6gliche Betreuung zu gew\u00e4hrleisten. Das allgemeine Parkhaus verf\u00fcgt auf allen Ebenen \u00fcber reservierte Stellpl\u00e4tze.\r\n\r\n<a href=\"https:\/\/www.aena.es\/es\/pasajeros\/pasajeros.html\" target=\"_blank\" rel=\"noopener\">PRM-Unterst\u00fctzung anfordern (AENA)<\/a>\r\n<h2>Erkunden Sie Mallorca weiter<\/h2>","cta":"","2_columnas":false,"color_de_fondo":""}]},"yoast_head":"<!-- This site is optimized with the Yoast SEO plugin v27.7 - https:\/\/yoast.com\/product\/yoast-seo-wordpress\/ -->\n<title>Mit dem Flugzeug - Consell de Mallorca<\/title>\n<meta name=\"robots\" content=\"index, follow, max-snippet:-1, max-image-preview:large, max-video-preview:-1\" \/>\n<link rel=\"canonical\" href=\"https:\/\/fundaciomallorcaturisme.net\/de\/plane\/anreise\/mit-dem-flugzeug\/\" \/>\n<meta property=\"og:locale\" content=\"de_DE\" \/>\n<meta property=\"og:type\" content=\"article\" \/>\n<meta property=\"og:title\" content=\"Mit dem Flugzeug - Consell de Mallorca\" \/>\n<meta property=\"og:url\" content=\"https:\/\/fundaciomallorcaturisme.net\/de\/plane\/anreise\/mit-dem-flugzeug\/\" \/>\n<meta property=\"og:site_name\" content=\"Consell de Mallorca\" \/>\n<meta property=\"article:publisher\" content=\"https:\/\/www.facebook.com\/ConselldeMca\/\" \/>\n<meta property=\"article:modified_time\" content=\"2026-03-20T08:06:14+00:00\" \/>\n<meta property=\"og:image\" content=\"https:\/\/fundaciomallorcaturisme.net\/wp-content\/uploads\/2026\/02\/planificax2.jpg\" \/>\n\t<meta property=\"og:image:width\" content=\"1346\" \/>\n\t<meta property=\"og:image:height\" content=\"1094\" \/>\n\t<meta property=\"og:image:type\" content=\"image\/jpeg\" \/>\n<meta name=\"twitter:card\" content=\"summary_large_image\" \/>\n<meta name=\"twitter:site\" content=\"@ConselldeMca\" \/>\n<script type=\"application\/ld+json\" class=\"yoast-schema-graph\">{\"@context\":\"https:\\\/\\\/schema.org\",\"@graph\":[{\"@type\":\"WebPage\",\"@id\":\"https:\\\/\\\/fundaciomallorcaturisme.net\\\/de\\\/plane\\\/anreise\\\/mit-dem-flugzeug\\\/\",\"url\":\"https:\\\/\\\/fundaciomallorcaturisme.net\\\/de\\\/plane\\\/anreise\\\/mit-dem-flugzeug\\\/\",\"name\":\"Mit dem Flugzeug - Consell de Mallorca\",\"isPartOf\":{\"@id\":\"https:\\\/\\\/fundaciomallorcaturisme.net\\\/de\\\/#website\"},\"datePublished\":\"2026-02-26T08:07:18+00:00\",\"dateModified\":\"2026-03-20T08:06:14+00:00\",\"breadcrumb\":{\"@id\":\"https:\\\/\\\/fundaciomallorcaturisme.net\\\/de\\\/plane\\\/anreise\\\/mit-dem-flugzeug\\\/#breadcrumb\"},\"inLanguage\":\"de\",\"potentialAction\":[{\"@type\":\"ReadAction\",\"target\":[\"https:\\\/\\\/fundaciomallorcaturisme.net\\\/de\\\/plane\\\/anreise\\\/mit-dem-flugzeug\\\/\"]}]},{\"@type\":\"BreadcrumbList\",\"@id\":\"https:\\\/\\\/fundaciomallorcaturisme.net\\\/de\\\/plane\\\/anreise\\\/mit-dem-flugzeug\\\/#breadcrumb\",\"itemListElement\":[{\"@type\":\"ListItem\",\"position\":1,\"name\":\"Startseite\",\"item\":\"https:\\\/\\\/fundaciomallorcaturisme.net\\\/de\\\/\"},{\"@type\":\"ListItem\",\"position\":2,\"name\":\"Plane\",\"item\":\"https:\\\/\\\/fundaciomallorcaturisme.net\\\/de\\\/plane\\\/\"},{\"@type\":\"ListItem\",\"position\":3,\"name\":\"Anreise\",\"item\":\"https:\\\/\\\/fundaciomallorcaturisme.net\\\/de\\\/plane\\\/anreise\\\/\"},{\"@type\":\"ListItem\",\"position\":4,\"name\":\"Mit dem Flugzeug\"}]},{\"@type\":\"WebSite\",\"@id\":\"https:\\\/\\\/fundaciomallorcaturisme.net\\\/de\\\/#website\",\"url\":\"https:\\\/\\\/fundaciomallorcaturisme.net\\\/de\\\/\",\"name\":\"Consell de Mallorca\",\"description\":\"\",\"publisher\":{\"@id\":\"https:\\\/\\\/fundaciomallorcaturisme.net\\\/de\\\/#organization\"},\"alternateName\":\"Mallorca Turisme\",\"potentialAction\":[{\"@type\":\"SearchAction\",\"target\":{\"@type\":\"EntryPoint\",\"urlTemplate\":\"https:\\\/\\\/fundaciomallorcaturisme.net\\\/de\\\/?s={search_term_string}\"},\"query-input\":{\"@type\":\"PropertyValueSpecification\",\"valueRequired\":true,\"valueName\":\"search_term_string\"}}],\"inLanguage\":\"de\"},{\"@type\":\"Organization\",\"@id\":\"https:\\\/\\\/fundaciomallorcaturisme.net\\\/de\\\/#organization\",\"name\":\"Consell de Mallorca\",\"alternateName\":\"Mallorca Turisme\",\"url\":\"https:\\\/\\\/fundaciomallorcaturisme.net\\\/de\\\/\",\"logo\":{\"@type\":\"ImageObject\",\"inLanguage\":\"de\",\"@id\":\"https:\\\/\\\/fundaciomallorcaturisme.net\\\/de\\\/#\\\/schema\\\/logo\\\/image\\\/\",\"url\":\"http:\\\/\\\/fundaciomallorcaturisme.net\\\/wp-content\\\/uploads\\\/2026\\\/03\\\/logo.webp\",\"contentUrl\":\"http:\\\/\\\/fundaciomallorcaturisme.net\\\/wp-content\\\/uploads\\\/2026\\\/03\\\/logo.webp\",\"width\":696,\"height\":570,\"caption\":\"Consell de Mallorca\"},\"image\":{\"@id\":\"https:\\\/\\\/fundaciomallorcaturisme.net\\\/de\\\/#\\\/schema\\\/logo\\\/image\\\/\"},\"sameAs\":[\"https:\\\/\\\/www.facebook.com\\\/ConselldeMca\\\/\",\"https:\\\/\\\/x.com\\\/ConselldeMca\",\"https:\\\/\\\/www.instagram.com\\\/conselldemca\\\/\",\"https:\\\/\\\/www.youtube.com\\\/user\\\/conselldemallorca\"]}]}<\/script>\n<!-- \/ Yoast SEO plugin. -->","yoast_head_json":{"title":"Mit dem Flugzeug - Consell de Mallorca","robots":{"index":"index","follow":"follow","max-snippet":"max-snippet:-1","max-image-preview":"max-image-preview:large","max-video-preview":"max-video-preview:-1"},"canonical":"https:\/\/fundaciomallorcaturisme.net\/de\/plane\/anreise\/mit-dem-flugzeug\/","og_locale":"de_DE","og_type":"article","og_title":"Mit dem Flugzeug - Consell de Mallorca","og_url":"https:\/\/fundaciomallorcaturisme.net\/de\/plane\/anreise\/mit-dem-flugzeug\/","og_site_name":"Consell de Mallorca","article_publisher":"https:\/\/www.facebook.com\/ConselldeMca\/","article_modified_time":"2026-03-20T08:06:14+00:00","og_image":[{"width":1346,"height":1094,"url":"https:\/\/fundaciomallorcaturisme.net\/wp-content\/uploads\/2026\/02\/planificax2.jpg","type":"image\/jpeg"}],"twitter_card":"summary_large_image","twitter_site":"@ConselldeMca","schema":{"@context":"https:\/\/schema.org","@graph":[{"@type":"WebPage","@id":"https:\/\/fundaciomallorcaturisme.net\/de\/plane\/anreise\/mit-dem-flugzeug\/","url":"https:\/\/fundaciomallorcaturisme.net\/de\/plane\/anreise\/mit-dem-flugzeug\/","name":"Mit dem Flugzeug - Consell de Mallorca","isPartOf":{"@id":"https:\/\/fundaciomallorcaturisme.net\/de\/#website"},"datePublished":"2026-02-26T08:07:18+00:00","dateModified":"2026-03-20T08:06:14+00:00","breadcrumb":{"@id":"https:\/\/fundaciomallorcaturisme.net\/de\/plane\/anreise\/mit-dem-flugzeug\/#breadcrumb"},"inLanguage":"de","potentialAction":[{"@type":"ReadAction","target":["https:\/\/fundaciomallorcaturisme.net\/de\/plane\/anreise\/mit-dem-flugzeug\/"]}]},{"@type":"BreadcrumbList","@id":"https:\/\/fundaciomallorcaturisme.net\/de\/plane\/anreise\/mit-dem-flugzeug\/#breadcrumb","itemListElement":[{"@type":"ListItem","position":1,"name":"Startseite","item":"https:\/\/fundaciomallorcaturisme.net\/de\/"},{"@type":"ListItem","position":2,"name":"Plane","item":"https:\/\/fundaciomallorcaturisme.net\/de\/plane\/"},{"@type":"ListItem","position":3,"name":"Anreise","item":"https:\/\/fundaciomallorcaturisme.net\/de\/plane\/anreise\/"},{"@type":"ListItem","position":4,"name":"Mit dem Flugzeug"}]},{"@type":"WebSite","@id":"https:\/\/fundaciomallorcaturisme.net\/de\/#website","url":"https:\/\/fundaciomallorcaturisme.net\/de\/","name":"Consell de Mallorca","description":"","publisher":{"@id":"https:\/\/fundaciomallorcaturisme.net\/de\/#organization"},"alternateName":"Mallorca Turisme","potentialAction":[{"@type":"SearchAction","target":{"@type":"EntryPoint","urlTemplate":"https:\/\/fundaciomallorcaturisme.net\/de\/?s={search_term_string}"},"query-input":{"@type":"PropertyValueSpecification","valueRequired":true,"valueName":"search_term_string"}}],"inLanguage":"de"},{"@type":"Organization","@id":"https:\/\/fundaciomallorcaturisme.net\/de\/#organization","name":"Consell de Mallorca","alternateName":"Mallorca Turisme","url":"https:\/\/fundaciomallorcaturisme.net\/de\/","logo":{"@type":"ImageObject","inLanguage":"de","@id":"https:\/\/fundaciomallorcaturisme.net\/de\/#\/schema\/logo\/image\/","url":"http:\/\/fundaciomallorcaturisme.net\/wp-content\/uploads\/2026\/03\/logo.webp","contentUrl":"http:\/\/fundaciomallorcaturisme.net\/wp-content\/uploads\/2026\/03\/logo.webp","width":696,"height":570,"caption":"Consell de Mallorca"},"image":{"@id":"https:\/\/fundaciomallorcaturisme.net\/de\/#\/schema\/logo\/image\/"},"sameAs":["https:\/\/www.facebook.com\/ConselldeMca\/","https:\/\/x.com\/ConselldeMca","https:\/\/www.instagram.com\/conselldemca\/","https:\/\/www.youtube.com\/user\/conselldemallorca"]}]}},"_links":{"self":[{"href":"https:\/\/fundaciomallorcaturisme.net\/de\/wp-json\/wp\/v2\/pages\/3284","targetHints":{"allow":["GET"]}}],"collection":[{"href":"https:\/\/fundaciomallorcaturisme.net\/de\/wp-json\/wp\/v2\/pages"}],"about":[{"href":"https:\/\/fundaciomallorcaturisme.net\/de\/wp-json\/wp\/v2\/types\/page"}],"author":[{"embeddable":true,"href":"https:\/\/fundaciomallorcaturisme.net\/de\/wp-json\/wp\/v2\/users\/1"}],"replies":[{"embeddable":true,"href":"https:\/\/fundaciomallorcaturisme.net\/de\/wp-json\/wp\/v2\/comments?post=3284"}],"version-history":[{"count":1,"href":"https:\/\/fundaciomallorcaturisme.net\/de\/wp-json\/wp\/v2\/pages\/3284\/revisions"}],"predecessor-version":[{"id":4428,"href":"https:\/\/fundaciomallorcaturisme.net\/de\/wp-json\/wp\/v2\/pages\/3284\/revisions\/4428"}],"up":[{"embeddable":true,"href":"https:\/\/fundaciomallorcaturisme.net\/de\/wp-json\/wp\/v2\/pages\/3265"}],"wp:attachment":[{"href":"https:\/\/fundaciomallorcaturisme.net\/de\/wp-json\/wp\/v2\/media?parent=3284"}],"curies":[{"name":"wp","href":"https:\/\/api.w.org\/{rel}","templated":true}]}}

Die bequemste und schnellste Art, die Insel zu erreichen, ist auf dem Luftweg. Der Flughafen Palma de Mallorca (PMI), auch bekannt als Son Sant Joan, ist der drittwichtigste Flughafen Spaniens und eines der wichtigsten Drehkreuze im Mittelmeerraum.

Er ist das ganze Jahr über in Betrieb und verbindet die Insel mit mehr als 70 Fluggesellschaften in weniger als 3 Stunden mit den wichtigsten europäischen Hauptstädten. Madrid ist nur 1 Flugstunde entfernt, Barcelona knapp 30 Minuten.
<h2>Terminal-Guide: Was finden Sie auf den einzelnen Etagen?</h2>
Der Flughafen ist in einem einzigen Passagierterminal mit drei Ebenen strukturiert, das darauf ausgelegt ist, den Passagierfluss zu erleichtern:
<h3>Ebene 0: Ankunft und Empfangsservice</h3>
Hier beginnt Ihr Erlebnis auf der Insel. Sie finden dort:
• Mietwagenbüros (Rent-a-Car).
• Das Fremdenverkehrsamt von Mallorca (Oficina de Información Turística).
• Meeting Point und Fundbüro.
<h3>Ebene 2: Check-in und Tax-Free</h3>
Bereich für den Check-in und die Gepäckaufgabe. Außerdem befindet sich hier das Büro für die Mehrwertsteuererstattung (Tax-Free) für Personen mit Wohnsitz außerhalb der Europäischen Union.
<h3>Ebene 4: Abflug und Einkaufsbereich</h3>
Ebene für den Zugang zu den Sicherheitskontrollen, dem Duty-Free-Bereich und dem Zugang zu allen Boarding-Gates.
<h2>Parken und Zugang</h2>
Gegenüber dem Terminal befindet sich das allgemeine überdachte Parkhaus, dessen vierte Ebene über einen Innentunnel direkt mit dem Abflugbereich verbunden ist. Für längere Aufenthalte gibt es einen Langzeitparkplatz, der durch einen kostenlosen Shuttle-Bus verbunden ist (4 Minuten Fahrt).
<h2>Transport: So kommen Sie vom Flughafen an Ihr Ziel</h2>
Der Flughafen liegt nur 8 km vom Zentrum Palmas und nur wenige Minuten von Gebieten wie der Platja de Palma und s’Arenal entfernt. Beim Verlassen des Ankunftsbereichs finden Sie:
<ul>
 	<li>Taxis: Offizieller Stand am Ausgang des Terminals.</li>
 	<li>Stadtbusse (EMT): Linien A1 (Palma Zentrum) und A2 (Platja de Palma).</li>
 	<li>Überlandbusse (Aerotib): Linien A11, A32, A42 und A51, die mit verschiedenen strategischen Punkten der Insel verbinden.</li>
</ul>
<h2>Barrierefreiheit: Personen mit eingeschränkter Mobilität (PRM)</h2>
Als Teil unseres Engagements für barrierefreien Tourismus bietet der Flughafen sowohl beim Abflug als auch bei der Ankunft einen barrierefreien Assistenzdienst an.

Wichtig: Es wird empfohlen, diesen Service mindestens 48 Stunden im Voraus anzufordern, um die bestmögliche Betreuung zu gewährleisten. Das allgemeine Parkhaus verfügt auf allen Ebenen über reservierte Stellplätze.

<a href="https://www.aena.es/es/pasajeros/pasajeros.html" target="_blank" rel="noopener">PRM-Unterstützung anfordern (AENA)</a>
<h2>Erkunden Sie Mallorca weiter</h2>
