{"id":3281,"date":"2026-02-26T09:07:18","date_gmt":"2026-02-26T08:07:18","guid":{"rendered":"http:\/\/fundaciomallorcaturisme.net\/plane\/anreise\/mit-dem-boot\/"},"modified":"2026-03-20T09:04:54","modified_gmt":"2026-03-20T08:04:54","slug":"mit-dem-boot","status":"publish","type":"page","link":"https:\/\/fundaciomallorcaturisme.net\/de\/plane\/anreise\/mit-dem-boot\/","title":{"rendered":"Mit dem Boot"},"content":{"rendered":"","protected":false},"excerpt":{"rendered":"","protected":false},"author":1,"featured_media":0,"parent":3265,"menu_order":0,"comment_status":"open","ping_status":"open","template":"page-templates\/contenido_flexible.php","meta":{"_acf_changed":false,"footnotes":""},"class_list":["post-3281","page","type-page","status-publish","hentry"],"acf":{"contenido_flexible":[{"acf_fc_layout":"cabecera","titulo":"<h1>Segeln auf Mallorca: Yachth\u00e4fen und Wassersportclubs<\/h1>","titulo_grande":false,"subtitulo":"","texto":"","enlace":"","flecha_abajo":false,"tiene_video":false,"video":"","imagenx1":"","imagenx2":"","logos":""},{"acf_fc_layout":"texto_simple","pretitulo":"","titulo":"","texto":"Mallorca ist ein Paradies f\u00fcr den Segelsport. Mit mehr als 40 Yachth\u00e4fen und Wassersportclubs, die \u00fcber die gesamte K\u00fcste verteilt sind, bietet die Insel eine erstklassige Infrastruktur, die Sicherheit, hochwertigen Service und eine privilegierte nat\u00fcrliche Umgebung vereint.\r\n<h2>Eine K\u00fcste voller Kontraste: Von Luxus bis Tradition<\/h2>\r\nUnsere K\u00fcste erm\u00f6glicht es, zwei einzigartige nautische Atmosph\u00e4ren zu genie\u00dfen, die auf die Bed\u00fcrfnisse jedes Seefahrers zugeschnitten sind:\r\n<h3>Exklusivit\u00e4t und internationaler Luxus<\/h3>\r\nH\u00e4fen wie Puerto Portals oder Port Adriano sind weltweite Referenzen. Diese Enklaven bieten nicht nur Liegepl\u00e4tze f\u00fcr imposante Yachten, sondern auch ein Shopping-Angebot mit internationalen Marken, Gourmet-Restaurants und ein lebhaftes Nachtleben.\r\n<h3>Emblematische H\u00e4fen und Fischereitradition<\/h3>\r\nWenn Sie die Essenz der Insel suchen, bewahren H\u00e4fen wie die von Andratx, Pollen\u00e7a, Alc\u00fadia, S\u00f3ller oder Cala Rajada den Charme der mallorquinischen Seefahrtstradition und bieten erstklassige Dienstleistungen in einer authentischen Umgebung.\r\n<h2>Sicherheit und Erleichterungen f\u00fcr die Inselumrundung<\/h2>\r\nDie strategische Verteilung der H\u00e4fen erm\u00f6glicht es, die Insel mit absoluter Seelenruhe zu umrunden. Der Seefahrer findet immer einen Hafen in kurzer Distanz, was Komfort und Sicherheit bei jedem Wetterumschwung garantiert.\r\n<ul>\r\n \t<li>Vollst\u00e4ndiger Service: Liegepl\u00e4tze, Kran, 24-Stunden-Bewachung, Hafenmeisterei und Kraftstoffversorgung.<\/li>\r\n \t<li>Zertifizierte Qualit\u00e4t: Viele unserer H\u00e4fen verf\u00fcgen \u00fcber die Auszeichnung \u201eBlaue Flagge\u201c, die Exzellenz f\u00fcr Wasserqualit\u00e4t und Dienstleistungen garantiert.<\/li>\r\n<\/ul>\r\nDie Zukunft unseres Wassersports liegt im Respekt vor der Umwelt. Die gro\u00dfe Mehrheit der Wassersportclubs auf Mallorca erf\u00fcllt strenge Umweltauflagen und setzt auf nachhaltige Entwicklung, um das Posidonia-Seegras und die Artenvielfalt unserer Gew\u00e4sser zu sch\u00fctzen.\r\n<h2>Palma: Nautisches Epizentrum des Mittelmeers<\/h2>\r\nDer Hafen von Palma ist ein Beispiel f\u00fcr die Harmonie zwischen Modernit\u00e4t und Tradition. Er ist Austragungsort einiger der prestigetr\u00e4chtigsten Regatten der Welt und Heimat des Real Club N\u00e1utico de Palma, der als bester Segelclub Spaniens ausgezeichnet wurde und regelm\u00e4\u00dfiger Treffpunkt der spanischen K\u00f6nigsfamilie ist.\r\n<h2>Erkunden Sie Mallorca weiter<\/h2>","cta":"","2_columnas":false,"color_de_fondo":""}]},"yoast_head":"<!-- This site is optimized with the Yoast SEO plugin v27.7 - https:\/\/yoast.com\/product\/yoast-seo-wordpress\/ -->\n<title>Mit dem Boot - Consell de Mallorca<\/title>\n<meta name=\"robots\" content=\"index, follow, max-snippet:-1, max-image-preview:large, max-video-preview:-1\" \/>\n<link rel=\"canonical\" href=\"https:\/\/fundaciomallorcaturisme.net\/de\/plane\/anreise\/mit-dem-boot\/\" \/>\n<meta property=\"og:locale\" content=\"de_DE\" \/>\n<meta property=\"og:type\" content=\"article\" \/>\n<meta property=\"og:title\" content=\"Mit dem Boot - Consell de Mallorca\" \/>\n<meta property=\"og:url\" content=\"https:\/\/fundaciomallorcaturisme.net\/de\/plane\/anreise\/mit-dem-boot\/\" \/>\n<meta property=\"og:site_name\" content=\"Consell de Mallorca\" \/>\n<meta property=\"article:publisher\" content=\"https:\/\/www.facebook.com\/ConselldeMca\/\" \/>\n<meta property=\"article:modified_time\" content=\"2026-03-20T08:04:54+00:00\" \/>\n<meta property=\"og:image\" content=\"https:\/\/fundaciomallorcaturisme.net\/wp-content\/uploads\/2026\/02\/planificax2.jpg\" \/>\n\t<meta property=\"og:image:width\" content=\"1346\" \/>\n\t<meta property=\"og:image:height\" content=\"1094\" \/>\n\t<meta property=\"og:image:type\" content=\"image\/jpeg\" \/>\n<meta name=\"twitter:card\" content=\"summary_large_image\" \/>\n<meta name=\"twitter:site\" content=\"@ConselldeMca\" \/>\n<script type=\"application\/ld+json\" class=\"yoast-schema-graph\">{\"@context\":\"https:\\\/\\\/schema.org\",\"@graph\":[{\"@type\":\"WebPage\",\"@id\":\"https:\\\/\\\/fundaciomallorcaturisme.net\\\/de\\\/plane\\\/anreise\\\/mit-dem-boot\\\/\",\"url\":\"https:\\\/\\\/fundaciomallorcaturisme.net\\\/de\\\/plane\\\/anreise\\\/mit-dem-boot\\\/\",\"name\":\"Mit dem Boot - Consell de Mallorca\",\"isPartOf\":{\"@id\":\"https:\\\/\\\/fundaciomallorcaturisme.net\\\/de\\\/#website\"},\"datePublished\":\"2026-02-26T08:07:18+00:00\",\"dateModified\":\"2026-03-20T08:04:54+00:00\",\"breadcrumb\":{\"@id\":\"https:\\\/\\\/fundaciomallorcaturisme.net\\\/de\\\/plane\\\/anreise\\\/mit-dem-boot\\\/#breadcrumb\"},\"inLanguage\":\"de\",\"potentialAction\":[{\"@type\":\"ReadAction\",\"target\":[\"https:\\\/\\\/fundaciomallorcaturisme.net\\\/de\\\/plane\\\/anreise\\\/mit-dem-boot\\\/\"]}]},{\"@type\":\"BreadcrumbList\",\"@id\":\"https:\\\/\\\/fundaciomallorcaturisme.net\\\/de\\\/plane\\\/anreise\\\/mit-dem-boot\\\/#breadcrumb\",\"itemListElement\":[{\"@type\":\"ListItem\",\"position\":1,\"name\":\"Startseite\",\"item\":\"https:\\\/\\\/fundaciomallorcaturisme.net\\\/de\\\/\"},{\"@type\":\"ListItem\",\"position\":2,\"name\":\"Plane\",\"item\":\"https:\\\/\\\/fundaciomallorcaturisme.net\\\/de\\\/plane\\\/\"},{\"@type\":\"ListItem\",\"position\":3,\"name\":\"Anreise\",\"item\":\"https:\\\/\\\/fundaciomallorcaturisme.net\\\/de\\\/plane\\\/anreise\\\/\"},{\"@type\":\"ListItem\",\"position\":4,\"name\":\"Mit dem Boot\"}]},{\"@type\":\"WebSite\",\"@id\":\"https:\\\/\\\/fundaciomallorcaturisme.net\\\/de\\\/#website\",\"url\":\"https:\\\/\\\/fundaciomallorcaturisme.net\\\/de\\\/\",\"name\":\"Consell de Mallorca\",\"description\":\"\",\"publisher\":{\"@id\":\"https:\\\/\\\/fundaciomallorcaturisme.net\\\/de\\\/#organization\"},\"alternateName\":\"Mallorca Turisme\",\"potentialAction\":[{\"@type\":\"SearchAction\",\"target\":{\"@type\":\"EntryPoint\",\"urlTemplate\":\"https:\\\/\\\/fundaciomallorcaturisme.net\\\/de\\\/?s={search_term_string}\"},\"query-input\":{\"@type\":\"PropertyValueSpecification\",\"valueRequired\":true,\"valueName\":\"search_term_string\"}}],\"inLanguage\":\"de\"},{\"@type\":\"Organization\",\"@id\":\"https:\\\/\\\/fundaciomallorcaturisme.net\\\/de\\\/#organization\",\"name\":\"Consell de Mallorca\",\"alternateName\":\"Mallorca Turisme\",\"url\":\"https:\\\/\\\/fundaciomallorcaturisme.net\\\/de\\\/\",\"logo\":{\"@type\":\"ImageObject\",\"inLanguage\":\"de\",\"@id\":\"https:\\\/\\\/fundaciomallorcaturisme.net\\\/de\\\/#\\\/schema\\\/logo\\\/image\\\/\",\"url\":\"http:\\\/\\\/fundaciomallorcaturisme.net\\\/wp-content\\\/uploads\\\/2026\\\/03\\\/logo.webp\",\"contentUrl\":\"http:\\\/\\\/fundaciomallorcaturisme.net\\\/wp-content\\\/uploads\\\/2026\\\/03\\\/logo.webp\",\"width\":696,\"height\":570,\"caption\":\"Consell de Mallorca\"},\"image\":{\"@id\":\"https:\\\/\\\/fundaciomallorcaturisme.net\\\/de\\\/#\\\/schema\\\/logo\\\/image\\\/\"},\"sameAs\":[\"https:\\\/\\\/www.facebook.com\\\/ConselldeMca\\\/\",\"https:\\\/\\\/x.com\\\/ConselldeMca\",\"https:\\\/\\\/www.instagram.com\\\/conselldemca\\\/\",\"https:\\\/\\\/www.youtube.com\\\/user\\\/conselldemallorca\"]}]}<\/script>\n<!-- \/ Yoast SEO plugin. -->","yoast_head_json":{"title":"Mit dem Boot - Consell de Mallorca","robots":{"index":"index","follow":"follow","max-snippet":"max-snippet:-1","max-image-preview":"max-image-preview:large","max-video-preview":"max-video-preview:-1"},"canonical":"https:\/\/fundaciomallorcaturisme.net\/de\/plane\/anreise\/mit-dem-boot\/","og_locale":"de_DE","og_type":"article","og_title":"Mit dem Boot - Consell de Mallorca","og_url":"https:\/\/fundaciomallorcaturisme.net\/de\/plane\/anreise\/mit-dem-boot\/","og_site_name":"Consell de Mallorca","article_publisher":"https:\/\/www.facebook.com\/ConselldeMca\/","article_modified_time":"2026-03-20T08:04:54+00:00","og_image":[{"width":1346,"height":1094,"url":"https:\/\/fundaciomallorcaturisme.net\/wp-content\/uploads\/2026\/02\/planificax2.jpg","type":"image\/jpeg"}],"twitter_card":"summary_large_image","twitter_site":"@ConselldeMca","schema":{"@context":"https:\/\/schema.org","@graph":[{"@type":"WebPage","@id":"https:\/\/fundaciomallorcaturisme.net\/de\/plane\/anreise\/mit-dem-boot\/","url":"https:\/\/fundaciomallorcaturisme.net\/de\/plane\/anreise\/mit-dem-boot\/","name":"Mit dem Boot - Consell de Mallorca","isPartOf":{"@id":"https:\/\/fundaciomallorcaturisme.net\/de\/#website"},"datePublished":"2026-02-26T08:07:18+00:00","dateModified":"2026-03-20T08:04:54+00:00","breadcrumb":{"@id":"https:\/\/fundaciomallorcaturisme.net\/de\/plane\/anreise\/mit-dem-boot\/#breadcrumb"},"inLanguage":"de","potentialAction":[{"@type":"ReadAction","target":["https:\/\/fundaciomallorcaturisme.net\/de\/plane\/anreise\/mit-dem-boot\/"]}]},{"@type":"BreadcrumbList","@id":"https:\/\/fundaciomallorcaturisme.net\/de\/plane\/anreise\/mit-dem-boot\/#breadcrumb","itemListElement":[{"@type":"ListItem","position":1,"name":"Startseite","item":"https:\/\/fundaciomallorcaturisme.net\/de\/"},{"@type":"ListItem","position":2,"name":"Plane","item":"https:\/\/fundaciomallorcaturisme.net\/de\/plane\/"},{"@type":"ListItem","position":3,"name":"Anreise","item":"https:\/\/fundaciomallorcaturisme.net\/de\/plane\/anreise\/"},{"@type":"ListItem","position":4,"name":"Mit dem Boot"}]},{"@type":"WebSite","@id":"https:\/\/fundaciomallorcaturisme.net\/de\/#website","url":"https:\/\/fundaciomallorcaturisme.net\/de\/","name":"Consell de Mallorca","description":"","publisher":{"@id":"https:\/\/fundaciomallorcaturisme.net\/de\/#organization"},"alternateName":"Mallorca Turisme","potentialAction":[{"@type":"SearchAction","target":{"@type":"EntryPoint","urlTemplate":"https:\/\/fundaciomallorcaturisme.net\/de\/?s={search_term_string}"},"query-input":{"@type":"PropertyValueSpecification","valueRequired":true,"valueName":"search_term_string"}}],"inLanguage":"de"},{"@type":"Organization","@id":"https:\/\/fundaciomallorcaturisme.net\/de\/#organization","name":"Consell de Mallorca","alternateName":"Mallorca Turisme","url":"https:\/\/fundaciomallorcaturisme.net\/de\/","logo":{"@type":"ImageObject","inLanguage":"de","@id":"https:\/\/fundaciomallorcaturisme.net\/de\/#\/schema\/logo\/image\/","url":"http:\/\/fundaciomallorcaturisme.net\/wp-content\/uploads\/2026\/03\/logo.webp","contentUrl":"http:\/\/fundaciomallorcaturisme.net\/wp-content\/uploads\/2026\/03\/logo.webp","width":696,"height":570,"caption":"Consell de Mallorca"},"image":{"@id":"https:\/\/fundaciomallorcaturisme.net\/de\/#\/schema\/logo\/image\/"},"sameAs":["https:\/\/www.facebook.com\/ConselldeMca\/","https:\/\/x.com\/ConselldeMca","https:\/\/www.instagram.com\/conselldemca\/","https:\/\/www.youtube.com\/user\/conselldemallorca"]}]}},"_links":{"self":[{"href":"https:\/\/fundaciomallorcaturisme.net\/de\/wp-json\/wp\/v2\/pages\/3281","targetHints":{"allow":["GET"]}}],"collection":[{"href":"https:\/\/fundaciomallorcaturisme.net\/de\/wp-json\/wp\/v2\/pages"}],"about":[{"href":"https:\/\/fundaciomallorcaturisme.net\/de\/wp-json\/wp\/v2\/types\/page"}],"author":[{"embeddable":true,"href":"https:\/\/fundaciomallorcaturisme.net\/de\/wp-json\/wp\/v2\/users\/1"}],"replies":[{"embeddable":true,"href":"https:\/\/fundaciomallorcaturisme.net\/de\/wp-json\/wp\/v2\/comments?post=3281"}],"version-history":[{"count":1,"href":"https:\/\/fundaciomallorcaturisme.net\/de\/wp-json\/wp\/v2\/pages\/3281\/revisions"}],"predecessor-version":[{"id":4426,"href":"https:\/\/fundaciomallorcaturisme.net\/de\/wp-json\/wp\/v2\/pages\/3281\/revisions\/4426"}],"up":[{"embeddable":true,"href":"https:\/\/fundaciomallorcaturisme.net\/de\/wp-json\/wp\/v2\/pages\/3265"}],"wp:attachment":[{"href":"https:\/\/fundaciomallorcaturisme.net\/de\/wp-json\/wp\/v2\/media?parent=3281"}],"curies":[{"name":"wp","href":"https:\/\/api.w.org\/{rel}","templated":true}]}}

<h1>Segeln auf Mallorca: Yachthäfen und Wassersportclubs</h1>

Mallorca ist ein Paradies für den Segelsport. Mit mehr als 40 Yachthäfen und Wassersportclubs, die über die gesamte Küste verteilt sind, bietet die Insel eine erstklassige Infrastruktur, die Sicherheit, hochwertigen Service und eine privilegierte natürliche Umgebung vereint.
<h2>Eine Küste voller Kontraste: Von Luxus bis Tradition</h2>
Unsere Küste ermöglicht es, zwei einzigartige nautische Atmosphären zu genießen, die auf die Bedürfnisse jedes Seefahrers zugeschnitten sind:
<h3>Exklusivität und internationaler Luxus</h3>
Häfen wie Puerto Portals oder Port Adriano sind weltweite Referenzen. Diese Enklaven bieten nicht nur Liegeplätze für imposante Yachten, sondern auch ein Shopping-Angebot mit internationalen Marken, Gourmet-Restaurants und ein lebhaftes Nachtleben.
<h3>Emblematische Häfen und Fischereitradition</h3>
Wenn Sie die Essenz der Insel suchen, bewahren Häfen wie die von Andratx, Pollença, Alcúdia, Sóller oder Cala Rajada den Charme der mallorquinischen Seefahrtstradition und bieten erstklassige Dienstleistungen in einer authentischen Umgebung.
<h2>Sicherheit und Erleichterungen für die Inselumrundung</h2>
Die strategische Verteilung der Häfen ermöglicht es, die Insel mit absoluter Seelenruhe zu umrunden. Der Seefahrer findet immer einen Hafen in kurzer Distanz, was Komfort und Sicherheit bei jedem Wetterumschwung garantiert.
<ul>
 	<li>Vollständiger Service: Liegeplätze, Kran, 24-Stunden-Bewachung, Hafenmeisterei und Kraftstoffversorgung.</li>
 	<li>Zertifizierte Qualität: Viele unserer Häfen verfügen über die Auszeichnung „Blaue Flagge“, die Exzellenz für Wasserqualität und Dienstleistungen garantiert.</li>
</ul>
Die Zukunft unseres Wassersports liegt im Respekt vor der Umwelt. Die große Mehrheit der Wassersportclubs auf Mallorca erfüllt strenge Umweltauflagen und setzt auf nachhaltige Entwicklung, um das Posidonia-Seegras und die Artenvielfalt unserer Gewässer zu schützen.
<h2>Palma: Nautisches Epizentrum des Mittelmeers</h2>
Der Hafen von Palma ist ein Beispiel für die Harmonie zwischen Modernität und Tradition. Er ist Austragungsort einiger der prestigeträchtigsten Regatten der Welt und Heimat des Real Club Náutico de Palma, der als bester Segelclub Spaniens ausgezeichnet wurde und regelmäßiger Treffpunkt der spanischen Königsfamilie ist.
<h2>Erkunden Sie Mallorca weiter</h2>
