{"id":3270,"date":"2026-02-26T09:07:12","date_gmt":"2026-02-26T08:07:12","guid":{"rendered":"http:\/\/fundaciomallorcaturisme.net\/was-man-unternehmen-kann\/routen\/"},"modified":"2026-03-19T17:01:38","modified_gmt":"2026-03-19T16:01:38","slug":"routen","status":"publish","type":"page","link":"https:\/\/fundaciomallorcaturisme.net\/de\/was-man-unternehmen-kann\/routen\/","title":{"rendered":"Routen"},"content":{"rendered":"","protected":false},"excerpt":{"rendered":"","protected":false},"author":1,"featured_media":0,"parent":2189,"menu_order":0,"comment_status":"open","ping_status":"open","template":"page-templates\/contenido_flexible.php","meta":{"_acf_changed":false,"footnotes":""},"class_list":["post-3270","page","type-page","status-publish","hentry"],"acf":{"contenido_flexible":[{"acf_fc_layout":"cabecera","titulo":"<h1>Routen auf Mallorca: Erkunden Sie die Insel in Ihrem eigenen Tempo<\/h1>","titulo_grande":false,"subtitulo":"","texto":"","enlace":"","flecha_abajo":false,"tiene_video":false,"video":"","imagenx1":"","imagenx2":"","logos":""},{"acf_fc_layout":"texto_simple","pretitulo":"","titulo":"","texto":"<h2>Wandern: Landschaften zwischen Meer und Bergen<\/h2>\r\nMallorca ist ein Paradies f\u00fcr Trekking-Liebhaber. Von K\u00fcstenwegen, die an unber\u00fchrten Buchten vorbeif\u00fchren, bis hin zu Routen durch das Herz der Berge \u2013 Wandern auf Mallorca ist die authentischste Art, sich mit unserer Natur zu verbinden.\r\n<h3>Das gro\u00dfe Wahrzeichen: Die Route der Trockensteinmauern GR 221<\/h3>\r\nWenn es eine Erfahrung gibt, die das Wandern auf der Insel definiert, dann ist es die Route der Trockensteinmauern GR 221. Dieser Fernwanderweg l\u00e4dt Sie ein, die Trockensteinlandschaften der Serra de Tramuntana zu entdecken, die heute als Weltkulturerbe der UNESCO in der Kategorie Kulturlandschaft anerkannt ist.\r\n\r\nAuf den verschiedenen Etappen k\u00f6nnen Sie:\r\n<ul>\r\n \t<li>Interessante historische \u00dcberreste besichtigen.<\/li>\r\n \t<li>Lokalen Mythen und Legenden begegnen.<\/li>\r\n \t<li>Die Traditionen, Architektur, Gastronomie und das Handwerk dieses privilegierten Ortes der Inselgeografie kennenlernen.<\/li>\r\n<\/ul>\r\n<a href=\"http:\/\/fundaciomallorcaturisme.net\/de\/was-man-unternehmen-kann\/sport\/wandern\/\">Mehr erfahren<\/a>\r\n<h2>Radtourismus: Europas bevorzugtes Reiseziel<\/h2>\r\nMallorca hat sich als europ\u00e4ische Hauptstadt des Radsports etabliert. Dank eines privilegierten Klimas das ganze Jahr \u00fcber und eines Netzes von Nebenstra\u00dfen in perfektem Zustand zieht der Radtourismus auf Mallorca sowohl Profis als auch Amateure an.\r\n\r\nVon perfekten Ebenen f\u00fcr eine entspannte Fahrt im Zentrum der Insel (Es Pla) bis hin zu legend\u00e4ren Gebirgsp\u00e4ssen in der Tramuntana finden Sie hier die perfekte Route f\u00fcr Ihre zwei R\u00e4der. Entdecken Sie, warum die besten Teams der Welt unsere Insel zum Trainieren w\u00e4hlen und wie auch Sie dieselbe Infrastruktur genie\u00dfen k\u00f6nnen.\r\n\r\n<a href=\"http:\/\/fundaciomallorcaturisme.net\/de\/was-man-unternehmen-kann\/sport\/fahrradtourismus\/\">Mehr erfahren<\/a>\r\n<h2>Kulturrouten: Eine Reise durch Geschichte und Erbe<\/h2>\r\nJenseits des Sports erkl\u00e4rt sich Mallorca durch sein Verm\u00e4chtnis. Unsere Kulturrouten sind f\u00fcr all jene konzipiert, die die Seele der Insel verstehen wollen.\r\n\r\nBeschr\u00e4nken Sie sich nicht darauf, die Landschaft nur zu sehen, sondern erleben Sie diese auf folgenden Wegen:\r\n<ul>\r\n \t<li>Routen durch charmante D\u00f6rfer: Eine Reise durch die traditionelle Architektur Mallorcas.<\/li>\r\n \t<li>Historische Rundwege: Vom mittelalterlichen Palma bis zu den alten M\u00fchlen im Landesinneren.<\/li>\r\n \t<li>Wege der Tradition und des Handwerks: Wo Sie die Arbeit unserer Handwerksmeister und die lokale Gastronomie aus n\u00e4chster N\u00e4he kennenlernen.<\/li>\r\n<\/ul>\r\n<a href=\"http:\/\/fundaciomallorcaturisme.net\/de\/was-man-unternehmen-kann\/kunst-und-kultur\/kulturrouten\/\">Mehr erfahren<\/a>\r\n<h2>Entdecken Sie Mallorca weiter<\/h2>","cta":"","2_columnas":false,"color_de_fondo":""}]},"yoast_head":"<!-- This site is optimized with the Yoast SEO plugin v27.7 - https:\/\/yoast.com\/product\/yoast-seo-wordpress\/ -->\n<title>Routen - Consell de Mallorca<\/title>\n<meta name=\"robots\" content=\"index, follow, max-snippet:-1, max-image-preview:large, max-video-preview:-1\" \/>\n<link rel=\"canonical\" href=\"https:\/\/fundaciomallorcaturisme.net\/de\/was-man-unternehmen-kann\/routen\/\" \/>\n<meta property=\"og:locale\" content=\"de_DE\" \/>\n<meta property=\"og:type\" content=\"article\" \/>\n<meta property=\"og:title\" content=\"Routen - Consell de Mallorca\" \/>\n<meta property=\"og:url\" content=\"https:\/\/fundaciomallorcaturisme.net\/de\/was-man-unternehmen-kann\/routen\/\" \/>\n<meta property=\"og:site_name\" content=\"Consell de Mallorca\" \/>\n<meta property=\"article:publisher\" content=\"https:\/\/www.facebook.com\/ConselldeMca\/\" \/>\n<meta property=\"article:modified_time\" content=\"2026-03-19T16:01:38+00:00\" \/>\n<meta property=\"og:image\" content=\"https:\/\/fundaciomallorcaturisme.net\/wp-content\/uploads\/2026\/02\/planificax2.jpg\" \/>\n\t<meta property=\"og:image:width\" content=\"1346\" \/>\n\t<meta property=\"og:image:height\" content=\"1094\" \/>\n\t<meta property=\"og:image:type\" content=\"image\/jpeg\" \/>\n<meta name=\"twitter:card\" content=\"summary_large_image\" \/>\n<meta name=\"twitter:site\" content=\"@ConselldeMca\" \/>\n<script type=\"application\/ld+json\" class=\"yoast-schema-graph\">{\"@context\":\"https:\\\/\\\/schema.org\",\"@graph\":[{\"@type\":\"WebPage\",\"@id\":\"https:\\\/\\\/fundaciomallorcaturisme.net\\\/de\\\/was-man-unternehmen-kann\\\/routen\\\/\",\"url\":\"https:\\\/\\\/fundaciomallorcaturisme.net\\\/de\\\/was-man-unternehmen-kann\\\/routen\\\/\",\"name\":\"Routen - Consell de Mallorca\",\"isPartOf\":{\"@id\":\"https:\\\/\\\/fundaciomallorcaturisme.net\\\/de\\\/#website\"},\"datePublished\":\"2026-02-26T08:07:12+00:00\",\"dateModified\":\"2026-03-19T16:01:38+00:00\",\"breadcrumb\":{\"@id\":\"https:\\\/\\\/fundaciomallorcaturisme.net\\\/de\\\/was-man-unternehmen-kann\\\/routen\\\/#breadcrumb\"},\"inLanguage\":\"de\",\"potentialAction\":[{\"@type\":\"ReadAction\",\"target\":[\"https:\\\/\\\/fundaciomallorcaturisme.net\\\/de\\\/was-man-unternehmen-kann\\\/routen\\\/\"]}]},{\"@type\":\"BreadcrumbList\",\"@id\":\"https:\\\/\\\/fundaciomallorcaturisme.net\\\/de\\\/was-man-unternehmen-kann\\\/routen\\\/#breadcrumb\",\"itemListElement\":[{\"@type\":\"ListItem\",\"position\":1,\"name\":\"Startseite\",\"item\":\"https:\\\/\\\/fundaciomallorcaturisme.net\\\/de\\\/\"},{\"@type\":\"ListItem\",\"position\":2,\"name\":\"Was Man Unternehmen Kann\",\"item\":\"https:\\\/\\\/fundaciomallorcaturisme.net\\\/de\\\/was-man-unternehmen-kann\\\/\"},{\"@type\":\"ListItem\",\"position\":3,\"name\":\"Routen\"}]},{\"@type\":\"WebSite\",\"@id\":\"https:\\\/\\\/fundaciomallorcaturisme.net\\\/de\\\/#website\",\"url\":\"https:\\\/\\\/fundaciomallorcaturisme.net\\\/de\\\/\",\"name\":\"Consell de Mallorca\",\"description\":\"\",\"publisher\":{\"@id\":\"https:\\\/\\\/fundaciomallorcaturisme.net\\\/de\\\/#organization\"},\"alternateName\":\"Mallorca Turisme\",\"potentialAction\":[{\"@type\":\"SearchAction\",\"target\":{\"@type\":\"EntryPoint\",\"urlTemplate\":\"https:\\\/\\\/fundaciomallorcaturisme.net\\\/de\\\/?s={search_term_string}\"},\"query-input\":{\"@type\":\"PropertyValueSpecification\",\"valueRequired\":true,\"valueName\":\"search_term_string\"}}],\"inLanguage\":\"de\"},{\"@type\":\"Organization\",\"@id\":\"https:\\\/\\\/fundaciomallorcaturisme.net\\\/de\\\/#organization\",\"name\":\"Consell de Mallorca\",\"alternateName\":\"Mallorca Turisme\",\"url\":\"https:\\\/\\\/fundaciomallorcaturisme.net\\\/de\\\/\",\"logo\":{\"@type\":\"ImageObject\",\"inLanguage\":\"de\",\"@id\":\"https:\\\/\\\/fundaciomallorcaturisme.net\\\/de\\\/#\\\/schema\\\/logo\\\/image\\\/\",\"url\":\"http:\\\/\\\/fundaciomallorcaturisme.net\\\/wp-content\\\/uploads\\\/2026\\\/03\\\/logo.webp\",\"contentUrl\":\"http:\\\/\\\/fundaciomallorcaturisme.net\\\/wp-content\\\/uploads\\\/2026\\\/03\\\/logo.webp\",\"width\":696,\"height\":570,\"caption\":\"Consell de Mallorca\"},\"image\":{\"@id\":\"https:\\\/\\\/fundaciomallorcaturisme.net\\\/de\\\/#\\\/schema\\\/logo\\\/image\\\/\"},\"sameAs\":[\"https:\\\/\\\/www.facebook.com\\\/ConselldeMca\\\/\",\"https:\\\/\\\/x.com\\\/ConselldeMca\",\"https:\\\/\\\/www.instagram.com\\\/conselldemca\\\/\",\"https:\\\/\\\/www.youtube.com\\\/user\\\/conselldemallorca\"]}]}<\/script>\n<!-- \/ Yoast SEO plugin. -->","yoast_head_json":{"title":"Routen - Consell de Mallorca","robots":{"index":"index","follow":"follow","max-snippet":"max-snippet:-1","max-image-preview":"max-image-preview:large","max-video-preview":"max-video-preview:-1"},"canonical":"https:\/\/fundaciomallorcaturisme.net\/de\/was-man-unternehmen-kann\/routen\/","og_locale":"de_DE","og_type":"article","og_title":"Routen - Consell de Mallorca","og_url":"https:\/\/fundaciomallorcaturisme.net\/de\/was-man-unternehmen-kann\/routen\/","og_site_name":"Consell de Mallorca","article_publisher":"https:\/\/www.facebook.com\/ConselldeMca\/","article_modified_time":"2026-03-19T16:01:38+00:00","og_image":[{"width":1346,"height":1094,"url":"https:\/\/fundaciomallorcaturisme.net\/wp-content\/uploads\/2026\/02\/planificax2.jpg","type":"image\/jpeg"}],"twitter_card":"summary_large_image","twitter_site":"@ConselldeMca","schema":{"@context":"https:\/\/schema.org","@graph":[{"@type":"WebPage","@id":"https:\/\/fundaciomallorcaturisme.net\/de\/was-man-unternehmen-kann\/routen\/","url":"https:\/\/fundaciomallorcaturisme.net\/de\/was-man-unternehmen-kann\/routen\/","name":"Routen - Consell de Mallorca","isPartOf":{"@id":"https:\/\/fundaciomallorcaturisme.net\/de\/#website"},"datePublished":"2026-02-26T08:07:12+00:00","dateModified":"2026-03-19T16:01:38+00:00","breadcrumb":{"@id":"https:\/\/fundaciomallorcaturisme.net\/de\/was-man-unternehmen-kann\/routen\/#breadcrumb"},"inLanguage":"de","potentialAction":[{"@type":"ReadAction","target":["https:\/\/fundaciomallorcaturisme.net\/de\/was-man-unternehmen-kann\/routen\/"]}]},{"@type":"BreadcrumbList","@id":"https:\/\/fundaciomallorcaturisme.net\/de\/was-man-unternehmen-kann\/routen\/#breadcrumb","itemListElement":[{"@type":"ListItem","position":1,"name":"Startseite","item":"https:\/\/fundaciomallorcaturisme.net\/de\/"},{"@type":"ListItem","position":2,"name":"Was Man Unternehmen Kann","item":"https:\/\/fundaciomallorcaturisme.net\/de\/was-man-unternehmen-kann\/"},{"@type":"ListItem","position":3,"name":"Routen"}]},{"@type":"WebSite","@id":"https:\/\/fundaciomallorcaturisme.net\/de\/#website","url":"https:\/\/fundaciomallorcaturisme.net\/de\/","name":"Consell de Mallorca","description":"","publisher":{"@id":"https:\/\/fundaciomallorcaturisme.net\/de\/#organization"},"alternateName":"Mallorca Turisme","potentialAction":[{"@type":"SearchAction","target":{"@type":"EntryPoint","urlTemplate":"https:\/\/fundaciomallorcaturisme.net\/de\/?s={search_term_string}"},"query-input":{"@type":"PropertyValueSpecification","valueRequired":true,"valueName":"search_term_string"}}],"inLanguage":"de"},{"@type":"Organization","@id":"https:\/\/fundaciomallorcaturisme.net\/de\/#organization","name":"Consell de Mallorca","alternateName":"Mallorca Turisme","url":"https:\/\/fundaciomallorcaturisme.net\/de\/","logo":{"@type":"ImageObject","inLanguage":"de","@id":"https:\/\/fundaciomallorcaturisme.net\/de\/#\/schema\/logo\/image\/","url":"http:\/\/fundaciomallorcaturisme.net\/wp-content\/uploads\/2026\/03\/logo.webp","contentUrl":"http:\/\/fundaciomallorcaturisme.net\/wp-content\/uploads\/2026\/03\/logo.webp","width":696,"height":570,"caption":"Consell de Mallorca"},"image":{"@id":"https:\/\/fundaciomallorcaturisme.net\/de\/#\/schema\/logo\/image\/"},"sameAs":["https:\/\/www.facebook.com\/ConselldeMca\/","https:\/\/x.com\/ConselldeMca","https:\/\/www.instagram.com\/conselldemca\/","https:\/\/www.youtube.com\/user\/conselldemallorca"]}]}},"_links":{"self":[{"href":"https:\/\/fundaciomallorcaturisme.net\/de\/wp-json\/wp\/v2\/pages\/3270","targetHints":{"allow":["GET"]}}],"collection":[{"href":"https:\/\/fundaciomallorcaturisme.net\/de\/wp-json\/wp\/v2\/pages"}],"about":[{"href":"https:\/\/fundaciomallorcaturisme.net\/de\/wp-json\/wp\/v2\/types\/page"}],"author":[{"embeddable":true,"href":"https:\/\/fundaciomallorcaturisme.net\/de\/wp-json\/wp\/v2\/users\/1"}],"replies":[{"embeddable":true,"href":"https:\/\/fundaciomallorcaturisme.net\/de\/wp-json\/wp\/v2\/comments?post=3270"}],"version-history":[{"count":2,"href":"https:\/\/fundaciomallorcaturisme.net\/de\/wp-json\/wp\/v2\/pages\/3270\/revisions"}],"predecessor-version":[{"id":4423,"href":"https:\/\/fundaciomallorcaturisme.net\/de\/wp-json\/wp\/v2\/pages\/3270\/revisions\/4423"}],"up":[{"embeddable":true,"href":"https:\/\/fundaciomallorcaturisme.net\/de\/wp-json\/wp\/v2\/pages\/2189"}],"wp:attachment":[{"href":"https:\/\/fundaciomallorcaturisme.net\/de\/wp-json\/wp\/v2\/media?parent=3270"}],"curies":[{"name":"wp","href":"https:\/\/api.w.org\/{rel}","templated":true}]}}

<h2>Wandern: Landschaften zwischen Meer und Bergen</h2>
Mallorca ist ein Paradies für Trekking-Liebhaber. Von Küstenwegen, die an unberührten Buchten vorbeiführen, bis hin zu Routen durch das Herz der Berge – Wandern auf Mallorca ist die authentischste Art, sich mit unserer Natur zu verbinden.
<h3>Das große Wahrzeichen: Die Route der Trockensteinmauern GR 221</h3>
Wenn es eine Erfahrung gibt, die das Wandern auf der Insel definiert, dann ist es die Route der Trockensteinmauern GR 221. Dieser Fernwanderweg lädt Sie ein, die Trockensteinlandschaften der Serra de Tramuntana zu entdecken, die heute als Weltkulturerbe der UNESCO in der Kategorie Kulturlandschaft anerkannt ist.

Auf den verschiedenen Etappen können Sie:
<ul>
 	<li>Interessante historische Überreste besichtigen.</li>
 	<li>Lokalen Mythen und Legenden begegnen.</li>
 	<li>Die Traditionen, Architektur, Gastronomie und das Handwerk dieses privilegierten Ortes der Inselgeografie kennenlernen.</li>
</ul>
<a href="http://fundaciomallorcaturisme.net/de/was-man-unternehmen-kann/sport/wandern/">Mehr erfahren</a>
<h2>Radtourismus: Europas bevorzugtes Reiseziel</h2>
Mallorca hat sich als europäische Hauptstadt des Radsports etabliert. Dank eines privilegierten Klimas das ganze Jahr über und eines Netzes von Nebenstraßen in perfektem Zustand zieht der Radtourismus auf Mallorca sowohl Profis als auch Amateure an.

Von perfekten Ebenen für eine entspannte Fahrt im Zentrum der Insel (Es Pla) bis hin zu legendären Gebirgspässen in der Tramuntana finden Sie hier die perfekte Route für Ihre zwei Räder. Entdecken Sie, warum die besten Teams der Welt unsere Insel zum Trainieren wählen und wie auch Sie dieselbe Infrastruktur genießen können.

<a href="http://fundaciomallorcaturisme.net/de/was-man-unternehmen-kann/sport/fahrradtourismus/">Mehr erfahren</a>
<h2>Kulturrouten: Eine Reise durch Geschichte und Erbe</h2>
Jenseits des Sports erklärt sich Mallorca durch sein Vermächtnis. Unsere Kulturrouten sind für all jene konzipiert, die die Seele der Insel verstehen wollen.

Beschränken Sie sich nicht darauf, die Landschaft nur zu sehen, sondern erleben Sie diese auf folgenden Wegen:
<ul>
 	<li>Routen durch charmante Dörfer: Eine Reise durch die traditionelle Architektur Mallorcas.</li>
 	<li>Historische Rundwege: Vom mittelalterlichen Palma bis zu den alten Mühlen im Landesinneren.</li>
 	<li>Wege der Tradition und des Handwerks: Wo Sie die Arbeit unserer Handwerksmeister und die lokale Gastronomie aus nächster Nähe kennenlernen.</li>
</ul>
<a href="http://fundaciomallorcaturisme.net/de/was-man-unternehmen-kann/kunst-und-kultur/kulturrouten/">Mehr erfahren</a>
<h2>Entdecken Sie Mallorca weiter</h2>
