{"id":3265,"date":"2026-02-26T09:07:12","date_gmt":"2026-02-26T08:07:12","guid":{"rendered":"http:\/\/fundaciomallorcaturisme.net\/plane\/anreise\/"},"modified":"2026-03-19T11:24:31","modified_gmt":"2026-03-19T10:24:31","slug":"anreise","status":"publish","type":"page","link":"https:\/\/fundaciomallorcaturisme.net\/de\/plane\/anreise\/","title":{"rendered":"Anreise"},"content":{"rendered":"","protected":false},"excerpt":{"rendered":"","protected":false},"author":1,"featured_media":0,"parent":2165,"menu_order":0,"comment_status":"open","ping_status":"open","template":"page-templates\/contenido_flexible.php","meta":{"_acf_changed":false,"footnotes":""},"class_list":["post-3265","page","type-page","status-publish","hentry"],"acf":{"contenido_flexible":[{"acf_fc_layout":"cabecera","titulo":"<h1>Anreise nach Mallorca: Ihr Tor zum Mittelmeer<\/h1>","titulo_grande":false,"subtitulo":"","texto":"","enlace":"","flecha_abajo":false,"tiene_video":false,"video":"","imagenx1":"","imagenx2":"","logos":""},{"acf_fc_layout":"texto_simple","pretitulo":"","titulo":"","texto":"Mallorca liegt im Herzen des balearischen Archipels und ist die gr\u00f6\u00dfte der Inseln mit einer strategischen Lage im westlichen Mittelmeer. Dank ihrer hervorragenden Infrastruktur ist die Insel heute eines der am besten angebundenen Reiseziele Europas und erm\u00f6glicht das ganze Jahr \u00fcber einen einfachen Zugang sowohl aus der Luft als auch \u00fcber das Meer.\r\n<h2>Anreise mit dem Flugzeug: Der internationale Flughafen Palma (PMI)<\/h2>\r\nDas Flugzeug ist der schnellste und bequemste Weg, um auf der Insel zu landen. Der Flughafen Palma de Mallorca (Son Sant Joan) bietet eine au\u00dfergew\u00f6hnliche Anbindung an die wichtigsten spanischen St\u00e4dte und die gro\u00dfen europ\u00e4ischen Metropolen, von denen viele weniger als 3 Flugstunden entfernt sind.\r\n\r\n<a href=\"http:\/\/fundaciomallorcaturisme.net\/de\/plane\/anreise\/mit-dem-flugzeug\/\">Mehr erfahren<\/a>\r\n<h2>Anreise \u00fcber das Meer: H\u00e4fen, F\u00e4hren und Kreuzfahrten<\/h2>\r\n<h3>F\u00e4hrverbindungen<\/h3>\r\nDie H\u00e4fen von Palma und Alc\u00fadia unterhalten regelm\u00e4\u00dfige Linienverbindungen mit Barcelona, Valencia, D\u00e9nia, Menorca und Ibiza. Dar\u00fcber hinaus gibt es w\u00e4hrend der Hochsaison eine direkte F\u00e4hrverbindung, die den Hafen von Alc\u00fadia mit Toulon (Frankreich) verbindet.\r\n\r\n<a href=\"http:\/\/fundaciomallorcaturisme.net\/de\/plane\/anreise\/mit-der-faehre\/\">Mehr erfahren<\/a>\r\n<h3>Anlaufhafen f\u00fcr Kreuzfahrten<\/h3>\r\nDank ihres kulturellen Erbes und ihres Freizeitangebots ist Mallorca einer der beliebtesten Anlaufh\u00e4fen f\u00fcr Kreuzfahrtschiffe im Mittelmeer. Die Modernit\u00e4t unserer Schifffahrtsstationen garantiert jedes Jahr einen reibungslosen und komfortablen Empfang f\u00fcr Tausende von Kreuzfahrtg\u00e4sten.\r\n\r\n<a href=\"http:\/\/fundaciomallorcaturisme.net\/de\/plane\/anreise\/mit-dem-kreuzfahrtschiff\/\">Mehr erfahren<\/a>\r\n<h3>Anreise mit dem eigenen Boot und Yachth\u00e4fen<\/h3>\r\nWenn Sie sich entscheiden, mit Ihrem eigenen Boot zu uns zu segeln, bietet Ihnen Mallorca mehr als vierzig H\u00e4fen und Yachtclubs. Wir sind der ideale Ort zum Anlegen, mit erstklassigem Service an unserer gesamten K\u00fcste.\r\n\r\n<a href=\"http:\/\/fundaciomallorcaturisme.net\/de\/plane\/anreise\/mit-dem-boot\/\">Mehr erfahren<\/a>\r\n<blockquote>Sobald Sie auf der Insel angekommen sind, schauen Sie in unsere Rubrik \u201eTransport\u201c, um die besten M\u00f6glichkeiten f\u00fcr eine effiziente und nachhaltige Fortbewegung kennenzulernen.<\/blockquote>\r\n<h2>Entdecken Sie Mallorca weiter<\/h2>","cta":"","2_columnas":false,"color_de_fondo":""}]},"yoast_head":"<!-- This site is optimized with the Yoast SEO plugin v27.7 - https:\/\/yoast.com\/product\/yoast-seo-wordpress\/ -->\n<title>Anreise - Consell de Mallorca<\/title>\n<meta name=\"robots\" content=\"index, follow, max-snippet:-1, max-image-preview:large, max-video-preview:-1\" \/>\n<link rel=\"canonical\" href=\"https:\/\/fundaciomallorcaturisme.net\/de\/plane\/anreise\/\" \/>\n<meta property=\"og:locale\" content=\"de_DE\" \/>\n<meta property=\"og:type\" content=\"article\" \/>\n<meta property=\"og:title\" content=\"Anreise - Consell de Mallorca\" \/>\n<meta property=\"og:url\" content=\"https:\/\/fundaciomallorcaturisme.net\/de\/plane\/anreise\/\" \/>\n<meta property=\"og:site_name\" content=\"Consell de Mallorca\" \/>\n<meta property=\"article:publisher\" content=\"https:\/\/www.facebook.com\/ConselldeMca\/\" \/>\n<meta property=\"article:modified_time\" content=\"2026-03-19T10:24:31+00:00\" \/>\n<meta property=\"og:image\" content=\"https:\/\/fundaciomallorcaturisme.net\/wp-content\/uploads\/2026\/02\/planificax2.jpg\" \/>\n\t<meta property=\"og:image:width\" content=\"1346\" \/>\n\t<meta property=\"og:image:height\" content=\"1094\" \/>\n\t<meta property=\"og:image:type\" content=\"image\/jpeg\" \/>\n<meta name=\"twitter:card\" content=\"summary_large_image\" \/>\n<meta name=\"twitter:site\" content=\"@ConselldeMca\" \/>\n<script type=\"application\/ld+json\" class=\"yoast-schema-graph\">{\"@context\":\"https:\\\/\\\/schema.org\",\"@graph\":[{\"@type\":\"WebPage\",\"@id\":\"https:\\\/\\\/fundaciomallorcaturisme.net\\\/de\\\/plane\\\/anreise\\\/\",\"url\":\"https:\\\/\\\/fundaciomallorcaturisme.net\\\/de\\\/plane\\\/anreise\\\/\",\"name\":\"Anreise - Consell de Mallorca\",\"isPartOf\":{\"@id\":\"https:\\\/\\\/fundaciomallorcaturisme.net\\\/de\\\/#website\"},\"datePublished\":\"2026-02-26T08:07:12+00:00\",\"dateModified\":\"2026-03-19T10:24:31+00:00\",\"breadcrumb\":{\"@id\":\"https:\\\/\\\/fundaciomallorcaturisme.net\\\/de\\\/plane\\\/anreise\\\/#breadcrumb\"},\"inLanguage\":\"de\",\"potentialAction\":[{\"@type\":\"ReadAction\",\"target\":[\"https:\\\/\\\/fundaciomallorcaturisme.net\\\/de\\\/plane\\\/anreise\\\/\"]}]},{\"@type\":\"BreadcrumbList\",\"@id\":\"https:\\\/\\\/fundaciomallorcaturisme.net\\\/de\\\/plane\\\/anreise\\\/#breadcrumb\",\"itemListElement\":[{\"@type\":\"ListItem\",\"position\":1,\"name\":\"Startseite\",\"item\":\"https:\\\/\\\/fundaciomallorcaturisme.net\\\/de\\\/\"},{\"@type\":\"ListItem\",\"position\":2,\"name\":\"Plane\",\"item\":\"https:\\\/\\\/fundaciomallorcaturisme.net\\\/de\\\/plane\\\/\"},{\"@type\":\"ListItem\",\"position\":3,\"name\":\"Anreise\"}]},{\"@type\":\"WebSite\",\"@id\":\"https:\\\/\\\/fundaciomallorcaturisme.net\\\/de\\\/#website\",\"url\":\"https:\\\/\\\/fundaciomallorcaturisme.net\\\/de\\\/\",\"name\":\"Consell de Mallorca\",\"description\":\"\",\"publisher\":{\"@id\":\"https:\\\/\\\/fundaciomallorcaturisme.net\\\/de\\\/#organization\"},\"alternateName\":\"Mallorca Turisme\",\"potentialAction\":[{\"@type\":\"SearchAction\",\"target\":{\"@type\":\"EntryPoint\",\"urlTemplate\":\"https:\\\/\\\/fundaciomallorcaturisme.net\\\/de\\\/?s={search_term_string}\"},\"query-input\":{\"@type\":\"PropertyValueSpecification\",\"valueRequired\":true,\"valueName\":\"search_term_string\"}}],\"inLanguage\":\"de\"},{\"@type\":\"Organization\",\"@id\":\"https:\\\/\\\/fundaciomallorcaturisme.net\\\/de\\\/#organization\",\"name\":\"Consell de Mallorca\",\"alternateName\":\"Mallorca Turisme\",\"url\":\"https:\\\/\\\/fundaciomallorcaturisme.net\\\/de\\\/\",\"logo\":{\"@type\":\"ImageObject\",\"inLanguage\":\"de\",\"@id\":\"https:\\\/\\\/fundaciomallorcaturisme.net\\\/de\\\/#\\\/schema\\\/logo\\\/image\\\/\",\"url\":\"http:\\\/\\\/fundaciomallorcaturisme.net\\\/wp-content\\\/uploads\\\/2026\\\/03\\\/logo.webp\",\"contentUrl\":\"http:\\\/\\\/fundaciomallorcaturisme.net\\\/wp-content\\\/uploads\\\/2026\\\/03\\\/logo.webp\",\"width\":696,\"height\":570,\"caption\":\"Consell de Mallorca\"},\"image\":{\"@id\":\"https:\\\/\\\/fundaciomallorcaturisme.net\\\/de\\\/#\\\/schema\\\/logo\\\/image\\\/\"},\"sameAs\":[\"https:\\\/\\\/www.facebook.com\\\/ConselldeMca\\\/\",\"https:\\\/\\\/x.com\\\/ConselldeMca\",\"https:\\\/\\\/www.instagram.com\\\/conselldemca\\\/\",\"https:\\\/\\\/www.youtube.com\\\/user\\\/conselldemallorca\"]}]}<\/script>\n<!-- \/ Yoast SEO plugin. -->","yoast_head_json":{"title":"Anreise - Consell de Mallorca","robots":{"index":"index","follow":"follow","max-snippet":"max-snippet:-1","max-image-preview":"max-image-preview:large","max-video-preview":"max-video-preview:-1"},"canonical":"https:\/\/fundaciomallorcaturisme.net\/de\/plane\/anreise\/","og_locale":"de_DE","og_type":"article","og_title":"Anreise - Consell de Mallorca","og_url":"https:\/\/fundaciomallorcaturisme.net\/de\/plane\/anreise\/","og_site_name":"Consell de Mallorca","article_publisher":"https:\/\/www.facebook.com\/ConselldeMca\/","article_modified_time":"2026-03-19T10:24:31+00:00","og_image":[{"width":1346,"height":1094,"url":"https:\/\/fundaciomallorcaturisme.net\/wp-content\/uploads\/2026\/02\/planificax2.jpg","type":"image\/jpeg"}],"twitter_card":"summary_large_image","twitter_site":"@ConselldeMca","schema":{"@context":"https:\/\/schema.org","@graph":[{"@type":"WebPage","@id":"https:\/\/fundaciomallorcaturisme.net\/de\/plane\/anreise\/","url":"https:\/\/fundaciomallorcaturisme.net\/de\/plane\/anreise\/","name":"Anreise - Consell de Mallorca","isPartOf":{"@id":"https:\/\/fundaciomallorcaturisme.net\/de\/#website"},"datePublished":"2026-02-26T08:07:12+00:00","dateModified":"2026-03-19T10:24:31+00:00","breadcrumb":{"@id":"https:\/\/fundaciomallorcaturisme.net\/de\/plane\/anreise\/#breadcrumb"},"inLanguage":"de","potentialAction":[{"@type":"ReadAction","target":["https:\/\/fundaciomallorcaturisme.net\/de\/plane\/anreise\/"]}]},{"@type":"BreadcrumbList","@id":"https:\/\/fundaciomallorcaturisme.net\/de\/plane\/anreise\/#breadcrumb","itemListElement":[{"@type":"ListItem","position":1,"name":"Startseite","item":"https:\/\/fundaciomallorcaturisme.net\/de\/"},{"@type":"ListItem","position":2,"name":"Plane","item":"https:\/\/fundaciomallorcaturisme.net\/de\/plane\/"},{"@type":"ListItem","position":3,"name":"Anreise"}]},{"@type":"WebSite","@id":"https:\/\/fundaciomallorcaturisme.net\/de\/#website","url":"https:\/\/fundaciomallorcaturisme.net\/de\/","name":"Consell de Mallorca","description":"","publisher":{"@id":"https:\/\/fundaciomallorcaturisme.net\/de\/#organization"},"alternateName":"Mallorca Turisme","potentialAction":[{"@type":"SearchAction","target":{"@type":"EntryPoint","urlTemplate":"https:\/\/fundaciomallorcaturisme.net\/de\/?s={search_term_string}"},"query-input":{"@type":"PropertyValueSpecification","valueRequired":true,"valueName":"search_term_string"}}],"inLanguage":"de"},{"@type":"Organization","@id":"https:\/\/fundaciomallorcaturisme.net\/de\/#organization","name":"Consell de Mallorca","alternateName":"Mallorca Turisme","url":"https:\/\/fundaciomallorcaturisme.net\/de\/","logo":{"@type":"ImageObject","inLanguage":"de","@id":"https:\/\/fundaciomallorcaturisme.net\/de\/#\/schema\/logo\/image\/","url":"http:\/\/fundaciomallorcaturisme.net\/wp-content\/uploads\/2026\/03\/logo.webp","contentUrl":"http:\/\/fundaciomallorcaturisme.net\/wp-content\/uploads\/2026\/03\/logo.webp","width":696,"height":570,"caption":"Consell de Mallorca"},"image":{"@id":"https:\/\/fundaciomallorcaturisme.net\/de\/#\/schema\/logo\/image\/"},"sameAs":["https:\/\/www.facebook.com\/ConselldeMca\/","https:\/\/x.com\/ConselldeMca","https:\/\/www.instagram.com\/conselldemca\/","https:\/\/www.youtube.com\/user\/conselldemallorca"]}]}},"_links":{"self":[{"href":"https:\/\/fundaciomallorcaturisme.net\/de\/wp-json\/wp\/v2\/pages\/3265","targetHints":{"allow":["GET"]}}],"collection":[{"href":"https:\/\/fundaciomallorcaturisme.net\/de\/wp-json\/wp\/v2\/pages"}],"about":[{"href":"https:\/\/fundaciomallorcaturisme.net\/de\/wp-json\/wp\/v2\/types\/page"}],"author":[{"embeddable":true,"href":"https:\/\/fundaciomallorcaturisme.net\/de\/wp-json\/wp\/v2\/users\/1"}],"replies":[{"embeddable":true,"href":"https:\/\/fundaciomallorcaturisme.net\/de\/wp-json\/wp\/v2\/comments?post=3265"}],"version-history":[{"count":1,"href":"https:\/\/fundaciomallorcaturisme.net\/de\/wp-json\/wp\/v2\/pages\/3265\/revisions"}],"predecessor-version":[{"id":4312,"href":"https:\/\/fundaciomallorcaturisme.net\/de\/wp-json\/wp\/v2\/pages\/3265\/revisions\/4312"}],"up":[{"embeddable":true,"href":"https:\/\/fundaciomallorcaturisme.net\/de\/wp-json\/wp\/v2\/pages\/2165"}],"wp:attachment":[{"href":"https:\/\/fundaciomallorcaturisme.net\/de\/wp-json\/wp\/v2\/media?parent=3265"}],"curies":[{"name":"wp","href":"https:\/\/api.w.org\/{rel}","templated":true}]}}

Mallorca liegt im Herzen des balearischen Archipels und ist die größte der Inseln mit einer strategischen Lage im westlichen Mittelmeer. Dank ihrer hervorragenden Infrastruktur ist die Insel heute eines der am besten angebundenen Reiseziele Europas und ermöglicht das ganze Jahr über einen einfachen Zugang sowohl aus der Luft als auch über das Meer.
<h2>Anreise mit dem Flugzeug: Der internationale Flughafen Palma (PMI)</h2>
Das Flugzeug ist der schnellste und bequemste Weg, um auf der Insel zu landen. Der Flughafen Palma de Mallorca (Son Sant Joan) bietet eine außergewöhnliche Anbindung an die wichtigsten spanischen Städte und die großen europäischen Metropolen, von denen viele weniger als 3 Flugstunden entfernt sind.

<a href="http://fundaciomallorcaturisme.net/de/plane/anreise/mit-dem-flugzeug/">Mehr erfahren</a>
<h2>Anreise über das Meer: Häfen, Fähren und Kreuzfahrten</h2>
<h3>Fährverbindungen</h3>
Die Häfen von Palma und Alcúdia unterhalten regelmäßige Linienverbindungen mit Barcelona, Valencia, Dénia, Menorca und Ibiza. Darüber hinaus gibt es während der Hochsaison eine direkte Fährverbindung, die den Hafen von Alcúdia mit Toulon (Frankreich) verbindet.

<a href="http://fundaciomallorcaturisme.net/de/plane/anreise/mit-der-faehre/">Mehr erfahren</a>
<h3>Anlaufhafen für Kreuzfahrten</h3>
Dank ihres kulturellen Erbes und ihres Freizeitangebots ist Mallorca einer der beliebtesten Anlaufhäfen für Kreuzfahrtschiffe im Mittelmeer. Die Modernität unserer Schifffahrtsstationen garantiert jedes Jahr einen reibungslosen und komfortablen Empfang für Tausende von Kreuzfahrtgästen.

<a href="http://fundaciomallorcaturisme.net/de/plane/anreise/mit-dem-kreuzfahrtschiff/">Mehr erfahren</a>
<h3>Anreise mit dem eigenen Boot und Yachthäfen</h3>
Wenn Sie sich entscheiden, mit Ihrem eigenen Boot zu uns zu segeln, bietet Ihnen Mallorca mehr als vierzig Häfen und Yachtclubs. Wir sind der ideale Ort zum Anlegen, mit erstklassigem Service an unserer gesamten Küste.

<a href="http://fundaciomallorcaturisme.net/de/plane/anreise/mit-dem-boot/">Mehr erfahren</a>
<blockquote>Sobald Sie auf der Insel angekommen sind, schauen Sie in unsere Rubrik „Transport“, um die besten Möglichkeiten für eine effiziente und nachhaltige Fortbewegung kennenzulernen.</blockquote>
<h2>Entdecken Sie Mallorca weiter</h2>
