{"id":3264,"date":"2026-02-26T09:07:12","date_gmt":"2026-02-26T08:07:12","guid":{"rendered":"http:\/\/fundaciomallorcaturisme.net\/what-to-do\/sport\/fahrradtourismus\/"},"modified":"2026-03-20T09:16:39","modified_gmt":"2026-03-20T08:16:39","slug":"fahrradtourismus","status":"publish","type":"page","link":"https:\/\/fundaciomallorcaturisme.net\/de\/was-man-unternehmen-kann\/sport\/fahrradtourismus\/","title":{"rendered":"Fahrradtourismus"},"content":{"rendered":"","protected":false},"excerpt":{"rendered":"","protected":false},"author":1,"featured_media":0,"parent":3263,"menu_order":0,"comment_status":"open","ping_status":"open","template":"page-templates\/contenido_flexible.php","meta":{"_acf_changed":false,"footnotes":""},"class_list":["post-3264","page","type-page","status-publish","hentry"],"acf":{"contenido_flexible":[{"acf_fc_layout":"cabecera","titulo":"<h1>Radtourismus auf Mallorca<\/h1>","titulo_grande":false,"subtitulo":"","texto":"","enlace":"","flecha_abajo":false,"tiene_video":false,"video":"","imagenx1":"","imagenx2":"","logos":""},{"acf_fc_layout":"texto_simple","pretitulo":"","titulo":"","texto":"Mallorca hat sich mit 2.071 km Landstra\u00dfen und lokalen Wegen zu einem Referenzziel f\u00fcr Liebhaber des Radsports entwickelt. Die abwechslungsreiche Topografie, das angenehme Mittelmeerklima und eine gesamte Infrastruktur, die speziell auf die Anforderungen von Radtouristen zugeschnitten ist, machen diese Insel zu einem weltweit einzigartigen Ort.\r\n\r\nMallorca blickt auf eine lange Radsporttradition zur\u00fcck, die sich in der gro\u00dfen Begeisterung der Bev\u00f6lkerung und den zahlreichen Velodromen widerspiegelt, die seit Beginn des 20. Jahrhunderts errichtet wurden. Diese Erde war die Wiege von Spitzensportlern wie Joan Llaneras und Guillem Timoner.\r\n\r\nDer Sport kann das ganze Jahr \u00fcber ausge\u00fcbt werden, wobei die Zeit von Oktober bis Mai am empfehlenswertesten ist. Tats\u00e4chlich ist es im Dezember \u00fcblich, die wichtigsten Profiteams bei ihrer Vorbereitung auf die Radsaison zu beobachten. Das Ereignis, das den Radsportkalender er\u00f6ffnet, ist die Mallorca Challenge, ein Elite-Rennen, das normalerweise Ende Januar stattfindet.\r\n<h2>Spezialisierte Dienstleistungen f\u00fcr Radtouristen<\/h2>\r\nRadtouristen w\u00e4hlen Mallorca nicht nur wegen seiner Sch\u00f6nheit, sondern wegen eines unvergleichlichen touristischen Angebots. Mehr als 120 Hotels sind auf Radsport spezialisiert und bieten Dienstleistungen wie Fahrradverleih und -reparatur, angepasste Men\u00fcs und Sportmassagen an.\r\n\r\nDar\u00fcber hinaus verf\u00fcgen wir \u00fcber einen Plan f\u00fcr Radwege, der Stra\u00dfen und Wege nach ihrem Sicherheitsgrad und Verkehrsaufkommen klassifiziert (bevorzugte Wege, geeignete Wege oder nicht empfohlene Wege), um ein sicheres und professionelles Erlebnis zu gew\u00e4hrleisten.\r\n<h2>Empfohlene Routen f\u00fcr den Radtourismus auf Mallorca<\/h2>\r\nAls Instrument zur Verbesserung des Radfahrerlebnisses wurde der Radwegeplan erstellt, der Stra\u00dfen und Wege je nach Sicherheitsgrad und Verkehrsaufkommen in nicht empfohlene, geeignete und bevorzugte Wege unterteilt.\r\n\r\nBasierend auf dieser Einteilung wurde eine Reihe von Routen mit unterschiedlichen Schwierigkeitsgraden in Bezug auf Distanz und H\u00f6henmeter entwickelt. Diese sind in 4 verschiedene Gebiete gruppiert und bilden ein homogenes Netz, das die gesamte Insel abdeckt. Die 16 vorgeschlagenen Routen haben eine Gesamtl\u00e4nge von 1.732 km und verbinden die wichtigsten Bev\u00f6lkerungszentren und Sehensw\u00fcrdigkeiten Mallorcas wie D\u00f6rfer, Leuchtt\u00fcrme, Einsiedeleien und das gro\u00dfe Gebirgssystem der Serra de Tramuntana. Diese Routen verf\u00fcgen \u00fcber eine spezifische Beschilderung und k\u00f6nnen je nach Interesse des Radfahrers kombiniert werden.\r\n<h3>C3 - Ermites de Ponent<\/h3>\r\n<ul>\r\n \t<li>Zone: C. COSTA DE CALVI\u00c0<\/li>\r\n \t<li>Distanz: 66,5 km<\/li>\r\n \t<li>H\u00f6henunterschied: 1.196 m<\/li>\r\n \t<li>Schwierigkeitsgrad: Hoch<\/li>\r\n<\/ul>\r\n<a href=\"#\">Mehr erfahren<\/a>\r\n<h2>Erkunden Sie Mallorca weiter<\/h2>","cta":"","2_columnas":false,"color_de_fondo":""}]},"yoast_head":"<!-- This site is optimized with the Yoast SEO plugin v27.7 - https:\/\/yoast.com\/product\/yoast-seo-wordpress\/ -->\n<title>Fahrradtourismus - Consell de Mallorca<\/title>\n<meta name=\"robots\" content=\"index, follow, max-snippet:-1, max-image-preview:large, max-video-preview:-1\" \/>\n<link rel=\"canonical\" href=\"https:\/\/fundaciomallorcaturisme.net\/de\/was-man-unternehmen-kann\/sport\/fahrradtourismus\/\" \/>\n<meta property=\"og:locale\" content=\"de_DE\" \/>\n<meta property=\"og:type\" content=\"article\" \/>\n<meta property=\"og:title\" content=\"Fahrradtourismus - Consell de Mallorca\" \/>\n<meta property=\"og:url\" content=\"https:\/\/fundaciomallorcaturisme.net\/de\/was-man-unternehmen-kann\/sport\/fahrradtourismus\/\" \/>\n<meta property=\"og:site_name\" content=\"Consell de Mallorca\" \/>\n<meta property=\"article:publisher\" content=\"https:\/\/www.facebook.com\/ConselldeMca\/\" \/>\n<meta property=\"article:modified_time\" content=\"2026-03-20T08:16:39+00:00\" \/>\n<meta property=\"og:image\" content=\"https:\/\/fundaciomallorcaturisme.net\/wp-content\/uploads\/2026\/02\/planificax2.jpg\" \/>\n\t<meta property=\"og:image:width\" content=\"1346\" \/>\n\t<meta property=\"og:image:height\" content=\"1094\" \/>\n\t<meta property=\"og:image:type\" content=\"image\/jpeg\" \/>\n<meta name=\"twitter:card\" content=\"summary_large_image\" \/>\n<meta name=\"twitter:site\" content=\"@ConselldeMca\" \/>\n<script type=\"application\/ld+json\" class=\"yoast-schema-graph\">{\"@context\":\"https:\\\/\\\/schema.org\",\"@graph\":[{\"@type\":\"WebPage\",\"@id\":\"https:\\\/\\\/fundaciomallorcaturisme.net\\\/de\\\/was-man-unternehmen-kann\\\/sport\\\/fahrradtourismus\\\/\",\"url\":\"https:\\\/\\\/fundaciomallorcaturisme.net\\\/de\\\/was-man-unternehmen-kann\\\/sport\\\/fahrradtourismus\\\/\",\"name\":\"Fahrradtourismus - Consell de Mallorca\",\"isPartOf\":{\"@id\":\"https:\\\/\\\/fundaciomallorcaturisme.net\\\/de\\\/#website\"},\"datePublished\":\"2026-02-26T08:07:12+00:00\",\"dateModified\":\"2026-03-20T08:16:39+00:00\",\"breadcrumb\":{\"@id\":\"https:\\\/\\\/fundaciomallorcaturisme.net\\\/de\\\/was-man-unternehmen-kann\\\/sport\\\/fahrradtourismus\\\/#breadcrumb\"},\"inLanguage\":\"de\",\"potentialAction\":[{\"@type\":\"ReadAction\",\"target\":[\"https:\\\/\\\/fundaciomallorcaturisme.net\\\/de\\\/was-man-unternehmen-kann\\\/sport\\\/fahrradtourismus\\\/\"]}]},{\"@type\":\"BreadcrumbList\",\"@id\":\"https:\\\/\\\/fundaciomallorcaturisme.net\\\/de\\\/was-man-unternehmen-kann\\\/sport\\\/fahrradtourismus\\\/#breadcrumb\",\"itemListElement\":[{\"@type\":\"ListItem\",\"position\":1,\"name\":\"Startseite\",\"item\":\"https:\\\/\\\/fundaciomallorcaturisme.net\\\/de\\\/\"},{\"@type\":\"ListItem\",\"position\":2,\"name\":\"Was Man Unternehmen Kann\",\"item\":\"https:\\\/\\\/fundaciomallorcaturisme.net\\\/de\\\/was-man-unternehmen-kann\\\/\"},{\"@type\":\"ListItem\",\"position\":3,\"name\":\"Sport\",\"item\":\"https:\\\/\\\/fundaciomallorcaturisme.net\\\/de\\\/was-man-unternehmen-kann\\\/sport\\\/\"},{\"@type\":\"ListItem\",\"position\":4,\"name\":\"Fahrradtourismus\"}]},{\"@type\":\"WebSite\",\"@id\":\"https:\\\/\\\/fundaciomallorcaturisme.net\\\/de\\\/#website\",\"url\":\"https:\\\/\\\/fundaciomallorcaturisme.net\\\/de\\\/\",\"name\":\"Consell de Mallorca\",\"description\":\"\",\"publisher\":{\"@id\":\"https:\\\/\\\/fundaciomallorcaturisme.net\\\/de\\\/#organization\"},\"alternateName\":\"Mallorca Turisme\",\"potentialAction\":[{\"@type\":\"SearchAction\",\"target\":{\"@type\":\"EntryPoint\",\"urlTemplate\":\"https:\\\/\\\/fundaciomallorcaturisme.net\\\/de\\\/?s={search_term_string}\"},\"query-input\":{\"@type\":\"PropertyValueSpecification\",\"valueRequired\":true,\"valueName\":\"search_term_string\"}}],\"inLanguage\":\"de\"},{\"@type\":\"Organization\",\"@id\":\"https:\\\/\\\/fundaciomallorcaturisme.net\\\/de\\\/#organization\",\"name\":\"Consell de Mallorca\",\"alternateName\":\"Mallorca Turisme\",\"url\":\"https:\\\/\\\/fundaciomallorcaturisme.net\\\/de\\\/\",\"logo\":{\"@type\":\"ImageObject\",\"inLanguage\":\"de\",\"@id\":\"https:\\\/\\\/fundaciomallorcaturisme.net\\\/de\\\/#\\\/schema\\\/logo\\\/image\\\/\",\"url\":\"http:\\\/\\\/fundaciomallorcaturisme.net\\\/wp-content\\\/uploads\\\/2026\\\/03\\\/logo.webp\",\"contentUrl\":\"http:\\\/\\\/fundaciomallorcaturisme.net\\\/wp-content\\\/uploads\\\/2026\\\/03\\\/logo.webp\",\"width\":696,\"height\":570,\"caption\":\"Consell de Mallorca\"},\"image\":{\"@id\":\"https:\\\/\\\/fundaciomallorcaturisme.net\\\/de\\\/#\\\/schema\\\/logo\\\/image\\\/\"},\"sameAs\":[\"https:\\\/\\\/www.facebook.com\\\/ConselldeMca\\\/\",\"https:\\\/\\\/x.com\\\/ConselldeMca\",\"https:\\\/\\\/www.instagram.com\\\/conselldemca\\\/\",\"https:\\\/\\\/www.youtube.com\\\/user\\\/conselldemallorca\"]}]}<\/script>\n<!-- \/ Yoast SEO plugin. -->","yoast_head_json":{"title":"Fahrradtourismus - Consell de Mallorca","robots":{"index":"index","follow":"follow","max-snippet":"max-snippet:-1","max-image-preview":"max-image-preview:large","max-video-preview":"max-video-preview:-1"},"canonical":"https:\/\/fundaciomallorcaturisme.net\/de\/was-man-unternehmen-kann\/sport\/fahrradtourismus\/","og_locale":"de_DE","og_type":"article","og_title":"Fahrradtourismus - Consell de Mallorca","og_url":"https:\/\/fundaciomallorcaturisme.net\/de\/was-man-unternehmen-kann\/sport\/fahrradtourismus\/","og_site_name":"Consell de Mallorca","article_publisher":"https:\/\/www.facebook.com\/ConselldeMca\/","article_modified_time":"2026-03-20T08:16:39+00:00","og_image":[{"width":1346,"height":1094,"url":"https:\/\/fundaciomallorcaturisme.net\/wp-content\/uploads\/2026\/02\/planificax2.jpg","type":"image\/jpeg"}],"twitter_card":"summary_large_image","twitter_site":"@ConselldeMca","schema":{"@context":"https:\/\/schema.org","@graph":[{"@type":"WebPage","@id":"https:\/\/fundaciomallorcaturisme.net\/de\/was-man-unternehmen-kann\/sport\/fahrradtourismus\/","url":"https:\/\/fundaciomallorcaturisme.net\/de\/was-man-unternehmen-kann\/sport\/fahrradtourismus\/","name":"Fahrradtourismus - Consell de Mallorca","isPartOf":{"@id":"https:\/\/fundaciomallorcaturisme.net\/de\/#website"},"datePublished":"2026-02-26T08:07:12+00:00","dateModified":"2026-03-20T08:16:39+00:00","breadcrumb":{"@id":"https:\/\/fundaciomallorcaturisme.net\/de\/was-man-unternehmen-kann\/sport\/fahrradtourismus\/#breadcrumb"},"inLanguage":"de","potentialAction":[{"@type":"ReadAction","target":["https:\/\/fundaciomallorcaturisme.net\/de\/was-man-unternehmen-kann\/sport\/fahrradtourismus\/"]}]},{"@type":"BreadcrumbList","@id":"https:\/\/fundaciomallorcaturisme.net\/de\/was-man-unternehmen-kann\/sport\/fahrradtourismus\/#breadcrumb","itemListElement":[{"@type":"ListItem","position":1,"name":"Startseite","item":"https:\/\/fundaciomallorcaturisme.net\/de\/"},{"@type":"ListItem","position":2,"name":"Was Man Unternehmen Kann","item":"https:\/\/fundaciomallorcaturisme.net\/de\/was-man-unternehmen-kann\/"},{"@type":"ListItem","position":3,"name":"Sport","item":"https:\/\/fundaciomallorcaturisme.net\/de\/was-man-unternehmen-kann\/sport\/"},{"@type":"ListItem","position":4,"name":"Fahrradtourismus"}]},{"@type":"WebSite","@id":"https:\/\/fundaciomallorcaturisme.net\/de\/#website","url":"https:\/\/fundaciomallorcaturisme.net\/de\/","name":"Consell de Mallorca","description":"","publisher":{"@id":"https:\/\/fundaciomallorcaturisme.net\/de\/#organization"},"alternateName":"Mallorca Turisme","potentialAction":[{"@type":"SearchAction","target":{"@type":"EntryPoint","urlTemplate":"https:\/\/fundaciomallorcaturisme.net\/de\/?s={search_term_string}"},"query-input":{"@type":"PropertyValueSpecification","valueRequired":true,"valueName":"search_term_string"}}],"inLanguage":"de"},{"@type":"Organization","@id":"https:\/\/fundaciomallorcaturisme.net\/de\/#organization","name":"Consell de Mallorca","alternateName":"Mallorca Turisme","url":"https:\/\/fundaciomallorcaturisme.net\/de\/","logo":{"@type":"ImageObject","inLanguage":"de","@id":"https:\/\/fundaciomallorcaturisme.net\/de\/#\/schema\/logo\/image\/","url":"http:\/\/fundaciomallorcaturisme.net\/wp-content\/uploads\/2026\/03\/logo.webp","contentUrl":"http:\/\/fundaciomallorcaturisme.net\/wp-content\/uploads\/2026\/03\/logo.webp","width":696,"height":570,"caption":"Consell de Mallorca"},"image":{"@id":"https:\/\/fundaciomallorcaturisme.net\/de\/#\/schema\/logo\/image\/"},"sameAs":["https:\/\/www.facebook.com\/ConselldeMca\/","https:\/\/x.com\/ConselldeMca","https:\/\/www.instagram.com\/conselldemca\/","https:\/\/www.youtube.com\/user\/conselldemallorca"]}]}},"_links":{"self":[{"href":"https:\/\/fundaciomallorcaturisme.net\/de\/wp-json\/wp\/v2\/pages\/3264","targetHints":{"allow":["GET"]}}],"collection":[{"href":"https:\/\/fundaciomallorcaturisme.net\/de\/wp-json\/wp\/v2\/pages"}],"about":[{"href":"https:\/\/fundaciomallorcaturisme.net\/de\/wp-json\/wp\/v2\/types\/page"}],"author":[{"embeddable":true,"href":"https:\/\/fundaciomallorcaturisme.net\/de\/wp-json\/wp\/v2\/users\/1"}],"replies":[{"embeddable":true,"href":"https:\/\/fundaciomallorcaturisme.net\/de\/wp-json\/wp\/v2\/comments?post=3264"}],"version-history":[{"count":1,"href":"https:\/\/fundaciomallorcaturisme.net\/de\/wp-json\/wp\/v2\/pages\/3264\/revisions"}],"predecessor-version":[{"id":4437,"href":"https:\/\/fundaciomallorcaturisme.net\/de\/wp-json\/wp\/v2\/pages\/3264\/revisions\/4437"}],"up":[{"embeddable":true,"href":"https:\/\/fundaciomallorcaturisme.net\/de\/wp-json\/wp\/v2\/pages\/3263"}],"wp:attachment":[{"href":"https:\/\/fundaciomallorcaturisme.net\/de\/wp-json\/wp\/v2\/media?parent=3264"}],"curies":[{"name":"wp","href":"https:\/\/api.w.org\/{rel}","templated":true}]}}

Mallorca hat sich mit 2.071 km Landstraßen und lokalen Wegen zu einem Referenzziel für Liebhaber des Radsports entwickelt. Die abwechslungsreiche Topografie, das angenehme Mittelmeerklima und eine gesamte Infrastruktur, die speziell auf die Anforderungen von Radtouristen zugeschnitten ist, machen diese Insel zu einem weltweit einzigartigen Ort.

Mallorca blickt auf eine lange Radsporttradition zurück, die sich in der großen Begeisterung der Bevölkerung und den zahlreichen Velodromen widerspiegelt, die seit Beginn des 20. Jahrhunderts errichtet wurden. Diese Erde war die Wiege von Spitzensportlern wie Joan Llaneras und Guillem Timoner.

Der Sport kann das ganze Jahr über ausgeübt werden, wobei die Zeit von Oktober bis Mai am empfehlenswertesten ist. Tatsächlich ist es im Dezember üblich, die wichtigsten Profiteams bei ihrer Vorbereitung auf die Radsaison zu beobachten. Das Ereignis, das den Radsportkalender eröffnet, ist die Mallorca Challenge, ein Elite-Rennen, das normalerweise Ende Januar stattfindet.
<h2>Spezialisierte Dienstleistungen für Radtouristen</h2>
Radtouristen wählen Mallorca nicht nur wegen seiner Schönheit, sondern wegen eines unvergleichlichen touristischen Angebots. Mehr als 120 Hotels sind auf Radsport spezialisiert und bieten Dienstleistungen wie Fahrradverleih und -reparatur, angepasste Menüs und Sportmassagen an.

Darüber hinaus verfügen wir über einen Plan für Radwege, der Straßen und Wege nach ihrem Sicherheitsgrad und Verkehrsaufkommen klassifiziert (bevorzugte Wege, geeignete Wege oder nicht empfohlene Wege), um ein sicheres und professionelles Erlebnis zu gewährleisten.
<h2>Empfohlene Routen für den Radtourismus auf Mallorca</h2>
Als Instrument zur Verbesserung des Radfahrerlebnisses wurde der Radwegeplan erstellt, der Straßen und Wege je nach Sicherheitsgrad und Verkehrsaufkommen in nicht empfohlene, geeignete und bevorzugte Wege unterteilt.

Basierend auf dieser Einteilung wurde eine Reihe von Routen mit unterschiedlichen Schwierigkeitsgraden in Bezug auf Distanz und Höhenmeter entwickelt. Diese sind in 4 verschiedene Gebiete gruppiert und bilden ein homogenes Netz, das die gesamte Insel abdeckt. Die 16 vorgeschlagenen Routen haben eine Gesamtlänge von 1.732 km und verbinden die wichtigsten Bevölkerungszentren und Sehenswürdigkeiten Mallorcas wie Dörfer, Leuchttürme, Einsiedeleien und das große Gebirgssystem der Serra de Tramuntana. Diese Routen verfügen über eine spezifische Beschilderung und können je nach Interesse des Radfahrers kombiniert werden.
<h3>C3 - Ermites de Ponent</h3>
<ul>
 	<li>Zone: C. COSTA DE CALVIÀ</li>
 	<li>Distanz: 66,5 km</li>
 	<li>Höhenunterschied: 1.196 m</li>
 	<li>Schwierigkeitsgrad: Hoch</li>
</ul>
<a href="#">Mehr erfahren</a>
<h2>Erkunden Sie Mallorca weiter</h2>
