{"id":3258,"date":"2026-02-26T09:07:12","date_gmt":"2026-02-26T08:07:12","guid":{"rendered":"http:\/\/fundaciomallorcaturisme.net\/was-man-unternehmen-kann\/gastronomie\/"},"modified":"2026-03-19T12:24:39","modified_gmt":"2026-03-19T11:24:39","slug":"gastronomie","status":"publish","type":"page","link":"https:\/\/fundaciomallorcaturisme.net\/de\/was-man-unternehmen-kann\/gastronomie\/","title":{"rendered":"Gastronomie"},"content":{"rendered":"","protected":false},"excerpt":{"rendered":"","protected":false},"author":1,"featured_media":0,"parent":2189,"menu_order":0,"comment_status":"open","ping_status":"open","template":"page-templates\/contenido_flexible.php","meta":{"_acf_changed":false,"footnotes":""},"class_list":["post-3258","page","type-page","status-publish","hentry"],"acf":{"contenido_flexible":[{"acf_fc_layout":"cabecera","titulo":"<h1>Mallorca, ein gastronomisches Reiseziel<\/h1>","titulo_grande":false,"subtitulo":"","texto":"","enlace":"","flecha_abajo":false,"tiene_video":false,"video":"","imagenx1":"","imagenx2":"","logos":""},{"acf_fc_layout":"texto_simple","pretitulo":"","titulo":"","texto":"Die mallorquinische Gastronomie genie\u00dft alle Vorz\u00fcge der bekannten Mittelmeerdi\u00e4t, die als eine der vollst\u00e4ndigsten und ges\u00fcndesten der Welt gilt. Es handelt sich um eine K\u00fcche, die die verschiedenen Kulturen widerspiegelt, die heute unsere Identit\u00e4t pr\u00e4gen.\r\n\r\nDie Insellage dieses Territoriums, zusammen mit dem milden Klima, das Mallorca das ganze Jahr \u00fcber genie\u00dft, f\u00fchrt zu einer exquisiten Vielfalt an Produkten, die fast exklusiv hier zu finden sind. So setzt sich die mallorquinische K\u00fcche aus einem mehr als umfassenden Sortiment an hochwertigem Fleisch, fangfrischem Fisch aus ihren Gew\u00e4ssern und einem k\u00f6stlichen Repertoire an verschiedenen Obst- und Gem\u00fcsesorten zusammen, die in jeder Saison die Gerichte mit ihren besten Aromen bereichern. All dies zusammen ergibt einen authentischen und einheimischen Geschmack, der zu den gr\u00f6\u00dften Attraktionen und Gen\u00fcssen eines Besuchs auf Mallorca geh\u00f6rt.\r\n<h2>Typische Produkte<\/h2>\r\nVon der emblematischen Ensaimada und der Sobrasada mit gesch\u00fctzter geografischer Angabe bis hin zu unserem Honig und unseren Mandeln. Eine Reise durch die Aromen, die das typische Essen Mallorcas definieren.\r\n\r\n<a href=\"http:\/\/fundaciomallorcaturisme.net\/de\/was-man-unternehmen-kann\/gastronomie\/typische-produkte\/\">Lernen Sie unsere Produkte kennen<\/a>\r\n<h2>Unser Wein<\/h2>\r\nEine jahrtausendealte Tradition, die heute ein goldenes Zeitalter erlebt. Entdecken Sie unsere Herkunftsbezeichnungen und die einheimischen Rebsorten, die unsere Weine zu etwas weltweit Einzigartigem machen.\r\n<h2>Das Oliven\u00f6l<\/h2>\r\nDas \u201efl\u00fcssige Gold\u201c Mallorcas, gewonnen aus jahrtausendealten Olivenb\u00e4umen der Serra de Tramuntana. Ein Produkt mit gesch\u00fctzter Ursprungsbezeichnung, das die fundamentale Basis unserer K\u00fcche bildet.\r\n<h2>Die M\u00e4rkte unserer D\u00f6rfer<\/h2>\r\nAn jedem Wochentag k\u00f6nnen Sie einen Markt in einem der D\u00f6rfer besuchen. Dort finden Sie lokale, handwerkliche und saisonale Produkte.\r\n<h2>Restaurants<\/h2>\r\nVom traditionellen Rezeptbuch der \u201eCellers\u201c bis hin zur avantgardistischen Haute Cuisine. Mallorca bietet ein Gastronomienetz, das auf lokale Produkte und Exzellenz setzt.\r\n<h2>Emblematische B\u00e4ckereien und Caf\u00e9s<\/h2>\r\nHistorische Orte, die die Essenz vergangener Zeiten bewahren. Wahre Sch\u00e4tze des lebendigen Erbes, in denen die Zeit zwischen dem Duft von handwerklich hergestelltem Brot und traditionellem Geb\u00e4ck stillsteht.\r\n<h2>Lik\u00f6re<\/h2>\r\nDer kr\u00f6nende Abschluss jeder Mahlzeit, hergestellt nach traditionellen Rezepten mit auf der Insel gesammelten Kr\u00e4utern.\r\n<h2>Entdecken Sie Mallorca weiter<\/h2>","cta":"","2_columnas":false,"color_de_fondo":""}]},"yoast_head":"<!-- This site is optimized with the Yoast SEO plugin v27.7 - https:\/\/yoast.com\/product\/yoast-seo-wordpress\/ -->\n<title>Gastronomie - Consell de Mallorca<\/title>\n<meta name=\"robots\" content=\"index, follow, max-snippet:-1, max-image-preview:large, max-video-preview:-1\" \/>\n<link rel=\"canonical\" href=\"https:\/\/fundaciomallorcaturisme.net\/de\/was-man-unternehmen-kann\/gastronomie\/\" \/>\n<meta property=\"og:locale\" content=\"de_DE\" \/>\n<meta property=\"og:type\" content=\"article\" \/>\n<meta property=\"og:title\" content=\"Gastronomie - Consell de Mallorca\" \/>\n<meta property=\"og:url\" content=\"https:\/\/fundaciomallorcaturisme.net\/de\/was-man-unternehmen-kann\/gastronomie\/\" \/>\n<meta property=\"og:site_name\" content=\"Consell de Mallorca\" \/>\n<meta property=\"article:publisher\" content=\"https:\/\/www.facebook.com\/ConselldeMca\/\" \/>\n<meta property=\"article:modified_time\" content=\"2026-03-19T11:24:39+00:00\" \/>\n<meta property=\"og:image\" content=\"https:\/\/fundaciomallorcaturisme.net\/wp-content\/uploads\/2026\/02\/planificax2.jpg\" \/>\n\t<meta property=\"og:image:width\" content=\"1346\" \/>\n\t<meta property=\"og:image:height\" content=\"1094\" \/>\n\t<meta property=\"og:image:type\" content=\"image\/jpeg\" \/>\n<meta name=\"twitter:card\" content=\"summary_large_image\" \/>\n<meta name=\"twitter:site\" content=\"@ConselldeMca\" \/>\n<script type=\"application\/ld+json\" class=\"yoast-schema-graph\">{\"@context\":\"https:\\\/\\\/schema.org\",\"@graph\":[{\"@type\":\"WebPage\",\"@id\":\"https:\\\/\\\/fundaciomallorcaturisme.net\\\/de\\\/was-man-unternehmen-kann\\\/gastronomie\\\/\",\"url\":\"https:\\\/\\\/fundaciomallorcaturisme.net\\\/de\\\/was-man-unternehmen-kann\\\/gastronomie\\\/\",\"name\":\"Gastronomie - Consell de Mallorca\",\"isPartOf\":{\"@id\":\"https:\\\/\\\/fundaciomallorcaturisme.net\\\/de\\\/#website\"},\"datePublished\":\"2026-02-26T08:07:12+00:00\",\"dateModified\":\"2026-03-19T11:24:39+00:00\",\"breadcrumb\":{\"@id\":\"https:\\\/\\\/fundaciomallorcaturisme.net\\\/de\\\/was-man-unternehmen-kann\\\/gastronomie\\\/#breadcrumb\"},\"inLanguage\":\"de\",\"potentialAction\":[{\"@type\":\"ReadAction\",\"target\":[\"https:\\\/\\\/fundaciomallorcaturisme.net\\\/de\\\/was-man-unternehmen-kann\\\/gastronomie\\\/\"]}]},{\"@type\":\"BreadcrumbList\",\"@id\":\"https:\\\/\\\/fundaciomallorcaturisme.net\\\/de\\\/was-man-unternehmen-kann\\\/gastronomie\\\/#breadcrumb\",\"itemListElement\":[{\"@type\":\"ListItem\",\"position\":1,\"name\":\"Startseite\",\"item\":\"https:\\\/\\\/fundaciomallorcaturisme.net\\\/de\\\/\"},{\"@type\":\"ListItem\",\"position\":2,\"name\":\"Was Man Unternehmen Kann\",\"item\":\"https:\\\/\\\/fundaciomallorcaturisme.net\\\/de\\\/was-man-unternehmen-kann\\\/\"},{\"@type\":\"ListItem\",\"position\":3,\"name\":\"Gastronomie\"}]},{\"@type\":\"WebSite\",\"@id\":\"https:\\\/\\\/fundaciomallorcaturisme.net\\\/de\\\/#website\",\"url\":\"https:\\\/\\\/fundaciomallorcaturisme.net\\\/de\\\/\",\"name\":\"Consell de Mallorca\",\"description\":\"\",\"publisher\":{\"@id\":\"https:\\\/\\\/fundaciomallorcaturisme.net\\\/de\\\/#organization\"},\"alternateName\":\"Mallorca Turisme\",\"potentialAction\":[{\"@type\":\"SearchAction\",\"target\":{\"@type\":\"EntryPoint\",\"urlTemplate\":\"https:\\\/\\\/fundaciomallorcaturisme.net\\\/de\\\/?s={search_term_string}\"},\"query-input\":{\"@type\":\"PropertyValueSpecification\",\"valueRequired\":true,\"valueName\":\"search_term_string\"}}],\"inLanguage\":\"de\"},{\"@type\":\"Organization\",\"@id\":\"https:\\\/\\\/fundaciomallorcaturisme.net\\\/de\\\/#organization\",\"name\":\"Consell de Mallorca\",\"alternateName\":\"Mallorca Turisme\",\"url\":\"https:\\\/\\\/fundaciomallorcaturisme.net\\\/de\\\/\",\"logo\":{\"@type\":\"ImageObject\",\"inLanguage\":\"de\",\"@id\":\"https:\\\/\\\/fundaciomallorcaturisme.net\\\/de\\\/#\\\/schema\\\/logo\\\/image\\\/\",\"url\":\"http:\\\/\\\/fundaciomallorcaturisme.net\\\/wp-content\\\/uploads\\\/2026\\\/03\\\/logo.webp\",\"contentUrl\":\"http:\\\/\\\/fundaciomallorcaturisme.net\\\/wp-content\\\/uploads\\\/2026\\\/03\\\/logo.webp\",\"width\":696,\"height\":570,\"caption\":\"Consell de Mallorca\"},\"image\":{\"@id\":\"https:\\\/\\\/fundaciomallorcaturisme.net\\\/de\\\/#\\\/schema\\\/logo\\\/image\\\/\"},\"sameAs\":[\"https:\\\/\\\/www.facebook.com\\\/ConselldeMca\\\/\",\"https:\\\/\\\/x.com\\\/ConselldeMca\",\"https:\\\/\\\/www.instagram.com\\\/conselldemca\\\/\",\"https:\\\/\\\/www.youtube.com\\\/user\\\/conselldemallorca\"]}]}<\/script>\n<!-- \/ Yoast SEO plugin. -->","yoast_head_json":{"title":"Gastronomie - Consell de Mallorca","robots":{"index":"index","follow":"follow","max-snippet":"max-snippet:-1","max-image-preview":"max-image-preview:large","max-video-preview":"max-video-preview:-1"},"canonical":"https:\/\/fundaciomallorcaturisme.net\/de\/was-man-unternehmen-kann\/gastronomie\/","og_locale":"de_DE","og_type":"article","og_title":"Gastronomie - Consell de Mallorca","og_url":"https:\/\/fundaciomallorcaturisme.net\/de\/was-man-unternehmen-kann\/gastronomie\/","og_site_name":"Consell de Mallorca","article_publisher":"https:\/\/www.facebook.com\/ConselldeMca\/","article_modified_time":"2026-03-19T11:24:39+00:00","og_image":[{"width":1346,"height":1094,"url":"https:\/\/fundaciomallorcaturisme.net\/wp-content\/uploads\/2026\/02\/planificax2.jpg","type":"image\/jpeg"}],"twitter_card":"summary_large_image","twitter_site":"@ConselldeMca","schema":{"@context":"https:\/\/schema.org","@graph":[{"@type":"WebPage","@id":"https:\/\/fundaciomallorcaturisme.net\/de\/was-man-unternehmen-kann\/gastronomie\/","url":"https:\/\/fundaciomallorcaturisme.net\/de\/was-man-unternehmen-kann\/gastronomie\/","name":"Gastronomie - Consell de Mallorca","isPartOf":{"@id":"https:\/\/fundaciomallorcaturisme.net\/de\/#website"},"datePublished":"2026-02-26T08:07:12+00:00","dateModified":"2026-03-19T11:24:39+00:00","breadcrumb":{"@id":"https:\/\/fundaciomallorcaturisme.net\/de\/was-man-unternehmen-kann\/gastronomie\/#breadcrumb"},"inLanguage":"de","potentialAction":[{"@type":"ReadAction","target":["https:\/\/fundaciomallorcaturisme.net\/de\/was-man-unternehmen-kann\/gastronomie\/"]}]},{"@type":"BreadcrumbList","@id":"https:\/\/fundaciomallorcaturisme.net\/de\/was-man-unternehmen-kann\/gastronomie\/#breadcrumb","itemListElement":[{"@type":"ListItem","position":1,"name":"Startseite","item":"https:\/\/fundaciomallorcaturisme.net\/de\/"},{"@type":"ListItem","position":2,"name":"Was Man Unternehmen Kann","item":"https:\/\/fundaciomallorcaturisme.net\/de\/was-man-unternehmen-kann\/"},{"@type":"ListItem","position":3,"name":"Gastronomie"}]},{"@type":"WebSite","@id":"https:\/\/fundaciomallorcaturisme.net\/de\/#website","url":"https:\/\/fundaciomallorcaturisme.net\/de\/","name":"Consell de Mallorca","description":"","publisher":{"@id":"https:\/\/fundaciomallorcaturisme.net\/de\/#organization"},"alternateName":"Mallorca Turisme","potentialAction":[{"@type":"SearchAction","target":{"@type":"EntryPoint","urlTemplate":"https:\/\/fundaciomallorcaturisme.net\/de\/?s={search_term_string}"},"query-input":{"@type":"PropertyValueSpecification","valueRequired":true,"valueName":"search_term_string"}}],"inLanguage":"de"},{"@type":"Organization","@id":"https:\/\/fundaciomallorcaturisme.net\/de\/#organization","name":"Consell de Mallorca","alternateName":"Mallorca Turisme","url":"https:\/\/fundaciomallorcaturisme.net\/de\/","logo":{"@type":"ImageObject","inLanguage":"de","@id":"https:\/\/fundaciomallorcaturisme.net\/de\/#\/schema\/logo\/image\/","url":"http:\/\/fundaciomallorcaturisme.net\/wp-content\/uploads\/2026\/03\/logo.webp","contentUrl":"http:\/\/fundaciomallorcaturisme.net\/wp-content\/uploads\/2026\/03\/logo.webp","width":696,"height":570,"caption":"Consell de Mallorca"},"image":{"@id":"https:\/\/fundaciomallorcaturisme.net\/de\/#\/schema\/logo\/image\/"},"sameAs":["https:\/\/www.facebook.com\/ConselldeMca\/","https:\/\/x.com\/ConselldeMca","https:\/\/www.instagram.com\/conselldemca\/","https:\/\/www.youtube.com\/user\/conselldemallorca"]}]}},"_links":{"self":[{"href":"https:\/\/fundaciomallorcaturisme.net\/de\/wp-json\/wp\/v2\/pages\/3258","targetHints":{"allow":["GET"]}}],"collection":[{"href":"https:\/\/fundaciomallorcaturisme.net\/de\/wp-json\/wp\/v2\/pages"}],"about":[{"href":"https:\/\/fundaciomallorcaturisme.net\/de\/wp-json\/wp\/v2\/types\/page"}],"author":[{"embeddable":true,"href":"https:\/\/fundaciomallorcaturisme.net\/de\/wp-json\/wp\/v2\/users\/1"}],"replies":[{"embeddable":true,"href":"https:\/\/fundaciomallorcaturisme.net\/de\/wp-json\/wp\/v2\/comments?post=3258"}],"version-history":[{"count":1,"href":"https:\/\/fundaciomallorcaturisme.net\/de\/wp-json\/wp\/v2\/pages\/3258\/revisions"}],"predecessor-version":[{"id":4330,"href":"https:\/\/fundaciomallorcaturisme.net\/de\/wp-json\/wp\/v2\/pages\/3258\/revisions\/4330"}],"up":[{"embeddable":true,"href":"https:\/\/fundaciomallorcaturisme.net\/de\/wp-json\/wp\/v2\/pages\/2189"}],"wp:attachment":[{"href":"https:\/\/fundaciomallorcaturisme.net\/de\/wp-json\/wp\/v2\/media?parent=3258"}],"curies":[{"name":"wp","href":"https:\/\/api.w.org\/{rel}","templated":true}]}}

Die mallorquinische Gastronomie genießt alle Vorzüge der bekannten Mittelmeerdiät, die als eine der vollständigsten und gesündesten der Welt gilt. Es handelt sich um eine Küche, die die verschiedenen Kulturen widerspiegelt, die heute unsere Identität prägen.

Die Insellage dieses Territoriums, zusammen mit dem milden Klima, das Mallorca das ganze Jahr über genießt, führt zu einer exquisiten Vielfalt an Produkten, die fast exklusiv hier zu finden sind. So setzt sich die mallorquinische Küche aus einem mehr als umfassenden Sortiment an hochwertigem Fleisch, fangfrischem Fisch aus ihren Gewässern und einem köstlichen Repertoire an verschiedenen Obst- und Gemüsesorten zusammen, die in jeder Saison die Gerichte mit ihren besten Aromen bereichern. All dies zusammen ergibt einen authentischen und einheimischen Geschmack, der zu den größten Attraktionen und Genüssen eines Besuchs auf Mallorca gehört.
<h2>Typische Produkte</h2>
Von der emblematischen Ensaimada und der Sobrasada mit geschützter geografischer Angabe bis hin zu unserem Honig und unseren Mandeln. Eine Reise durch die Aromen, die das typische Essen Mallorcas definieren.

<a href="http://fundaciomallorcaturisme.net/de/was-man-unternehmen-kann/gastronomie/typische-produkte/">Lernen Sie unsere Produkte kennen</a>
<h2>Unser Wein</h2>
Eine jahrtausendealte Tradition, die heute ein goldenes Zeitalter erlebt. Entdecken Sie unsere Herkunftsbezeichnungen und die einheimischen Rebsorten, die unsere Weine zu etwas weltweit Einzigartigem machen.
<h2>Das Olivenöl</h2>
Das „flüssige Gold“ Mallorcas, gewonnen aus jahrtausendealten Olivenbäumen der Serra de Tramuntana. Ein Produkt mit geschützter Ursprungsbezeichnung, das die fundamentale Basis unserer Küche bildet.
<h2>Die Märkte unserer Dörfer</h2>
An jedem Wochentag können Sie einen Markt in einem der Dörfer besuchen. Dort finden Sie lokale, handwerkliche und saisonale Produkte.
<h2>Restaurants</h2>
Vom traditionellen Rezeptbuch der „Cellers“ bis hin zur avantgardistischen Haute Cuisine. Mallorca bietet ein Gastronomienetz, das auf lokale Produkte und Exzellenz setzt.
<h2>Emblematische Bäckereien und Cafés</h2>
Historische Orte, die die Essenz vergangener Zeiten bewahren. Wahre Schätze des lebendigen Erbes, in denen die Zeit zwischen dem Duft von handwerklich hergestelltem Brot und traditionellem Gebäck stillsteht.
<h2>Liköre</h2>
Der krönende Abschluss jeder Mahlzeit, hergestellt nach traditionellen Rezepten mit auf der Insel gesammelten Kräutern.
<h2>Entdecken Sie Mallorca weiter</h2>
