{"id":3128,"date":"2026-02-25T13:35:09","date_gmt":"2026-02-25T12:35:09","guid":{"rendered":"http:\/\/fundaciomallorcaturisme.net\/routen\/thematische\/kinematographische-touren\/"},"modified":"2026-02-25T13:37:28","modified_gmt":"2026-02-25T12:37:28","slug":"kinematographische-touren","status":"publish","type":"page","link":"https:\/\/fundaciomallorcaturisme.net\/de\/routen\/thematische\/kinematographische-touren\/","title":{"rendered":"Kinematographische Touren"},"content":{"rendered":"","protected":false},"excerpt":{"rendered":"","protected":false},"author":1,"featured_media":1744,"parent":1694,"menu_order":0,"comment_status":"open","ping_status":"open","template":"page-templates\/contenido_flexible.php","meta":{"_acf_changed":false,"footnotes":""},"class_list":["post-3128","page","type-page","status-publish","has-post-thumbnail","hentry"],"acf":{"contenido_flexible":[{"acf_fc_layout":"cabecera","titulo":"<h1>Kinematographische Touren<\/h1>","titulo_grande":false,"subtitulo":"(Einfach)","texto":"","enlace":"","flecha_abajo":false,"tiene_video":false,"video":"","imagenx1":1744,"imagenx2":1744,"logos":[]},{"acf_fc_layout":"texto_simple","pretitulo":"","titulo":"","texto":"<h3>Eine Insel des Films<\/h3>\n<p>Den Spuren der Filme zu folgen, die auf Mallorca gedrehet wurden, kann zu einem \u00fcberraschenden Erlebnis werden. Sie f\u00fchren uns in das Tramuntana Gebirge, vorbei an Steilk\u00fcsten und offenen Buchten, entlang am blauen Meer und eleganten Pal\u00e4sten von Palma... An Orte der Insel, die Schauplatz von herzbewegenden Geschichten waren.<\/p>\n<p>Klicken Sie<a href=\"\/documents\/43575\/69595\/Mallorca_Movie_Map+alemany.pdf\/d117c4d4-0dfa-5267-d1d4-327a64414f67?t=1668504029391\" target=\"_blank\"> hier<\/a>, um die Mallorca Movie Map herunterzuladen. Diese Brosch\u00fcre enth\u00e4lt Informationen \u00fcber Filme und Touren durch die Insel.<\/p>\n<p>Wenn Sie mehr \u00fcber die auf Mallorca gedrehten Filme wissen m\u00f6chten, klicken Sie bitte<a href=\"https:\/\/mallorcafilmcommission.net\/de\/rodat-a-mallorca\/\" target=\"_blank\"> hier.<\/a><\/p>","cta":"","2_columnas":false,"color_de_fondo":""}]},"yoast_head":"<!-- This site is optimized with the Yoast SEO plugin v27.7 - https:\/\/yoast.com\/product\/yoast-seo-wordpress\/ -->\n<title>Kinematographische Touren - Consell de Mallorca<\/title>\n<meta name=\"robots\" content=\"index, follow, max-snippet:-1, max-image-preview:large, max-video-preview:-1\" \/>\n<link rel=\"canonical\" href=\"https:\/\/fundaciomallorcaturisme.net\/de\/routen\/thematische\/kinematographische-touren\/\" \/>\n<meta property=\"og:locale\" content=\"de_DE\" \/>\n<meta property=\"og:type\" content=\"article\" \/>\n<meta property=\"og:title\" content=\"Kinematographische Touren - Consell de Mallorca\" \/>\n<meta property=\"og:url\" content=\"https:\/\/fundaciomallorcaturisme.net\/de\/routen\/thematische\/kinematographische-touren\/\" \/>\n<meta property=\"og:site_name\" content=\"Consell de Mallorca\" \/>\n<meta property=\"article:publisher\" content=\"https:\/\/www.facebook.com\/ConselldeMca\/\" \/>\n<meta property=\"article:modified_time\" content=\"2026-02-25T12:37:28+00:00\" \/>\n<meta property=\"og:image\" content=\"https:\/\/fundaciomallorcaturisme.net\/wp-content\/uploads\/2026\/02\/6954c6a3-b748-796b-bcc6-33f32813ddb9.jpg\" \/>\n\t<meta property=\"og:image:width\" content=\"825\" \/>\n\t<meta property=\"og:image:height\" content=\"463\" \/>\n\t<meta property=\"og:image:type\" content=\"image\/jpeg\" \/>\n<meta name=\"twitter:card\" content=\"summary_large_image\" \/>\n<meta name=\"twitter:site\" content=\"@ConselldeMca\" \/>\n<script type=\"application\/ld+json\" class=\"yoast-schema-graph\">{\"@context\":\"https:\\\/\\\/schema.org\",\"@graph\":[{\"@type\":\"WebPage\",\"@id\":\"https:\\\/\\\/fundaciomallorcaturisme.net\\\/de\\\/routen\\\/thematische\\\/kinematographische-touren\\\/\",\"url\":\"https:\\\/\\\/fundaciomallorcaturisme.net\\\/de\\\/routen\\\/thematische\\\/kinematographische-touren\\\/\",\"name\":\"Kinematographische Touren - Consell de Mallorca\",\"isPartOf\":{\"@id\":\"https:\\\/\\\/fundaciomallorcaturisme.net\\\/de\\\/#website\"},\"primaryImageOfPage\":{\"@id\":\"https:\\\/\\\/fundaciomallorcaturisme.net\\\/de\\\/routen\\\/thematische\\\/kinematographische-touren\\\/#primaryimage\"},\"image\":{\"@id\":\"https:\\\/\\\/fundaciomallorcaturisme.net\\\/de\\\/routen\\\/thematische\\\/kinematographische-touren\\\/#primaryimage\"},\"thumbnailUrl\":\"https:\\\/\\\/fundaciomallorcaturisme.net\\\/wp-content\\\/uploads\\\/2026\\\/02\\\/6954c6a3-b748-796b-bcc6-33f32813ddb9.jpg\",\"datePublished\":\"2026-02-25T12:35:09+00:00\",\"dateModified\":\"2026-02-25T12:37:28+00:00\",\"breadcrumb\":{\"@id\":\"https:\\\/\\\/fundaciomallorcaturisme.net\\\/de\\\/routen\\\/thematische\\\/kinematographische-touren\\\/#breadcrumb\"},\"inLanguage\":\"de\",\"potentialAction\":[{\"@type\":\"ReadAction\",\"target\":[\"https:\\\/\\\/fundaciomallorcaturisme.net\\\/de\\\/routen\\\/thematische\\\/kinematographische-touren\\\/\"]}]},{\"@type\":\"ImageObject\",\"inLanguage\":\"de\",\"@id\":\"https:\\\/\\\/fundaciomallorcaturisme.net\\\/de\\\/routen\\\/thematische\\\/kinematographische-touren\\\/#primaryimage\",\"url\":\"https:\\\/\\\/fundaciomallorcaturisme.net\\\/wp-content\\\/uploads\\\/2026\\\/02\\\/6954c6a3-b748-796b-bcc6-33f32813ddb9.jpg\",\"contentUrl\":\"https:\\\/\\\/fundaciomallorcaturisme.net\\\/wp-content\\\/uploads\\\/2026\\\/02\\\/6954c6a3-b748-796b-bcc6-33f32813ddb9.jpg\",\"width\":825,\"height\":463},{\"@type\":\"BreadcrumbList\",\"@id\":\"https:\\\/\\\/fundaciomallorcaturisme.net\\\/de\\\/routen\\\/thematische\\\/kinematographische-touren\\\/#breadcrumb\",\"itemListElement\":[{\"@type\":\"ListItem\",\"position\":1,\"name\":\"Startseite\",\"item\":\"https:\\\/\\\/fundaciomallorcaturisme.net\\\/de\\\/\"},{\"@type\":\"ListItem\",\"position\":2,\"name\":\"Routen\",\"item\":\"https:\\\/\\\/fundaciomallorcaturisme.net\\\/de\\\/routen\\\/\"},{\"@type\":\"ListItem\",\"position\":3,\"name\":\"Thematische\",\"item\":\"https:\\\/\\\/fundaciomallorcaturisme.net\\\/de\\\/routen\\\/thematische\\\/\"},{\"@type\":\"ListItem\",\"position\":4,\"name\":\"Kinematographische Touren\"}]},{\"@type\":\"WebSite\",\"@id\":\"https:\\\/\\\/fundaciomallorcaturisme.net\\\/de\\\/#website\",\"url\":\"https:\\\/\\\/fundaciomallorcaturisme.net\\\/de\\\/\",\"name\":\"Consell de Mallorca\",\"description\":\"\",\"publisher\":{\"@id\":\"https:\\\/\\\/fundaciomallorcaturisme.net\\\/de\\\/#organization\"},\"alternateName\":\"Mallorca Turisme\",\"potentialAction\":[{\"@type\":\"SearchAction\",\"target\":{\"@type\":\"EntryPoint\",\"urlTemplate\":\"https:\\\/\\\/fundaciomallorcaturisme.net\\\/de\\\/?s={search_term_string}\"},\"query-input\":{\"@type\":\"PropertyValueSpecification\",\"valueRequired\":true,\"valueName\":\"search_term_string\"}}],\"inLanguage\":\"de\"},{\"@type\":\"Organization\",\"@id\":\"https:\\\/\\\/fundaciomallorcaturisme.net\\\/de\\\/#organization\",\"name\":\"Consell de Mallorca\",\"alternateName\":\"Mallorca Turisme\",\"url\":\"https:\\\/\\\/fundaciomallorcaturisme.net\\\/de\\\/\",\"logo\":{\"@type\":\"ImageObject\",\"inLanguage\":\"de\",\"@id\":\"https:\\\/\\\/fundaciomallorcaturisme.net\\\/de\\\/#\\\/schema\\\/logo\\\/image\\\/\",\"url\":\"http:\\\/\\\/fundaciomallorcaturisme.net\\\/wp-content\\\/uploads\\\/2026\\\/03\\\/logo.webp\",\"contentUrl\":\"http:\\\/\\\/fundaciomallorcaturisme.net\\\/wp-content\\\/uploads\\\/2026\\\/03\\\/logo.webp\",\"width\":696,\"height\":570,\"caption\":\"Consell de Mallorca\"},\"image\":{\"@id\":\"https:\\\/\\\/fundaciomallorcaturisme.net\\\/de\\\/#\\\/schema\\\/logo\\\/image\\\/\"},\"sameAs\":[\"https:\\\/\\\/www.facebook.com\\\/ConselldeMca\\\/\",\"https:\\\/\\\/x.com\\\/ConselldeMca\",\"https:\\\/\\\/www.instagram.com\\\/conselldemca\\\/\",\"https:\\\/\\\/www.youtube.com\\\/user\\\/conselldemallorca\"]}]}<\/script>\n<!-- \/ Yoast SEO plugin. -->","yoast_head_json":{"title":"Kinematographische Touren - Consell de Mallorca","robots":{"index":"index","follow":"follow","max-snippet":"max-snippet:-1","max-image-preview":"max-image-preview:large","max-video-preview":"max-video-preview:-1"},"canonical":"https:\/\/fundaciomallorcaturisme.net\/de\/routen\/thematische\/kinematographische-touren\/","og_locale":"de_DE","og_type":"article","og_title":"Kinematographische Touren - Consell de Mallorca","og_url":"https:\/\/fundaciomallorcaturisme.net\/de\/routen\/thematische\/kinematographische-touren\/","og_site_name":"Consell de Mallorca","article_publisher":"https:\/\/www.facebook.com\/ConselldeMca\/","article_modified_time":"2026-02-25T12:37:28+00:00","og_image":[{"width":825,"height":463,"url":"https:\/\/fundaciomallorcaturisme.net\/wp-content\/uploads\/2026\/02\/6954c6a3-b748-796b-bcc6-33f32813ddb9.jpg","type":"image\/jpeg"}],"twitter_card":"summary_large_image","twitter_site":"@ConselldeMca","schema":{"@context":"https:\/\/schema.org","@graph":[{"@type":"WebPage","@id":"https:\/\/fundaciomallorcaturisme.net\/de\/routen\/thematische\/kinematographische-touren\/","url":"https:\/\/fundaciomallorcaturisme.net\/de\/routen\/thematische\/kinematographische-touren\/","name":"Kinematographische Touren - Consell de Mallorca","isPartOf":{"@id":"https:\/\/fundaciomallorcaturisme.net\/de\/#website"},"primaryImageOfPage":{"@id":"https:\/\/fundaciomallorcaturisme.net\/de\/routen\/thematische\/kinematographische-touren\/#primaryimage"},"image":{"@id":"https:\/\/fundaciomallorcaturisme.net\/de\/routen\/thematische\/kinematographische-touren\/#primaryimage"},"thumbnailUrl":"https:\/\/fundaciomallorcaturisme.net\/wp-content\/uploads\/2026\/02\/6954c6a3-b748-796b-bcc6-33f32813ddb9.jpg","datePublished":"2026-02-25T12:35:09+00:00","dateModified":"2026-02-25T12:37:28+00:00","breadcrumb":{"@id":"https:\/\/fundaciomallorcaturisme.net\/de\/routen\/thematische\/kinematographische-touren\/#breadcrumb"},"inLanguage":"de","potentialAction":[{"@type":"ReadAction","target":["https:\/\/fundaciomallorcaturisme.net\/de\/routen\/thematische\/kinematographische-touren\/"]}]},{"@type":"ImageObject","inLanguage":"de","@id":"https:\/\/fundaciomallorcaturisme.net\/de\/routen\/thematische\/kinematographische-touren\/#primaryimage","url":"https:\/\/fundaciomallorcaturisme.net\/wp-content\/uploads\/2026\/02\/6954c6a3-b748-796b-bcc6-33f32813ddb9.jpg","contentUrl":"https:\/\/fundaciomallorcaturisme.net\/wp-content\/uploads\/2026\/02\/6954c6a3-b748-796b-bcc6-33f32813ddb9.jpg","width":825,"height":463},{"@type":"BreadcrumbList","@id":"https:\/\/fundaciomallorcaturisme.net\/de\/routen\/thematische\/kinematographische-touren\/#breadcrumb","itemListElement":[{"@type":"ListItem","position":1,"name":"Startseite","item":"https:\/\/fundaciomallorcaturisme.net\/de\/"},{"@type":"ListItem","position":2,"name":"Routen","item":"https:\/\/fundaciomallorcaturisme.net\/de\/routen\/"},{"@type":"ListItem","position":3,"name":"Thematische","item":"https:\/\/fundaciomallorcaturisme.net\/de\/routen\/thematische\/"},{"@type":"ListItem","position":4,"name":"Kinematographische Touren"}]},{"@type":"WebSite","@id":"https:\/\/fundaciomallorcaturisme.net\/de\/#website","url":"https:\/\/fundaciomallorcaturisme.net\/de\/","name":"Consell de Mallorca","description":"","publisher":{"@id":"https:\/\/fundaciomallorcaturisme.net\/de\/#organization"},"alternateName":"Mallorca Turisme","potentialAction":[{"@type":"SearchAction","target":{"@type":"EntryPoint","urlTemplate":"https:\/\/fundaciomallorcaturisme.net\/de\/?s={search_term_string}"},"query-input":{"@type":"PropertyValueSpecification","valueRequired":true,"valueName":"search_term_string"}}],"inLanguage":"de"},{"@type":"Organization","@id":"https:\/\/fundaciomallorcaturisme.net\/de\/#organization","name":"Consell de Mallorca","alternateName":"Mallorca Turisme","url":"https:\/\/fundaciomallorcaturisme.net\/de\/","logo":{"@type":"ImageObject","inLanguage":"de","@id":"https:\/\/fundaciomallorcaturisme.net\/de\/#\/schema\/logo\/image\/","url":"http:\/\/fundaciomallorcaturisme.net\/wp-content\/uploads\/2026\/03\/logo.webp","contentUrl":"http:\/\/fundaciomallorcaturisme.net\/wp-content\/uploads\/2026\/03\/logo.webp","width":696,"height":570,"caption":"Consell de Mallorca"},"image":{"@id":"https:\/\/fundaciomallorcaturisme.net\/de\/#\/schema\/logo\/image\/"},"sameAs":["https:\/\/www.facebook.com\/ConselldeMca\/","https:\/\/x.com\/ConselldeMca","https:\/\/www.instagram.com\/conselldemca\/","https:\/\/www.youtube.com\/user\/conselldemallorca"]}]}},"_links":{"self":[{"href":"https:\/\/fundaciomallorcaturisme.net\/de\/wp-json\/wp\/v2\/pages\/3128","targetHints":{"allow":["GET"]}}],"collection":[{"href":"https:\/\/fundaciomallorcaturisme.net\/de\/wp-json\/wp\/v2\/pages"}],"about":[{"href":"https:\/\/fundaciomallorcaturisme.net\/de\/wp-json\/wp\/v2\/types\/page"}],"author":[{"embeddable":true,"href":"https:\/\/fundaciomallorcaturisme.net\/de\/wp-json\/wp\/v2\/users\/1"}],"replies":[{"embeddable":true,"href":"https:\/\/fundaciomallorcaturisme.net\/de\/wp-json\/wp\/v2\/comments?post=3128"}],"version-history":[{"count":0,"href":"https:\/\/fundaciomallorcaturisme.net\/de\/wp-json\/wp\/v2\/pages\/3128\/revisions"}],"up":[{"embeddable":true,"href":"https:\/\/fundaciomallorcaturisme.net\/de\/wp-json\/wp\/v2\/pages\/1694"}],"wp:featuredmedia":[{"embeddable":true,"href":"https:\/\/fundaciomallorcaturisme.net\/de\/wp-json\/wp\/v2\/media\/1744"}],"wp:attachment":[{"href":"https:\/\/fundaciomallorcaturisme.net\/de\/wp-json\/wp\/v2\/media?parent=3128"}],"curies":[{"name":"wp","href":"https:\/\/api.w.org\/{rel}","templated":true}]}}

<h3>Eine Insel des Films</h3>
<p>Den Spuren der Filme zu folgen, die auf Mallorca gedrehet wurden, kann zu einem überraschenden Erlebnis werden. Sie führen uns in das Tramuntana Gebirge, vorbei an Steilküsten und offenen Buchten, entlang am blauen Meer und eleganten Palästen von Palma... An Orte der Insel, die Schauplatz von herzbewegenden Geschichten waren.</p>
<p>Klicken Sie<a href="/documents/43575/69595/Mallorca_Movie_Map+alemany.pdf/d117c4d4-0dfa-5267-d1d4-327a64414f67?t=1668504029391" target="_blank"> hier</a>, um die Mallorca Movie Map herunterzuladen. Diese Broschüre enthält Informationen über Filme und Touren durch die Insel.</p>
<p>Wenn Sie mehr über die auf Mallorca gedrehten Filme wissen möchten, klicken Sie bitte<a href="https://mallorcafilmcommission.net/de/rodat-a-mallorca/" target="_blank"> hier.</a></p>
