{"id":3127,"date":"2026-02-25T13:35:09","date_gmt":"2026-02-25T12:35:09","guid":{"rendered":"http:\/\/fundaciomallorcaturisme.net\/routen\/thematische\/r5-gastronomie\/"},"modified":"2026-02-25T13:37:28","modified_gmt":"2026-02-25T12:37:28","slug":"r5-gastronomie","status":"publish","type":"page","link":"https:\/\/fundaciomallorcaturisme.net\/de\/routen\/thematische\/r5-gastronomie\/","title":{"rendered":"R5 Gastronomie"},"content":{"rendered":"","protected":false},"excerpt":{"rendered":"","protected":false},"author":1,"featured_media":1729,"parent":1694,"menu_order":0,"comment_status":"open","ping_status":"open","template":"page-templates\/contenido_flexible.php","meta":{"_acf_changed":false,"footnotes":""},"class_list":["post-3127","page","type-page","status-publish","has-post-thumbnail","hentry"],"acf":{"contenido_flexible":[{"acf_fc_layout":"cabecera","titulo":"<h1>R5 Gastronomie<\/h1>","titulo_grande":false,"subtitulo":"87 km (Mittel)","texto":"","enlace":"","flecha_abajo":false,"tiene_video":false,"video":"","imagenx1":1729,"imagenx2":1729,"logos":[]},{"acf_fc_layout":"texto_simple","pretitulo":"","titulo":"","texto":"<p>Mit dem Touristenboom in den 1960er-Jahren \u00fcbernahm Mallorca die spanischen Tapas, die sich zu einer kulinarischen Variante namens \u201eVariat\u201c entwickelten. Dieses Gericht, das zu den bekanntesten Tapas der Insel geh\u00f6rt, kombiniert Fleisch, Fisch, Frittiertes und Eint\u00f6pfe in einer attraktiven Pr\u00e4sentation. Diese Rundfahrt mit Sineu als Ausgangspunkt erkundet das l\u00e4ndliche Mallorca in der Umgebung mit D\u00f6rfern wie Costitx, Sencelles und Algaida, von denen jedes einzelne mit seinem traditionellen Charme bezaubert. Zu den H\u00f6hepunkten geh\u00f6ren Puig de Randa und Petra, der Geburtsort des im Jahre 2015 heiliggesprochenen Fray Jun\u00edpero Serra, mit Denkm\u00e4lern und Museen, die seine Lebensgeschichte erz\u00e4hlen. \u00dcber Santa Margalida f\u00fchrt die Route weiter durch Muro und Llub\u00ed, D\u00f6rfer, die haupts\u00e4chlich von der Landwirtschaft leben, und endet wieder in Sineu, unserem Ausgangspunkt.<\/p>","cta":"","2_columnas":false,"color_de_fondo":""}]},"yoast_head":"<!-- This site is optimized with the Yoast SEO plugin v27.7 - https:\/\/yoast.com\/product\/yoast-seo-wordpress\/ -->\n<title>R5 Gastronomie - Consell de Mallorca<\/title>\n<meta name=\"robots\" content=\"index, follow, max-snippet:-1, max-image-preview:large, max-video-preview:-1\" \/>\n<link rel=\"canonical\" href=\"https:\/\/fundaciomallorcaturisme.net\/de\/routen\/thematische\/r5-gastronomie\/\" \/>\n<meta property=\"og:locale\" content=\"de_DE\" \/>\n<meta property=\"og:type\" content=\"article\" \/>\n<meta property=\"og:title\" content=\"R5 Gastronomie - Consell de Mallorca\" \/>\n<meta property=\"og:url\" content=\"https:\/\/fundaciomallorcaturisme.net\/de\/routen\/thematische\/r5-gastronomie\/\" \/>\n<meta property=\"og:site_name\" content=\"Consell de Mallorca\" \/>\n<meta property=\"article:publisher\" content=\"https:\/\/www.facebook.com\/ConselldeMca\/\" \/>\n<meta property=\"article:modified_time\" content=\"2026-02-25T12:37:28+00:00\" \/>\n<meta property=\"og:image\" content=\"https:\/\/fundaciomallorcaturisme.net\/wp-content\/uploads\/2026\/02\/8bf7c2f6-088c-c730-fc40-1f43533661f9.png\" \/>\n\t<meta property=\"og:image:width\" content=\"825\" \/>\n\t<meta property=\"og:image:height\" content=\"463\" \/>\n\t<meta property=\"og:image:type\" content=\"image\/png\" \/>\n<meta name=\"twitter:card\" content=\"summary_large_image\" \/>\n<meta name=\"twitter:site\" content=\"@ConselldeMca\" \/>\n<script type=\"application\/ld+json\" class=\"yoast-schema-graph\">{\"@context\":\"https:\\\/\\\/schema.org\",\"@graph\":[{\"@type\":\"WebPage\",\"@id\":\"https:\\\/\\\/fundaciomallorcaturisme.net\\\/de\\\/routen\\\/thematische\\\/r5-gastronomie\\\/\",\"url\":\"https:\\\/\\\/fundaciomallorcaturisme.net\\\/de\\\/routen\\\/thematische\\\/r5-gastronomie\\\/\",\"name\":\"R5 Gastronomie - Consell de Mallorca\",\"isPartOf\":{\"@id\":\"https:\\\/\\\/fundaciomallorcaturisme.net\\\/de\\\/#website\"},\"primaryImageOfPage\":{\"@id\":\"https:\\\/\\\/fundaciomallorcaturisme.net\\\/de\\\/routen\\\/thematische\\\/r5-gastronomie\\\/#primaryimage\"},\"image\":{\"@id\":\"https:\\\/\\\/fundaciomallorcaturisme.net\\\/de\\\/routen\\\/thematische\\\/r5-gastronomie\\\/#primaryimage\"},\"thumbnailUrl\":\"https:\\\/\\\/fundaciomallorcaturisme.net\\\/wp-content\\\/uploads\\\/2026\\\/02\\\/8bf7c2f6-088c-c730-fc40-1f43533661f9.png\",\"datePublished\":\"2026-02-25T12:35:09+00:00\",\"dateModified\":\"2026-02-25T12:37:28+00:00\",\"breadcrumb\":{\"@id\":\"https:\\\/\\\/fundaciomallorcaturisme.net\\\/de\\\/routen\\\/thematische\\\/r5-gastronomie\\\/#breadcrumb\"},\"inLanguage\":\"de\",\"potentialAction\":[{\"@type\":\"ReadAction\",\"target\":[\"https:\\\/\\\/fundaciomallorcaturisme.net\\\/de\\\/routen\\\/thematische\\\/r5-gastronomie\\\/\"]}]},{\"@type\":\"ImageObject\",\"inLanguage\":\"de\",\"@id\":\"https:\\\/\\\/fundaciomallorcaturisme.net\\\/de\\\/routen\\\/thematische\\\/r5-gastronomie\\\/#primaryimage\",\"url\":\"https:\\\/\\\/fundaciomallorcaturisme.net\\\/wp-content\\\/uploads\\\/2026\\\/02\\\/8bf7c2f6-088c-c730-fc40-1f43533661f9.png\",\"contentUrl\":\"https:\\\/\\\/fundaciomallorcaturisme.net\\\/wp-content\\\/uploads\\\/2026\\\/02\\\/8bf7c2f6-088c-c730-fc40-1f43533661f9.png\",\"width\":825,\"height\":463},{\"@type\":\"BreadcrumbList\",\"@id\":\"https:\\\/\\\/fundaciomallorcaturisme.net\\\/de\\\/routen\\\/thematische\\\/r5-gastronomie\\\/#breadcrumb\",\"itemListElement\":[{\"@type\":\"ListItem\",\"position\":1,\"name\":\"Startseite\",\"item\":\"https:\\\/\\\/fundaciomallorcaturisme.net\\\/de\\\/\"},{\"@type\":\"ListItem\",\"position\":2,\"name\":\"Routen\",\"item\":\"https:\\\/\\\/fundaciomallorcaturisme.net\\\/de\\\/routen\\\/\"},{\"@type\":\"ListItem\",\"position\":3,\"name\":\"Thematische\",\"item\":\"https:\\\/\\\/fundaciomallorcaturisme.net\\\/de\\\/routen\\\/thematische\\\/\"},{\"@type\":\"ListItem\",\"position\":4,\"name\":\"R5 Gastronomie\"}]},{\"@type\":\"WebSite\",\"@id\":\"https:\\\/\\\/fundaciomallorcaturisme.net\\\/de\\\/#website\",\"url\":\"https:\\\/\\\/fundaciomallorcaturisme.net\\\/de\\\/\",\"name\":\"Consell de Mallorca\",\"description\":\"\",\"publisher\":{\"@id\":\"https:\\\/\\\/fundaciomallorcaturisme.net\\\/de\\\/#organization\"},\"alternateName\":\"Mallorca Turisme\",\"potentialAction\":[{\"@type\":\"SearchAction\",\"target\":{\"@type\":\"EntryPoint\",\"urlTemplate\":\"https:\\\/\\\/fundaciomallorcaturisme.net\\\/de\\\/?s={search_term_string}\"},\"query-input\":{\"@type\":\"PropertyValueSpecification\",\"valueRequired\":true,\"valueName\":\"search_term_string\"}}],\"inLanguage\":\"de\"},{\"@type\":\"Organization\",\"@id\":\"https:\\\/\\\/fundaciomallorcaturisme.net\\\/de\\\/#organization\",\"name\":\"Consell de Mallorca\",\"alternateName\":\"Mallorca Turisme\",\"url\":\"https:\\\/\\\/fundaciomallorcaturisme.net\\\/de\\\/\",\"logo\":{\"@type\":\"ImageObject\",\"inLanguage\":\"de\",\"@id\":\"https:\\\/\\\/fundaciomallorcaturisme.net\\\/de\\\/#\\\/schema\\\/logo\\\/image\\\/\",\"url\":\"http:\\\/\\\/fundaciomallorcaturisme.net\\\/wp-content\\\/uploads\\\/2026\\\/03\\\/logo.webp\",\"contentUrl\":\"http:\\\/\\\/fundaciomallorcaturisme.net\\\/wp-content\\\/uploads\\\/2026\\\/03\\\/logo.webp\",\"width\":696,\"height\":570,\"caption\":\"Consell de Mallorca\"},\"image\":{\"@id\":\"https:\\\/\\\/fundaciomallorcaturisme.net\\\/de\\\/#\\\/schema\\\/logo\\\/image\\\/\"},\"sameAs\":[\"https:\\\/\\\/www.facebook.com\\\/ConselldeMca\\\/\",\"https:\\\/\\\/x.com\\\/ConselldeMca\",\"https:\\\/\\\/www.instagram.com\\\/conselldemca\\\/\",\"https:\\\/\\\/www.youtube.com\\\/user\\\/conselldemallorca\"]}]}<\/script>\n<!-- \/ Yoast SEO plugin. -->","yoast_head_json":{"title":"R5 Gastronomie - Consell de Mallorca","robots":{"index":"index","follow":"follow","max-snippet":"max-snippet:-1","max-image-preview":"max-image-preview:large","max-video-preview":"max-video-preview:-1"},"canonical":"https:\/\/fundaciomallorcaturisme.net\/de\/routen\/thematische\/r5-gastronomie\/","og_locale":"de_DE","og_type":"article","og_title":"R5 Gastronomie - Consell de Mallorca","og_url":"https:\/\/fundaciomallorcaturisme.net\/de\/routen\/thematische\/r5-gastronomie\/","og_site_name":"Consell de Mallorca","article_publisher":"https:\/\/www.facebook.com\/ConselldeMca\/","article_modified_time":"2026-02-25T12:37:28+00:00","og_image":[{"width":825,"height":463,"url":"https:\/\/fundaciomallorcaturisme.net\/wp-content\/uploads\/2026\/02\/8bf7c2f6-088c-c730-fc40-1f43533661f9.png","type":"image\/png"}],"twitter_card":"summary_large_image","twitter_site":"@ConselldeMca","schema":{"@context":"https:\/\/schema.org","@graph":[{"@type":"WebPage","@id":"https:\/\/fundaciomallorcaturisme.net\/de\/routen\/thematische\/r5-gastronomie\/","url":"https:\/\/fundaciomallorcaturisme.net\/de\/routen\/thematische\/r5-gastronomie\/","name":"R5 Gastronomie - Consell de Mallorca","isPartOf":{"@id":"https:\/\/fundaciomallorcaturisme.net\/de\/#website"},"primaryImageOfPage":{"@id":"https:\/\/fundaciomallorcaturisme.net\/de\/routen\/thematische\/r5-gastronomie\/#primaryimage"},"image":{"@id":"https:\/\/fundaciomallorcaturisme.net\/de\/routen\/thematische\/r5-gastronomie\/#primaryimage"},"thumbnailUrl":"https:\/\/fundaciomallorcaturisme.net\/wp-content\/uploads\/2026\/02\/8bf7c2f6-088c-c730-fc40-1f43533661f9.png","datePublished":"2026-02-25T12:35:09+00:00","dateModified":"2026-02-25T12:37:28+00:00","breadcrumb":{"@id":"https:\/\/fundaciomallorcaturisme.net\/de\/routen\/thematische\/r5-gastronomie\/#breadcrumb"},"inLanguage":"de","potentialAction":[{"@type":"ReadAction","target":["https:\/\/fundaciomallorcaturisme.net\/de\/routen\/thematische\/r5-gastronomie\/"]}]},{"@type":"ImageObject","inLanguage":"de","@id":"https:\/\/fundaciomallorcaturisme.net\/de\/routen\/thematische\/r5-gastronomie\/#primaryimage","url":"https:\/\/fundaciomallorcaturisme.net\/wp-content\/uploads\/2026\/02\/8bf7c2f6-088c-c730-fc40-1f43533661f9.png","contentUrl":"https:\/\/fundaciomallorcaturisme.net\/wp-content\/uploads\/2026\/02\/8bf7c2f6-088c-c730-fc40-1f43533661f9.png","width":825,"height":463},{"@type":"BreadcrumbList","@id":"https:\/\/fundaciomallorcaturisme.net\/de\/routen\/thematische\/r5-gastronomie\/#breadcrumb","itemListElement":[{"@type":"ListItem","position":1,"name":"Startseite","item":"https:\/\/fundaciomallorcaturisme.net\/de\/"},{"@type":"ListItem","position":2,"name":"Routen","item":"https:\/\/fundaciomallorcaturisme.net\/de\/routen\/"},{"@type":"ListItem","position":3,"name":"Thematische","item":"https:\/\/fundaciomallorcaturisme.net\/de\/routen\/thematische\/"},{"@type":"ListItem","position":4,"name":"R5 Gastronomie"}]},{"@type":"WebSite","@id":"https:\/\/fundaciomallorcaturisme.net\/de\/#website","url":"https:\/\/fundaciomallorcaturisme.net\/de\/","name":"Consell de Mallorca","description":"","publisher":{"@id":"https:\/\/fundaciomallorcaturisme.net\/de\/#organization"},"alternateName":"Mallorca Turisme","potentialAction":[{"@type":"SearchAction","target":{"@type":"EntryPoint","urlTemplate":"https:\/\/fundaciomallorcaturisme.net\/de\/?s={search_term_string}"},"query-input":{"@type":"PropertyValueSpecification","valueRequired":true,"valueName":"search_term_string"}}],"inLanguage":"de"},{"@type":"Organization","@id":"https:\/\/fundaciomallorcaturisme.net\/de\/#organization","name":"Consell de Mallorca","alternateName":"Mallorca Turisme","url":"https:\/\/fundaciomallorcaturisme.net\/de\/","logo":{"@type":"ImageObject","inLanguage":"de","@id":"https:\/\/fundaciomallorcaturisme.net\/de\/#\/schema\/logo\/image\/","url":"http:\/\/fundaciomallorcaturisme.net\/wp-content\/uploads\/2026\/03\/logo.webp","contentUrl":"http:\/\/fundaciomallorcaturisme.net\/wp-content\/uploads\/2026\/03\/logo.webp","width":696,"height":570,"caption":"Consell de Mallorca"},"image":{"@id":"https:\/\/fundaciomallorcaturisme.net\/de\/#\/schema\/logo\/image\/"},"sameAs":["https:\/\/www.facebook.com\/ConselldeMca\/","https:\/\/x.com\/ConselldeMca","https:\/\/www.instagram.com\/conselldemca\/","https:\/\/www.youtube.com\/user\/conselldemallorca"]}]}},"_links":{"self":[{"href":"https:\/\/fundaciomallorcaturisme.net\/de\/wp-json\/wp\/v2\/pages\/3127","targetHints":{"allow":["GET"]}}],"collection":[{"href":"https:\/\/fundaciomallorcaturisme.net\/de\/wp-json\/wp\/v2\/pages"}],"about":[{"href":"https:\/\/fundaciomallorcaturisme.net\/de\/wp-json\/wp\/v2\/types\/page"}],"author":[{"embeddable":true,"href":"https:\/\/fundaciomallorcaturisme.net\/de\/wp-json\/wp\/v2\/users\/1"}],"replies":[{"embeddable":true,"href":"https:\/\/fundaciomallorcaturisme.net\/de\/wp-json\/wp\/v2\/comments?post=3127"}],"version-history":[{"count":0,"href":"https:\/\/fundaciomallorcaturisme.net\/de\/wp-json\/wp\/v2\/pages\/3127\/revisions"}],"up":[{"embeddable":true,"href":"https:\/\/fundaciomallorcaturisme.net\/de\/wp-json\/wp\/v2\/pages\/1694"}],"wp:featuredmedia":[{"embeddable":true,"href":"https:\/\/fundaciomallorcaturisme.net\/de\/wp-json\/wp\/v2\/media\/1729"}],"wp:attachment":[{"href":"https:\/\/fundaciomallorcaturisme.net\/de\/wp-json\/wp\/v2\/media?parent=3127"}],"curies":[{"name":"wp","href":"https:\/\/api.w.org\/{rel}","templated":true}]}}

<p>Mit dem Touristenboom in den 1960er-Jahren übernahm Mallorca die spanischen Tapas, die sich zu einer kulinarischen Variante namens „Variat“ entwickelten. Dieses Gericht, das zu den bekanntesten Tapas der Insel gehört, kombiniert Fleisch, Fisch, Frittiertes und Eintöpfe in einer attraktiven Präsentation. Diese Rundfahrt mit Sineu als Ausgangspunkt erkundet das ländliche Mallorca in der Umgebung mit Dörfern wie Costitx, Sencelles und Algaida, von denen jedes einzelne mit seinem traditionellen Charme bezaubert. Zu den Höhepunkten gehören Puig de Randa und Petra, der Geburtsort des im Jahre 2015 heiliggesprochenen Fray Junípero Serra, mit Denkmälern und Museen, die seine Lebensgeschichte erzählen. Über Santa Margalida führt die Route weiter durch Muro und Llubí, Dörfer, die hauptsächlich von der Landwirtschaft leben, und endet wieder in Sineu, unserem Ausgangspunkt.</p>
