{"id":3315,"date":"2026-02-26T09:07:18","date_gmt":"2026-02-26T08:07:18","guid":{"rendered":"http:\/\/fundaciomallorcaturisme.net\/planifica\/com-arribar\/avio\/"},"modified":"2026-04-08T11:37:58","modified_gmt":"2026-04-08T09:37:58","slug":"avio","status":"publish","type":"page","link":"https:\/\/fundaciomallorcaturisme.net\/ca\/planifica\/com-arribar\/avio\/","title":{"rendered":"Avi\u00f3"},"content":{"rendered":"","protected":false},"excerpt":{"rendered":"","protected":false},"author":1,"featured_media":0,"parent":3296,"menu_order":0,"comment_status":"open","ping_status":"open","template":"page-templates\/contenido_flexible.php","meta":{"_acf_changed":false,"footnotes":""},"class_list":["post-3315","page","type-page","status-publish","hentry"],"acf":{"contenido_flexible":[{"acf_fc_layout":"cabecera","titulo":"<h1>Arribar a Mallorca en Avi\u00f3: L'Aeroport Internacional de Son Sant Joan (PMI)<\/h1>","titulo_grande":false,"subtitulo":"","texto":"","enlace":"","flecha_abajo":false,"tiene_video":false,"video":"","imagenx1":"","imagenx2":"","logos":""},{"acf_fc_layout":"texto_simple","pretitulo":"","titulo":"","texto":"La manera m\u00e9s c\u00f2moda i r\u00e0pida d'arribar a l'illa \u00e9s per via a\u00e8ria. L'Aeroport de Palma de Mallorca (PMI), tamb\u00e9 conegut com Son Sant Joan, \u00e9s el tercer aeroport m\u00e9s important d'Espanya i un dels principals centres de connectivitat de la Mediterr\u00e0nia.\r\n\r\nOperatiu durant tot l'any i amb m\u00e9s de 70 companyies a\u00e8ries, connecta l'illa amb les principals capitals europees en menys de 3 hores. Madrid es troba a nom\u00e9s 1 hora i Barcelona a tot just 30 minuts de vol.\r\n<h2>Guia de la Terminal: Qu\u00e8 hi trobar\u00e0s a cada planta?<\/h2>\r\nL'aeroport s'estructura en una \u00fanica terminal de passatgers de tres altures, dissenyada per facilitar el flux de viatgers:\r\n<h3>Planta 0: Arribades i Serveis de Benvinguda<\/h3>\r\nAqu\u00ed comen\u00e7a la teva experi\u00e8ncia a l'illa. Hi trobar\u00e0s:\r\n<ul>\r\n \t<li>Oficines de lloguer de vehicles (Rent a car).<\/li>\r\n \t<li>L'Oficina d'Informaci\u00f3 Tur\u00edstica de Mallorca.<\/li>\r\n \t<li>Meeting Point i servei d'Objectes Perduts.<\/li>\r\n<\/ul>\r\n<h3>Planta 2: Facturaci\u00f3 i Tax-Free<\/h3>\r\nZona dedicada al check-in i facturaci\u00f3 d'equipatge. A m\u00e9s, aqu\u00ed se situa l'oficina de devoluci\u00f3 de l'IVA (Tax-Free) per a persones no residents a la Uni\u00f3 Europea.\r\n<h3>Planta 4: Sortides i Zona Comercial<\/h3>\r\nPlanta d'acc\u00e9s als controls de seguretat, zona de botigues duty free i acc\u00e9s a totes les portes d'embarcament.\r\n<h2>Aparcament i Accessos<\/h2>\r\nDavant de la terminal se situa el p\u00e0rquing general cobert, la quarta planta del qual connecta directament amb la zona de Sortides mitjan\u00e7ant un t\u00fanel interior. Per a estades m\u00e9s llargues, existeix un p\u00e0rquing de llarga estada connectat mitjan\u00e7ant un autob\u00fas llan\u00e7adora gratu\u00eft (trasllat de 4 minuts).\r\n<h2>Transport: Com anar de l'Aeroport a la teva Destinaci\u00f3<\/h2>\r\nL'aeroport est\u00e0 situat a nom\u00e9s 8 km del centre de Palma i a pocs minuts de zones com la Platja de Palma i s\u2019Arenal. En sortir de la zona d'Arribades hi trobar\u00e0s:\r\n<ul>\r\n \t<li>Taxis: Parada oficial a la sortida de la terminal.<\/li>\r\n \t<li>Autobusos Urbans (<a href=\"https:\/\/www.emtpalma.cat\/ca\/inici\/\">EMT<\/a>): L\u00ednies A1 (Palma Centre) i A2 (Platja de Palma).<\/li>\r\n \t<li>Autobusos Interurbans (<a href=\"https:\/\/www.tib.org\/ca\/inici\">Aerotib<\/a>): L\u00ednies A11, A32, A42 i A51 que connecten amb diversos punts estrat\u00e8gics de l'illa.<\/li>\r\n<\/ul>\r\n<h2>Accessibilitat: Persones amb Mobilitat Redu\u00efda (PMR)<\/h2>\r\nCom a part del nostre comprom\u00eds amb el turisme accessible, l'aeroport ofereix un servei d'assist\u00e8ncia sense barreres tant a Sortides com a Arribades.\r\n\r\nImportant: Es recomana sol\u00b7licitar aquest servei amb un m\u00ednim de 48 hores d'antelaci\u00f3 per garantir la millor atenci\u00f3. El p\u00e0rquing general disposa de places reservades a totes les seves plantes.\r\n\r\n<a href=\"https:\/\/www.aena.es\/pmr\/inicio\" target=\"_blank\" rel=\"noopener\">Sol\u00b7licitar assist\u00e8ncia PMR (AENA)<\/a>","cta":"","2_columnas":false,"color_de_fondo":""}]},"yoast_head":"<!-- This site is optimized with the Yoast SEO plugin v27.7 - https:\/\/yoast.com\/product\/yoast-seo-wordpress\/ -->\n<title>Avi\u00f3 - Consell de Mallorca<\/title>\n<meta name=\"robots\" content=\"index, follow, max-snippet:-1, max-image-preview:large, max-video-preview:-1\" \/>\n<link rel=\"canonical\" href=\"https:\/\/fundaciomallorcaturisme.net\/ca\/planifica\/com-arribar\/avio\/\" \/>\n<meta property=\"og:locale\" content=\"ca_ES\" \/>\n<meta property=\"og:type\" content=\"article\" \/>\n<meta property=\"og:title\" content=\"Avi\u00f3 - Consell de Mallorca\" \/>\n<meta property=\"og:url\" content=\"https:\/\/fundaciomallorcaturisme.net\/ca\/planifica\/com-arribar\/avio\/\" \/>\n<meta property=\"og:site_name\" content=\"Consell de Mallorca\" \/>\n<meta property=\"article:publisher\" content=\"https:\/\/www.facebook.com\/ConselldeMca\/\" \/>\n<meta property=\"article:modified_time\" content=\"2026-04-08T09:37:58+00:00\" \/>\n<meta property=\"og:image\" content=\"https:\/\/fundaciomallorcaturisme.net\/wp-content\/uploads\/2026\/02\/planificax2.jpg\" \/>\n\t<meta property=\"og:image:width\" content=\"1346\" \/>\n\t<meta property=\"og:image:height\" content=\"1094\" \/>\n\t<meta property=\"og:image:type\" content=\"image\/jpeg\" \/>\n<meta name=\"twitter:card\" content=\"summary_large_image\" \/>\n<meta name=\"twitter:site\" content=\"@ConselldeMca\" \/>\n<script type=\"application\/ld+json\" class=\"yoast-schema-graph\">{\"@context\":\"https:\\\/\\\/schema.org\",\"@graph\":[{\"@type\":\"WebPage\",\"@id\":\"https:\\\/\\\/fundaciomallorcaturisme.net\\\/ca\\\/planifica\\\/com-arribar\\\/avio\\\/\",\"url\":\"https:\\\/\\\/fundaciomallorcaturisme.net\\\/ca\\\/planifica\\\/com-arribar\\\/avio\\\/\",\"name\":\"Avi\u00f3 - Consell de Mallorca\",\"isPartOf\":{\"@id\":\"https:\\\/\\\/fundaciomallorcaturisme.net\\\/ca\\\/#website\"},\"datePublished\":\"2026-02-26T08:07:18+00:00\",\"dateModified\":\"2026-04-08T09:37:58+00:00\",\"breadcrumb\":{\"@id\":\"https:\\\/\\\/fundaciomallorcaturisme.net\\\/ca\\\/planifica\\\/com-arribar\\\/avio\\\/#breadcrumb\"},\"inLanguage\":\"ca\",\"potentialAction\":[{\"@type\":\"ReadAction\",\"target\":[\"https:\\\/\\\/fundaciomallorcaturisme.net\\\/ca\\\/planifica\\\/com-arribar\\\/avio\\\/\"]}]},{\"@type\":\"BreadcrumbList\",\"@id\":\"https:\\\/\\\/fundaciomallorcaturisme.net\\\/ca\\\/planifica\\\/com-arribar\\\/avio\\\/#breadcrumb\",\"itemListElement\":[{\"@type\":\"ListItem\",\"position\":1,\"name\":\"Inici\",\"item\":\"https:\\\/\\\/fundaciomallorcaturisme.net\\\/ca\\\/\"},{\"@type\":\"ListItem\",\"position\":2,\"name\":\"Planifica\",\"item\":\"https:\\\/\\\/fundaciomallorcaturisme.net\\\/ca\\\/planifica\\\/\"},{\"@type\":\"ListItem\",\"position\":3,\"name\":\"Com arribar\",\"item\":\"https:\\\/\\\/fundaciomallorcaturisme.net\\\/ca\\\/planifica\\\/com-arribar\\\/\"},{\"@type\":\"ListItem\",\"position\":4,\"name\":\"Avi\u00f3\"}]},{\"@type\":\"WebSite\",\"@id\":\"https:\\\/\\\/fundaciomallorcaturisme.net\\\/ca\\\/#website\",\"url\":\"https:\\\/\\\/fundaciomallorcaturisme.net\\\/ca\\\/\",\"name\":\"Consell de Mallorca\",\"description\":\"\",\"publisher\":{\"@id\":\"https:\\\/\\\/fundaciomallorcaturisme.net\\\/ca\\\/#organization\"},\"alternateName\":\"Mallorca Turisme\",\"potentialAction\":[{\"@type\":\"SearchAction\",\"target\":{\"@type\":\"EntryPoint\",\"urlTemplate\":\"https:\\\/\\\/fundaciomallorcaturisme.net\\\/ca\\\/?s={search_term_string}\"},\"query-input\":{\"@type\":\"PropertyValueSpecification\",\"valueRequired\":true,\"valueName\":\"search_term_string\"}}],\"inLanguage\":\"ca\"},{\"@type\":\"Organization\",\"@id\":\"https:\\\/\\\/fundaciomallorcaturisme.net\\\/ca\\\/#organization\",\"name\":\"Consell de Mallorca\",\"alternateName\":\"Mallorca Turisme\",\"url\":\"https:\\\/\\\/fundaciomallorcaturisme.net\\\/ca\\\/\",\"logo\":{\"@type\":\"ImageObject\",\"inLanguage\":\"ca\",\"@id\":\"https:\\\/\\\/fundaciomallorcaturisme.net\\\/ca\\\/#\\\/schema\\\/logo\\\/image\\\/\",\"url\":\"http:\\\/\\\/fundaciomallorcaturisme.net\\\/wp-content\\\/uploads\\\/2026\\\/03\\\/logo.webp\",\"contentUrl\":\"http:\\\/\\\/fundaciomallorcaturisme.net\\\/wp-content\\\/uploads\\\/2026\\\/03\\\/logo.webp\",\"width\":696,\"height\":570,\"caption\":\"Consell de Mallorca\"},\"image\":{\"@id\":\"https:\\\/\\\/fundaciomallorcaturisme.net\\\/ca\\\/#\\\/schema\\\/logo\\\/image\\\/\"},\"sameAs\":[\"https:\\\/\\\/www.facebook.com\\\/ConselldeMca\\\/\",\"https:\\\/\\\/x.com\\\/ConselldeMca\",\"https:\\\/\\\/www.instagram.com\\\/conselldemca\\\/\",\"https:\\\/\\\/www.youtube.com\\\/user\\\/conselldemallorca\"]}]}<\/script>\n<!-- \/ Yoast SEO plugin. -->","yoast_head_json":{"title":"Avi\u00f3 - Consell de Mallorca","robots":{"index":"index","follow":"follow","max-snippet":"max-snippet:-1","max-image-preview":"max-image-preview:large","max-video-preview":"max-video-preview:-1"},"canonical":"https:\/\/fundaciomallorcaturisme.net\/ca\/planifica\/com-arribar\/avio\/","og_locale":"ca_ES","og_type":"article","og_title":"Avi\u00f3 - Consell de Mallorca","og_url":"https:\/\/fundaciomallorcaturisme.net\/ca\/planifica\/com-arribar\/avio\/","og_site_name":"Consell de Mallorca","article_publisher":"https:\/\/www.facebook.com\/ConselldeMca\/","article_modified_time":"2026-04-08T09:37:58+00:00","og_image":[{"width":1346,"height":1094,"url":"https:\/\/fundaciomallorcaturisme.net\/wp-content\/uploads\/2026\/02\/planificax2.jpg","type":"image\/jpeg"}],"twitter_card":"summary_large_image","twitter_site":"@ConselldeMca","schema":{"@context":"https:\/\/schema.org","@graph":[{"@type":"WebPage","@id":"https:\/\/fundaciomallorcaturisme.net\/ca\/planifica\/com-arribar\/avio\/","url":"https:\/\/fundaciomallorcaturisme.net\/ca\/planifica\/com-arribar\/avio\/","name":"Avi\u00f3 - Consell de Mallorca","isPartOf":{"@id":"https:\/\/fundaciomallorcaturisme.net\/ca\/#website"},"datePublished":"2026-02-26T08:07:18+00:00","dateModified":"2026-04-08T09:37:58+00:00","breadcrumb":{"@id":"https:\/\/fundaciomallorcaturisme.net\/ca\/planifica\/com-arribar\/avio\/#breadcrumb"},"inLanguage":"ca","potentialAction":[{"@type":"ReadAction","target":["https:\/\/fundaciomallorcaturisme.net\/ca\/planifica\/com-arribar\/avio\/"]}]},{"@type":"BreadcrumbList","@id":"https:\/\/fundaciomallorcaturisme.net\/ca\/planifica\/com-arribar\/avio\/#breadcrumb","itemListElement":[{"@type":"ListItem","position":1,"name":"Inici","item":"https:\/\/fundaciomallorcaturisme.net\/ca\/"},{"@type":"ListItem","position":2,"name":"Planifica","item":"https:\/\/fundaciomallorcaturisme.net\/ca\/planifica\/"},{"@type":"ListItem","position":3,"name":"Com arribar","item":"https:\/\/fundaciomallorcaturisme.net\/ca\/planifica\/com-arribar\/"},{"@type":"ListItem","position":4,"name":"Avi\u00f3"}]},{"@type":"WebSite","@id":"https:\/\/fundaciomallorcaturisme.net\/ca\/#website","url":"https:\/\/fundaciomallorcaturisme.net\/ca\/","name":"Consell de Mallorca","description":"","publisher":{"@id":"https:\/\/fundaciomallorcaturisme.net\/ca\/#organization"},"alternateName":"Mallorca Turisme","potentialAction":[{"@type":"SearchAction","target":{"@type":"EntryPoint","urlTemplate":"https:\/\/fundaciomallorcaturisme.net\/ca\/?s={search_term_string}"},"query-input":{"@type":"PropertyValueSpecification","valueRequired":true,"valueName":"search_term_string"}}],"inLanguage":"ca"},{"@type":"Organization","@id":"https:\/\/fundaciomallorcaturisme.net\/ca\/#organization","name":"Consell de Mallorca","alternateName":"Mallorca Turisme","url":"https:\/\/fundaciomallorcaturisme.net\/ca\/","logo":{"@type":"ImageObject","inLanguage":"ca","@id":"https:\/\/fundaciomallorcaturisme.net\/ca\/#\/schema\/logo\/image\/","url":"http:\/\/fundaciomallorcaturisme.net\/wp-content\/uploads\/2026\/03\/logo.webp","contentUrl":"http:\/\/fundaciomallorcaturisme.net\/wp-content\/uploads\/2026\/03\/logo.webp","width":696,"height":570,"caption":"Consell de Mallorca"},"image":{"@id":"https:\/\/fundaciomallorcaturisme.net\/ca\/#\/schema\/logo\/image\/"},"sameAs":["https:\/\/www.facebook.com\/ConselldeMca\/","https:\/\/x.com\/ConselldeMca","https:\/\/www.instagram.com\/conselldemca\/","https:\/\/www.youtube.com\/user\/conselldemallorca"]}]}},"_links":{"self":[{"href":"https:\/\/fundaciomallorcaturisme.net\/ca\/wp-json\/wp\/v2\/pages\/3315","targetHints":{"allow":["GET"]}}],"collection":[{"href":"https:\/\/fundaciomallorcaturisme.net\/ca\/wp-json\/wp\/v2\/pages"}],"about":[{"href":"https:\/\/fundaciomallorcaturisme.net\/ca\/wp-json\/wp\/v2\/types\/page"}],"author":[{"embeddable":true,"href":"https:\/\/fundaciomallorcaturisme.net\/ca\/wp-json\/wp\/v2\/users\/1"}],"replies":[{"embeddable":true,"href":"https:\/\/fundaciomallorcaturisme.net\/ca\/wp-json\/wp\/v2\/comments?post=3315"}],"version-history":[{"count":2,"href":"https:\/\/fundaciomallorcaturisme.net\/ca\/wp-json\/wp\/v2\/pages\/3315\/revisions"}],"predecessor-version":[{"id":4628,"href":"https:\/\/fundaciomallorcaturisme.net\/ca\/wp-json\/wp\/v2\/pages\/3315\/revisions\/4628"}],"up":[{"embeddable":true,"href":"https:\/\/fundaciomallorcaturisme.net\/ca\/wp-json\/wp\/v2\/pages\/3296"}],"wp:attachment":[{"href":"https:\/\/fundaciomallorcaturisme.net\/ca\/wp-json\/wp\/v2\/media?parent=3315"}],"curies":[{"name":"wp","href":"https:\/\/api.w.org\/{rel}","templated":true}]}}

Avió

<h1>Arribar a Mallorca en Avió: L'Aeroport Internacional de Son Sant Joan (PMI)</h1>

La manera més còmoda i ràpida d'arribar a l'illa és per via aèria. L'Aeroport de Palma de Mallorca (PMI), també conegut com Son Sant Joan, és el tercer aeroport més important d'Espanya i un dels principals centres de connectivitat de la Mediterrània.

Operatiu durant tot l'any i amb més de 70 companyies aèries, connecta l'illa amb les principals capitals europees en menys de 3 hores. Madrid es troba a només 1 hora i Barcelona a tot just 30 minuts de vol.
<h2>Guia de la Terminal: Què hi trobaràs a cada planta?</h2>
L'aeroport s'estructura en una única terminal de passatgers de tres altures, dissenyada per facilitar el flux de viatgers:
<h3>Planta 0: Arribades i Serveis de Benvinguda</h3>
Aquí comença la teva experiència a l'illa. Hi trobaràs:
<ul>
 	<li>Oficines de lloguer de vehicles (Rent a car).</li>
 	<li>L'Oficina d'Informació Turística de Mallorca.</li>
 	<li>Meeting Point i servei d'Objectes Perduts.</li>
</ul>
<h3>Planta 2: Facturació i Tax-Free</h3>
Zona dedicada al check-in i facturació d'equipatge. A més, aquí se situa l'oficina de devolució de l'IVA (Tax-Free) per a persones no residents a la Unió Europea.
<h3>Planta 4: Sortides i Zona Comercial</h3>
Planta d'accés als controls de seguretat, zona de botigues duty free i accés a totes les portes d'embarcament.
<h2>Aparcament i Accessos</h2>
Davant de la terminal se situa el pàrquing general cobert, la quarta planta del qual connecta directament amb la zona de Sortides mitjançant un túnel interior. Per a estades més llargues, existeix un pàrquing de llarga estada connectat mitjançant un autobús llançadora gratuït (trasllat de 4 minuts).
<h2>Transport: Com anar de l'Aeroport a la teva Destinació</h2>
L'aeroport està situat a només 8 km del centre de Palma i a pocs minuts de zones com la Platja de Palma i s’Arenal. En sortir de la zona d'Arribades hi trobaràs:
<ul>
 	<li>Taxis: Parada oficial a la sortida de la terminal.</li>
 	<li>Autobusos Urbans (<a href="https://www.emtpalma.cat/ca/inici/">EMT</a>): Línies A1 (Palma Centre) i A2 (Platja de Palma).</li>
 	<li>Autobusos Interurbans (<a href="https://www.tib.org/ca/inici">Aerotib</a>): Línies A11, A32, A42 i A51 que connecten amb diversos punts estratègics de l'illa.</li>
</ul>
<h2>Accessibilitat: Persones amb Mobilitat Reduïda (PMR)</h2>
Com a part del nostre compromís amb el turisme accessible, l'aeroport ofereix un servei d'assistència sense barreres tant a Sortides com a Arribades.

Important: Es recomana sol·licitar aquest servei amb un mínim de 48 hores d'antelació per garantir la millor atenció. El pàrquing general disposa de places reservades a totes les seves plantes.

<a href="https://www.aena.es/pmr/inicio" target="_blank" rel="noopener">Sol·licitar assistència PMR (AENA)</a>

<!-- This site is optimized with the Yoast SEO plugin v27.7 - https://yoast.com/product/yoast-seo-wordpress/ -->
<title>Avió - Consell de Mallorca</title>
<meta name="robots" content="index, follow, max-snippet:-1, max-image-preview:large, max-video-preview:-1" />
<link rel="canonical" href="https://fundaciomallorcaturisme.net/ca/planifica/com-arribar/avio/" />
<meta property="og:locale" content="ca_ES" />
<meta property="og:type" content="article" />
<meta property="og:title" content="Avió - Consell de Mallorca" />
<meta property="og:url" content="https://fundaciomallorcaturisme.net/ca/planifica/com-arribar/avio/" />
<meta property="og:site_name" content="Consell de Mallorca" />
<meta property="article:publisher" content="https://www.facebook.com/ConselldeMca/" />
<meta property="article:modified_time" content="2026-04-08T09:37:58+00:00" />
<meta property="og:image" content="https://fundaciomallorcaturisme.net/wp-content/uploads/2026/02/planificax2.jpg" />
	<meta property="og:image:width" content="1346" />
	<meta property="og:image:height" content="1094" />
	<meta property="og:image:type" content="image/jpeg" />
<meta name="twitter:card" content="summary_large_image" />
<meta name="twitter:site" content="@ConselldeMca" />
<script type="application/ld+json" class="yoast-schema-graph">{"@context":"https:\/\/schema.org","@graph":[{"@type":"WebPage","@id":"https:\/\/fundaciomallorcaturisme.net\/ca\/planifica\/com-arribar\/avio\/","url":"https:\/\/fundaciomallorcaturisme.net\/ca\/planifica\/com-arribar\/avio\/","name":"Avió - Consell de Mallorca","isPartOf":{"@id":"https:\/\/fundaciomallorcaturisme.net\/ca\/#website"},"datePublished":"2026-02-26T08:07:18+00:00","dateModified":"2026-04-08T09:37:58+00:00","breadcrumb":{"@id":"https:\/\/fundaciomallorcaturisme.net\/ca\/planifica\/com-arribar\/avio\/#breadcrumb"},"inLanguage":"ca","potentialAction":[{"@type":"ReadAction","target":["https:\/\/fundaciomallorcaturisme.net\/ca\/planifica\/com-arribar\/avio\/"]}]},{"@type":"BreadcrumbList","@id":"https:\/\/fundaciomallorcaturisme.net\/ca\/planifica\/com-arribar\/avio\/#breadcrumb","itemListElement":[{"@type":"ListItem","position":1,"name":"Inici","item":"https:\/\/fundaciomallorcaturisme.net\/ca\/"},{"@type":"ListItem","position":2,"name":"Planifica","item":"https:\/\/fundaciomallorcaturisme.net\/ca\/planifica\/"},{"@type":"ListItem","position":3,"name":"Com arribar","item":"https:\/\/fundaciomallorcaturisme.net\/ca\/planifica\/com-arribar\/"},{"@type":"ListItem","position":4,"name":"Avió"}]},{"@type":"WebSite","@id":"https:\/\/fundaciomallorcaturisme.net\/ca\/#website","url":"https:\/\/fundaciomallorcaturisme.net\/ca\/","name":"Consell de Mallorca","description":"","publisher":{"@id":"https:\/\/fundaciomallorcaturisme.net\/ca\/#organization"},"alternateName":"Mallorca Turisme","potentialAction":[{"@type":"SearchAction","target":{"@type":"EntryPoint","urlTemplate":"https:\/\/fundaciomallorcaturisme.net\/ca\/?s={search_term_string}"},"query-input":{"@type":"PropertyValueSpecification","valueRequired":true,"valueName":"search_term_string"}}],"inLanguage":"ca"},{"@type":"Organization","@id":"https:\/\/fundaciomallorcaturisme.net\/ca\/#organization","name":"Consell de Mallorca","alternateName":"Mallorca Turisme","url":"https:\/\/fundaciomallorcaturisme.net\/ca\/","logo":{"@type":"ImageObject","inLanguage":"ca","@id":"https:\/\/fundaciomallorcaturisme.net\/ca\/#\/schema\/logo\/image\/","url":"http:\/\/fundaciomallorcaturisme.net\/wp-content\/uploads\/2026\/03\/logo.webp","contentUrl":"http:\/\/fundaciomallorcaturisme.net\/wp-content\/uploads\/2026\/03\/logo.webp","width":696,"height":570,"caption":"Consell de Mallorca"},"image":{"@id":"https:\/\/fundaciomallorcaturisme.net\/ca\/#\/schema\/logo\/image\/"},"sameAs":["https:\/\/www.facebook.com\/ConselldeMca\/","https:\/\/x.com\/ConselldeMca","https:\/\/www.instagram.com\/conselldemca\/","https:\/\/www.youtube.com\/user\/conselldemallorca"]}]}</script>
<!-- / Yoast SEO plugin. -->

Avió - Consell de Mallorca
