{"id":3304,"date":"2026-02-26T09:07:12","date_gmt":"2026-02-26T08:07:12","guid":{"rendered":"http:\/\/fundaciomallorcaturisme.net\/que-fer\/mice\/"},"modified":"2026-03-18T16:27:19","modified_gmt":"2026-03-18T15:27:19","slug":"mice","status":"publish","type":"page","link":"https:\/\/fundaciomallorcaturisme.net\/ca\/que-fer\/mice\/","title":{"rendered":"MICE"},"content":{"rendered":"","protected":false},"excerpt":{"rendered":"","protected":false},"author":1,"featured_media":0,"parent":2185,"menu_order":0,"comment_status":"open","ping_status":"open","template":"page-templates\/contenido_flexible.php","meta":{"_acf_changed":false,"footnotes":""},"class_list":["post-3304","page","type-page","status-publish","hentry"],"acf":{"contenido_flexible":[{"acf_fc_layout":"cabecera","titulo":"<h1>MICE a Mallorca: Reunions, Congressos, Convencions i Incentius<\/h1>","titulo_grande":false,"subtitulo":"","texto":"","enlace":"","flecha_abajo":false,"tiene_video":false,"video":"","imagenx1":"","imagenx2":"","logos":""},{"acf_fc_layout":"texto_simple","pretitulo":"","titulo":"","texto":"Mallorca ofereix les condicions perfectes per a qualsevol esdeveniment professional. La nostra illa combina d\u00e8cades d'experi\u00e8ncia i infraestructures d'avantguarda amb un clima privilegiat i un entorn natural immillorable. \u00c9s la destinaci\u00f3 ideal per combinar feina i oci (Bleisure), gr\u00e0cies a una oferta complement\u00e0ria de m\u00e0xima qualitat.\r\n<h2>Per qu\u00e8 triar Mallorca? Avantatges Competitius<\/h2>\r\n<ul>\r\n \t<li>Connectivitat: L'aeroport de Palma (PMI) \u00e9s l\u00edder a la Mediterr\u00e0nia. Les principals capitals europees es troben a menys de 3 hores de vol.<\/li>\r\n \t<li>Clima Privilegiat: M\u00e9s de 300 dies de sol a l'any. Hiverns suaus i primaveres\/tardors amb mitjanes de 16-18\u00baC, ideals per a esdeveniments a l'aire lliure.<\/li>\r\n \t<li>Log\u00edstica i Dist\u00e0ncies: Amb prou feines 100 km de punta a punta i una excel\u00b7lent xarxa de carreteres, \u00e9s possible gaudir de paisatges radicalment distints en un mateix dia.<\/li>\r\n<\/ul>\r\n<h2>Infraestructures i Espais Singulars<\/h2>\r\nDisposem d'una xarxa de recintes vers\u00e0tils que s'adapten a qualsevol volum d'assistents, des de grans fires fins a grups exclusius.\r\n<h3>Palau de Congressos i Recintes Firals<\/h3>\r\nDestaca el Palau de Congressos de Palma, obra de Francisco Mangado amb un ic\u00f2nic disseny de \"peix jacent\" davant la mar. S'hi suma l'Auditorium de Palma al Passeig Mar\u00edtim i una extensa xarxa de centres de convencions i sales polivalents en establiments hotelers especialitzats.\r\n<h3>Patrimoni Hist\u00f2ric per a Esdeveniments Exclusius<\/h3>\r\nPer a incentius d'alt nivell, el patrimoni hist\u00f2ric ofereix escenaris \u00fanics: antigues possessions (finques rurals), palaus senyorials, castells, fortaleses i monestirs que garanteixen un ambient inoblidable.\r\n<h2>Capacitat d'Allotjament i Experi\u00e8ncia<\/h2>\r\nL'oferta hotelera \u00e9s vasta i diversa. Des d'hotels de gran capacitat equipats amb tecnologia punta fins a agroturismes, hotels rurals i hotels boutique de gran luxe per a una experi\u00e8ncia m\u00e9s \u00edntima i personalitzada.\r\n<h2>Experi\u00e8ncies Complement\u00e0ries: El Valor de la Destinaci\u00f3<\/h2>\r\n<h3>Esport i Turisme Actiu<\/h3>\r\nMallorca \u00e9s un referent mundial per a l'esport. Oferim 24 camps de golf de primer nivell, a m\u00e9s de les [Rutes de Senderisme i Cicloturisme] a la Serra de Tramuntana (UNESCO) i una oferta n\u00e0utica completa a les nostres [Reserves Marines].\r\n<h3>Gastronomia d'Autor i Tradici\u00f3<\/h3>\r\nL'experi\u00e8ncia es completa amb una cuina que uneix tradici\u00f3 i avantguarda. Des dels hist\u00f2rics cellers fins a restaurants amb estrelles Michelin, maridats amb la creixent qualitat dels vins mallorquins amb denominaci\u00f3 d'origen.\r\n<h3>Wellness i Paisatge<\/h3>\r\nRelaxar-se despr\u00e9s de la feina \u00e9s senzill a l'\u00e0mplia xarxa de spas de l'illa o simplement gaudint de les nostres postes de sol a les [Millors Platges de l'illa].\r\n<h2>Palma Cosmopolita: Cultura, Shopping i Art<\/h2>\r\nLa capital \u00e9s una ciutat vibrant que combina patrimoni i modernitat. El seu nucli antic amaga museus, galeries d'art i teatres amb una agenda din\u00e0mica durant tot l'any.\r\n<ul>\r\n \t<li>Shopping de Qualitat: Boutiques de firmes internacionals i botigues especialitzades.<\/li>\r\n \t<li>Artesania Local: Joieria mallorquina, vidres bufats i els tradicionals bordats de punt mallorqu\u00ed.<\/li>\r\n<\/ul>\r\n<h2>Professionalitat i Sostenibilitat<\/h2>\r\nEl sector MICE a Mallorca compta amb professionals (DMCs i OPCs) que garanteixen el control total de l'esdeveniment de principi a fi. A m\u00e9s, des de la Fundaci\u00f3 Mallorca Turisme promovem esdeveniments amb impacte positiu.\r\n\r\n<a href=\"http:\/\/fundaciomallorcaturisme.net\/ca\/pledge\/\">Coneix el nostre Pledge i organitza un esdeveniment responsable<\/a>","cta":"","2_columnas":false,"color_de_fondo":""}]},"yoast_head":"<!-- This site is optimized with the Yoast SEO plugin v27.7 - https:\/\/yoast.com\/product\/yoast-seo-wordpress\/ -->\n<title>MICE - Consell de Mallorca<\/title>\n<meta name=\"robots\" content=\"index, follow, max-snippet:-1, max-image-preview:large, max-video-preview:-1\" \/>\n<link rel=\"canonical\" href=\"https:\/\/fundaciomallorcaturisme.net\/ca\/que-fer\/mice\/\" \/>\n<meta property=\"og:locale\" content=\"ca_ES\" \/>\n<meta property=\"og:type\" content=\"article\" \/>\n<meta property=\"og:title\" content=\"MICE - Consell de Mallorca\" \/>\n<meta property=\"og:url\" content=\"https:\/\/fundaciomallorcaturisme.net\/ca\/que-fer\/mice\/\" \/>\n<meta property=\"og:site_name\" content=\"Consell de Mallorca\" \/>\n<meta property=\"article:publisher\" content=\"https:\/\/www.facebook.com\/ConselldeMca\/\" \/>\n<meta property=\"article:modified_time\" content=\"2026-03-18T15:27:19+00:00\" \/>\n<meta property=\"og:image\" content=\"https:\/\/fundaciomallorcaturisme.net\/wp-content\/uploads\/2026\/02\/planificax2.jpg\" \/>\n\t<meta property=\"og:image:width\" content=\"1346\" \/>\n\t<meta property=\"og:image:height\" content=\"1094\" \/>\n\t<meta property=\"og:image:type\" content=\"image\/jpeg\" \/>\n<meta name=\"twitter:card\" content=\"summary_large_image\" \/>\n<meta name=\"twitter:site\" content=\"@ConselldeMca\" \/>\n<script type=\"application\/ld+json\" class=\"yoast-schema-graph\">{\"@context\":\"https:\\\/\\\/schema.org\",\"@graph\":[{\"@type\":\"WebPage\",\"@id\":\"https:\\\/\\\/fundaciomallorcaturisme.net\\\/ca\\\/que-fer\\\/mice\\\/\",\"url\":\"https:\\\/\\\/fundaciomallorcaturisme.net\\\/ca\\\/que-fer\\\/mice\\\/\",\"name\":\"MICE - Consell de Mallorca\",\"isPartOf\":{\"@id\":\"https:\\\/\\\/fundaciomallorcaturisme.net\\\/ca\\\/#website\"},\"datePublished\":\"2026-02-26T08:07:12+00:00\",\"dateModified\":\"2026-03-18T15:27:19+00:00\",\"breadcrumb\":{\"@id\":\"https:\\\/\\\/fundaciomallorcaturisme.net\\\/ca\\\/que-fer\\\/mice\\\/#breadcrumb\"},\"inLanguage\":\"ca\",\"potentialAction\":[{\"@type\":\"ReadAction\",\"target\":[\"https:\\\/\\\/fundaciomallorcaturisme.net\\\/ca\\\/que-fer\\\/mice\\\/\"]}]},{\"@type\":\"BreadcrumbList\",\"@id\":\"https:\\\/\\\/fundaciomallorcaturisme.net\\\/ca\\\/que-fer\\\/mice\\\/#breadcrumb\",\"itemListElement\":[{\"@type\":\"ListItem\",\"position\":1,\"name\":\"Inici\",\"item\":\"https:\\\/\\\/fundaciomallorcaturisme.net\\\/ca\\\/\"},{\"@type\":\"ListItem\",\"position\":2,\"name\":\"Qu\u00e8 fer\",\"item\":\"https:\\\/\\\/fundaciomallorcaturisme.net\\\/ca\\\/que-fer\\\/\"},{\"@type\":\"ListItem\",\"position\":3,\"name\":\"MICE\"}]},{\"@type\":\"WebSite\",\"@id\":\"https:\\\/\\\/fundaciomallorcaturisme.net\\\/ca\\\/#website\",\"url\":\"https:\\\/\\\/fundaciomallorcaturisme.net\\\/ca\\\/\",\"name\":\"Consell de Mallorca\",\"description\":\"\",\"publisher\":{\"@id\":\"https:\\\/\\\/fundaciomallorcaturisme.net\\\/ca\\\/#organization\"},\"alternateName\":\"Mallorca Turisme\",\"potentialAction\":[{\"@type\":\"SearchAction\",\"target\":{\"@type\":\"EntryPoint\",\"urlTemplate\":\"https:\\\/\\\/fundaciomallorcaturisme.net\\\/ca\\\/?s={search_term_string}\"},\"query-input\":{\"@type\":\"PropertyValueSpecification\",\"valueRequired\":true,\"valueName\":\"search_term_string\"}}],\"inLanguage\":\"ca\"},{\"@type\":\"Organization\",\"@id\":\"https:\\\/\\\/fundaciomallorcaturisme.net\\\/ca\\\/#organization\",\"name\":\"Consell de Mallorca\",\"alternateName\":\"Mallorca Turisme\",\"url\":\"https:\\\/\\\/fundaciomallorcaturisme.net\\\/ca\\\/\",\"logo\":{\"@type\":\"ImageObject\",\"inLanguage\":\"ca\",\"@id\":\"https:\\\/\\\/fundaciomallorcaturisme.net\\\/ca\\\/#\\\/schema\\\/logo\\\/image\\\/\",\"url\":\"http:\\\/\\\/fundaciomallorcaturisme.net\\\/wp-content\\\/uploads\\\/2026\\\/03\\\/logo.webp\",\"contentUrl\":\"http:\\\/\\\/fundaciomallorcaturisme.net\\\/wp-content\\\/uploads\\\/2026\\\/03\\\/logo.webp\",\"width\":696,\"height\":570,\"caption\":\"Consell de Mallorca\"},\"image\":{\"@id\":\"https:\\\/\\\/fundaciomallorcaturisme.net\\\/ca\\\/#\\\/schema\\\/logo\\\/image\\\/\"},\"sameAs\":[\"https:\\\/\\\/www.facebook.com\\\/ConselldeMca\\\/\",\"https:\\\/\\\/x.com\\\/ConselldeMca\",\"https:\\\/\\\/www.instagram.com\\\/conselldemca\\\/\",\"https:\\\/\\\/www.youtube.com\\\/user\\\/conselldemallorca\"]}]}<\/script>\n<!-- \/ Yoast SEO plugin. -->","yoast_head_json":{"title":"MICE - Consell de Mallorca","robots":{"index":"index","follow":"follow","max-snippet":"max-snippet:-1","max-image-preview":"max-image-preview:large","max-video-preview":"max-video-preview:-1"},"canonical":"https:\/\/fundaciomallorcaturisme.net\/ca\/que-fer\/mice\/","og_locale":"ca_ES","og_type":"article","og_title":"MICE - Consell de Mallorca","og_url":"https:\/\/fundaciomallorcaturisme.net\/ca\/que-fer\/mice\/","og_site_name":"Consell de Mallorca","article_publisher":"https:\/\/www.facebook.com\/ConselldeMca\/","article_modified_time":"2026-03-18T15:27:19+00:00","og_image":[{"width":1346,"height":1094,"url":"https:\/\/fundaciomallorcaturisme.net\/wp-content\/uploads\/2026\/02\/planificax2.jpg","type":"image\/jpeg"}],"twitter_card":"summary_large_image","twitter_site":"@ConselldeMca","schema":{"@context":"https:\/\/schema.org","@graph":[{"@type":"WebPage","@id":"https:\/\/fundaciomallorcaturisme.net\/ca\/que-fer\/mice\/","url":"https:\/\/fundaciomallorcaturisme.net\/ca\/que-fer\/mice\/","name":"MICE - Consell de Mallorca","isPartOf":{"@id":"https:\/\/fundaciomallorcaturisme.net\/ca\/#website"},"datePublished":"2026-02-26T08:07:12+00:00","dateModified":"2026-03-18T15:27:19+00:00","breadcrumb":{"@id":"https:\/\/fundaciomallorcaturisme.net\/ca\/que-fer\/mice\/#breadcrumb"},"inLanguage":"ca","potentialAction":[{"@type":"ReadAction","target":["https:\/\/fundaciomallorcaturisme.net\/ca\/que-fer\/mice\/"]}]},{"@type":"BreadcrumbList","@id":"https:\/\/fundaciomallorcaturisme.net\/ca\/que-fer\/mice\/#breadcrumb","itemListElement":[{"@type":"ListItem","position":1,"name":"Inici","item":"https:\/\/fundaciomallorcaturisme.net\/ca\/"},{"@type":"ListItem","position":2,"name":"Qu\u00e8 fer","item":"https:\/\/fundaciomallorcaturisme.net\/ca\/que-fer\/"},{"@type":"ListItem","position":3,"name":"MICE"}]},{"@type":"WebSite","@id":"https:\/\/fundaciomallorcaturisme.net\/ca\/#website","url":"https:\/\/fundaciomallorcaturisme.net\/ca\/","name":"Consell de Mallorca","description":"","publisher":{"@id":"https:\/\/fundaciomallorcaturisme.net\/ca\/#organization"},"alternateName":"Mallorca Turisme","potentialAction":[{"@type":"SearchAction","target":{"@type":"EntryPoint","urlTemplate":"https:\/\/fundaciomallorcaturisme.net\/ca\/?s={search_term_string}"},"query-input":{"@type":"PropertyValueSpecification","valueRequired":true,"valueName":"search_term_string"}}],"inLanguage":"ca"},{"@type":"Organization","@id":"https:\/\/fundaciomallorcaturisme.net\/ca\/#organization","name":"Consell de Mallorca","alternateName":"Mallorca Turisme","url":"https:\/\/fundaciomallorcaturisme.net\/ca\/","logo":{"@type":"ImageObject","inLanguage":"ca","@id":"https:\/\/fundaciomallorcaturisme.net\/ca\/#\/schema\/logo\/image\/","url":"http:\/\/fundaciomallorcaturisme.net\/wp-content\/uploads\/2026\/03\/logo.webp","contentUrl":"http:\/\/fundaciomallorcaturisme.net\/wp-content\/uploads\/2026\/03\/logo.webp","width":696,"height":570,"caption":"Consell de Mallorca"},"image":{"@id":"https:\/\/fundaciomallorcaturisme.net\/ca\/#\/schema\/logo\/image\/"},"sameAs":["https:\/\/www.facebook.com\/ConselldeMca\/","https:\/\/x.com\/ConselldeMca","https:\/\/www.instagram.com\/conselldemca\/","https:\/\/www.youtube.com\/user\/conselldemallorca"]}]}},"_links":{"self":[{"href":"https:\/\/fundaciomallorcaturisme.net\/ca\/wp-json\/wp\/v2\/pages\/3304","targetHints":{"allow":["GET"]}}],"collection":[{"href":"https:\/\/fundaciomallorcaturisme.net\/ca\/wp-json\/wp\/v2\/pages"}],"about":[{"href":"https:\/\/fundaciomallorcaturisme.net\/ca\/wp-json\/wp\/v2\/types\/page"}],"author":[{"embeddable":true,"href":"https:\/\/fundaciomallorcaturisme.net\/ca\/wp-json\/wp\/v2\/users\/1"}],"replies":[{"embeddable":true,"href":"https:\/\/fundaciomallorcaturisme.net\/ca\/wp-json\/wp\/v2\/comments?post=3304"}],"version-history":[{"count":1,"href":"https:\/\/fundaciomallorcaturisme.net\/ca\/wp-json\/wp\/v2\/pages\/3304\/revisions"}],"predecessor-version":[{"id":4116,"href":"https:\/\/fundaciomallorcaturisme.net\/ca\/wp-json\/wp\/v2\/pages\/3304\/revisions\/4116"}],"up":[{"embeddable":true,"href":"https:\/\/fundaciomallorcaturisme.net\/ca\/wp-json\/wp\/v2\/pages\/2185"}],"wp:attachment":[{"href":"https:\/\/fundaciomallorcaturisme.net\/ca\/wp-json\/wp\/v2\/media?parent=3304"}],"curies":[{"name":"wp","href":"https:\/\/api.w.org\/{rel}","templated":true}]}}

Mallorca ofereix les condicions perfectes per a qualsevol esdeveniment professional. La nostra illa combina dècades d'experiència i infraestructures d'avantguarda amb un clima privilegiat i un entorn natural immillorable. És la destinació ideal per combinar feina i oci (Bleisure), gràcies a una oferta complementària de màxima qualitat.
<h2>Per què triar Mallorca? Avantatges Competitius</h2>
<ul>
 	<li>Connectivitat: L'aeroport de Palma (PMI) és líder a la Mediterrània. Les principals capitals europees es troben a menys de 3 hores de vol.</li>
 	<li>Clima Privilegiat: Més de 300 dies de sol a l'any. Hiverns suaus i primaveres/tardors amb mitjanes de 16-18ºC, ideals per a esdeveniments a l'aire lliure.</li>
 	<li>Logística i Distàncies: Amb prou feines 100 km de punta a punta i una excel·lent xarxa de carreteres, és possible gaudir de paisatges radicalment distints en un mateix dia.</li>
</ul>
<h2>Infraestructures i Espais Singulars</h2>
Disposem d'una xarxa de recintes versàtils que s'adapten a qualsevol volum d'assistents, des de grans fires fins a grups exclusius.
<h3>Palau de Congressos i Recintes Firals</h3>
Destaca el Palau de Congressos de Palma, obra de Francisco Mangado amb un icònic disseny de "peix jacent" davant la mar. S'hi suma l'Auditorium de Palma al Passeig Marítim i una extensa xarxa de centres de convencions i sales polivalents en establiments hotelers especialitzats.
<h3>Patrimoni Històric per a Esdeveniments Exclusius</h3>
Per a incentius d'alt nivell, el patrimoni històric ofereix escenaris únics: antigues possessions (finques rurals), palaus senyorials, castells, fortaleses i monestirs que garanteixen un ambient inoblidable.
<h2>Capacitat d'Allotjament i Experiència</h2>
L'oferta hotelera és vasta i diversa. Des d'hotels de gran capacitat equipats amb tecnologia punta fins a agroturismes, hotels rurals i hotels boutique de gran luxe per a una experiència més íntima i personalitzada.
<h2>Experiències Complementàries: El Valor de la Destinació</h2>
<h3>Esport i Turisme Actiu</h3>
Mallorca és un referent mundial per a l'esport. Oferim 24 camps de golf de primer nivell, a més de les [Rutes de Senderisme i Cicloturisme] a la Serra de Tramuntana (UNESCO) i una oferta nàutica completa a les nostres [Reserves Marines].
<h3>Gastronomia d'Autor i Tradició</h3>
L'experiència es completa amb una cuina que uneix tradició i avantguarda. Des dels històrics cellers fins a restaurants amb estrelles Michelin, maridats amb la creixent qualitat dels vins mallorquins amb denominació d'origen.
<h3>Wellness i Paisatge</h3>
Relaxar-se després de la feina és senzill a l'àmplia xarxa de spas de l'illa o simplement gaudint de les nostres postes de sol a les [Millors Platges de l'illa].
<h2>Palma Cosmopolita: Cultura, Shopping i Art</h2>
La capital és una ciutat vibrant que combina patrimoni i modernitat. El seu nucli antic amaga museus, galeries d'art i teatres amb una agenda dinàmica durant tot l'any.
<ul>
 	<li>Shopping de Qualitat: Boutiques de firmes internacionals i botigues especialitzades.</li>
 	<li>Artesania Local: Joieria mallorquina, vidres bufats i els tradicionals bordats de punt mallorquí.</li>
</ul>
<h2>Professionalitat i Sostenibilitat</h2>
El sector MICE a Mallorca compta amb professionals (DMCs i OPCs) que garanteixen el control total de l'esdeveniment de principi a fi. A més, des de la Fundació Mallorca Turisme promovem esdeveniments amb impacte positiu.

<a href="http://fundaciomallorcaturisme.net/ca/pledge/">Coneix el nostre Pledge i organitza un esdeveniment responsable</a>

<!-- This site is optimized with the Yoast SEO plugin v27.7 - https://yoast.com/product/yoast-seo-wordpress/ -->
<title>MICE - Consell de Mallorca</title>
<meta name="robots" content="index, follow, max-snippet:-1, max-image-preview:large, max-video-preview:-1" />
<link rel="canonical" href="https://fundaciomallorcaturisme.net/ca/que-fer/mice/" />
<meta property="og:locale" content="ca_ES" />
<meta property="og:type" content="article" />
<meta property="og:title" content="MICE - Consell de Mallorca" />
<meta property="og:url" content="https://fundaciomallorcaturisme.net/ca/que-fer/mice/" />
<meta property="og:site_name" content="Consell de Mallorca" />
<meta property="article:publisher" content="https://www.facebook.com/ConselldeMca/" />
<meta property="article:modified_time" content="2026-03-18T15:27:19+00:00" />
<meta property="og:image" content="https://fundaciomallorcaturisme.net/wp-content/uploads/2026/02/planificax2.jpg" />
	<meta property="og:image:width" content="1346" />
	<meta property="og:image:height" content="1094" />
	<meta property="og:image:type" content="image/jpeg" />
<meta name="twitter:card" content="summary_large_image" />
<meta name="twitter:site" content="@ConselldeMca" />
<script type="application/ld+json" class="yoast-schema-graph">{"@context":"https:\/\/schema.org","@graph":[{"@type":"WebPage","@id":"https:\/\/fundaciomallorcaturisme.net\/ca\/que-fer\/mice\/","url":"https:\/\/fundaciomallorcaturisme.net\/ca\/que-fer\/mice\/","name":"MICE - Consell de Mallorca","isPartOf":{"@id":"https:\/\/fundaciomallorcaturisme.net\/ca\/#website"},"datePublished":"2026-02-26T08:07:12+00:00","dateModified":"2026-03-18T15:27:19+00:00","breadcrumb":{"@id":"https:\/\/fundaciomallorcaturisme.net\/ca\/que-fer\/mice\/#breadcrumb"},"inLanguage":"ca","potentialAction":[{"@type":"ReadAction","target":["https:\/\/fundaciomallorcaturisme.net\/ca\/que-fer\/mice\/"]}]},{"@type":"BreadcrumbList","@id":"https:\/\/fundaciomallorcaturisme.net\/ca\/que-fer\/mice\/#breadcrumb","itemListElement":[{"@type":"ListItem","position":1,"name":"Inici","item":"https:\/\/fundaciomallorcaturisme.net\/ca\/"},{"@type":"ListItem","position":2,"name":"Què fer","item":"https:\/\/fundaciomallorcaturisme.net\/ca\/que-fer\/"},{"@type":"ListItem","position":3,"name":"MICE"}]},{"@type":"WebSite","@id":"https:\/\/fundaciomallorcaturisme.net\/ca\/#website","url":"https:\/\/fundaciomallorcaturisme.net\/ca\/","name":"Consell de Mallorca","description":"","publisher":{"@id":"https:\/\/fundaciomallorcaturisme.net\/ca\/#organization"},"alternateName":"Mallorca Turisme","potentialAction":[{"@type":"SearchAction","target":{"@type":"EntryPoint","urlTemplate":"https:\/\/fundaciomallorcaturisme.net\/ca\/?s={search_term_string}"},"query-input":{"@type":"PropertyValueSpecification","valueRequired":true,"valueName":"search_term_string"}}],"inLanguage":"ca"},{"@type":"Organization","@id":"https:\/\/fundaciomallorcaturisme.net\/ca\/#organization","name":"Consell de Mallorca","alternateName":"Mallorca Turisme","url":"https:\/\/fundaciomallorcaturisme.net\/ca\/","logo":{"@type":"ImageObject","inLanguage":"ca","@id":"https:\/\/fundaciomallorcaturisme.net\/ca\/#\/schema\/logo\/image\/","url":"http:\/\/fundaciomallorcaturisme.net\/wp-content\/uploads\/2026\/03\/logo.webp","contentUrl":"http:\/\/fundaciomallorcaturisme.net\/wp-content\/uploads\/2026\/03\/logo.webp","width":696,"height":570,"caption":"Consell de Mallorca"},"image":{"@id":"https:\/\/fundaciomallorcaturisme.net\/ca\/#\/schema\/logo\/image\/"},"sameAs":["https:\/\/www.facebook.com\/ConselldeMca\/","https:\/\/x.com\/ConselldeMca","https:\/\/www.instagram.com\/conselldemca\/","https:\/\/www.youtube.com\/user\/conselldemallorca"]}]}</script>
<!-- / Yoast SEO plugin. -->

Què fer
