{"id":3303,"date":"2026-02-26T09:07:12","date_gmt":"2026-02-26T08:07:12","guid":{"rendered":"http:\/\/fundaciomallorcaturisme.net\/que-fer\/experiencies\/"},"modified":"2026-04-08T13:50:43","modified_gmt":"2026-04-08T11:50:43","slug":"experiencies","status":"publish","type":"page","link":"https:\/\/fundaciomallorcaturisme.net\/ca\/que-fer\/experiencies\/","title":{"rendered":"Experi\u00e8ncies"},"content":{"rendered":"","protected":false},"excerpt":{"rendered":"","protected":false},"author":1,"featured_media":0,"parent":2185,"menu_order":0,"comment_status":"open","ping_status":"open","template":"page-templates\/contenido_flexible.php","meta":{"_acf_changed":false,"footnotes":""},"class_list":["post-3303","page","type-page","status-publish","hentry"],"acf":{"contenido_flexible":[{"acf_fc_layout":"cabecera","titulo":"<h1>Experi\u00e8ncies a Mallorca: Moments que deixen empremta<\/h1>","titulo_grande":false,"subtitulo":"","texto":"","enlace":"","flecha_abajo":false,"tiene_video":false,"video":"","imagenx1":"","imagenx2":"","logos":""},{"acf_fc_layout":"texto_simple","pretitulo":"","titulo":"","texto":"Mallorca \u00e9s molt m\u00e9s que una destinaci\u00f3; \u00e9s un conjunt de sensacions. Des del silenci de la muntanya fins al murmuri de les onades o el sabor de la nostra terra. Hem dissenyat una selecci\u00f3 d'experi\u00e8ncies perqu\u00e8 visquis l'illa d'una forma aut\u00e8ntica, respectuosa i, sobretot, inoblidable.\r\n<h2>Aventura i Esport: Mallorca en Moviment<\/h2>\r\nPer a qui cerca adrenalina o el plaer de superar-se a si mateix en un entorn natural \u00fanic.\r\n<ul>\r\n \t<li>Desafia la Serra de Tramuntana: Recorre la llegend\u00e0ria Ruta de Pedra en Sec GR 221 i descobreix per qu\u00e8 som Patrimoni Mundial per la UNESCO.<\/li>\r\n \t<li>La capital del Cicloturisme: Sent la llibertat de pedalar per carreteres secund\u00e0ries que serpentegen entre la mar i la muntanya.<\/li>\r\n<\/ul>\r\n<a href=\"http:\/\/fundaciomallorcaturisme.net\/ca\/que-fer\/rutes\/\">Explora totes les nostres rutes<\/a>\r\n<h2>Desconnexi\u00f3 i Natura Viva<\/h2>\r\nExperi\u00e8ncies dissenyades per als amants de la tranquil\u00b7litat i la biodiversitat en estat pur.\r\n<ul>\r\n \t<li>Birdwatching a la Mediterr\u00e0nia: Observa esp\u00e8cies \u00faniques al Parc Natural de s\u2019Albufera o segueix el vol del voltor negre als cims.<\/li>\r\n \t<li>Santuaris Submarins: Submergeix-te en les nostres Reserves Marines i descobreix l'explosi\u00f3 de vida que habita sota les nostres aig\u00fces turqueses.<\/li>\r\n<\/ul>\r\n<a href=\"http:\/\/fundaciomallorcaturisme.net\/ca\/que-fer\/natura\/\">Saber m\u00e9s<\/a>\r\n<h2>Ess\u00e8ncia Mediterr\u00e0nia: Sol i Sal<\/h2>\r\nMoments de relax i connexi\u00f3 amb la mar al litoral m\u00e9s desitjat d'Europa.\r\n<ul>\r\n \t<li>Cales Verges i Postes de Sol: Des de la ic\u00f2nica platja d'Es Trenc fins al refugi natural de sa Calobra, troba el teu rac\u00f3 de pau.<\/li>\r\n \t<li>Nautisme i Llibertat: Sent el vent a la cara practicant surf a la Badia d'Alc\u00fadia o navegant en caiac per coves marines rec\u00f2ndites.<\/li>\r\n<\/ul>\r\n<a href=\"http:\/\/fundaciomallorcaturisme.net\/ca\/destinacions\/destinacions-de-platja\/\">Troba la teva platja ideal<\/a>\r\n<h2>Cultura i Sabor: L'\u00c0nima de l'Illa<\/h2>\r\nMallorca tamb\u00e9 es viu a trav\u00e9s del paladar i de les seves tradicions centen\u00e0ries.\r\n<ul>\r\n \t<li>Rutes Gastron\u00f2miques: No et limitis a menjar; viu l'experi\u00e8ncia de tastar l'oli d'oliva, el vi i els productes locals al mateix lloc on neixen.<\/li>\r\n \t<li>Pobles amb Encant: Passeja per la hist\u00f2ria viva des Raiguer o es Pla, coneixent els nostres artesans i el seu llegat.<\/li>\r\n<\/ul>\r\n<a href=\"https:\/\/fundaciomallorcaturisme.net\/ca\/rutes\/tematiques\/r5-gastronomia\/\">Gastronomia de Mallorca<\/a>\r\n<h2>El nostre Comprom\u00eds amb el Futur: La teva Experi\u00e8ncia Responsable<\/h2>\r\nA la Fundaci\u00f3 Mallorca Turisme, creiem que la millor experi\u00e8ncia \u00e9s aquella que cuida el lloc que visita.\r\n\r\nUneix-te a la nostra comunitat de viatgers responsables i ajuda'ns a preservar la bellesa de Mallorca per a les pr\u00f2ximes generacions.\r\n\r\n<a href=\"http:\/\/fundaciomallorcaturisme.net\/ca\/pledge\/\">Signa el Pledge<\/a>","cta":"","2_columnas":false,"color_de_fondo":""}]},"yoast_head":"<!-- This site is optimized with the Yoast SEO plugin v27.7 - https:\/\/yoast.com\/product\/yoast-seo-wordpress\/ -->\n<title>Experi\u00e8ncies - Consell de Mallorca<\/title>\n<meta name=\"robots\" content=\"index, follow, max-snippet:-1, max-image-preview:large, max-video-preview:-1\" \/>\n<link rel=\"canonical\" href=\"https:\/\/fundaciomallorcaturisme.net\/ca\/que-fer\/experiencies\/\" \/>\n<meta property=\"og:locale\" content=\"ca_ES\" \/>\n<meta property=\"og:type\" content=\"article\" \/>\n<meta property=\"og:title\" content=\"Experi\u00e8ncies - Consell de Mallorca\" \/>\n<meta property=\"og:url\" content=\"https:\/\/fundaciomallorcaturisme.net\/ca\/que-fer\/experiencies\/\" \/>\n<meta property=\"og:site_name\" content=\"Consell de Mallorca\" \/>\n<meta property=\"article:publisher\" content=\"https:\/\/www.facebook.com\/ConselldeMca\/\" \/>\n<meta property=\"article:modified_time\" content=\"2026-04-08T11:50:43+00:00\" \/>\n<meta property=\"og:image\" content=\"https:\/\/fundaciomallorcaturisme.net\/wp-content\/uploads\/2026\/02\/planificax2.jpg\" \/>\n\t<meta property=\"og:image:width\" content=\"1346\" \/>\n\t<meta property=\"og:image:height\" content=\"1094\" \/>\n\t<meta property=\"og:image:type\" content=\"image\/jpeg\" \/>\n<meta name=\"twitter:card\" content=\"summary_large_image\" \/>\n<meta name=\"twitter:site\" content=\"@ConselldeMca\" \/>\n<script type=\"application\/ld+json\" class=\"yoast-schema-graph\">{\"@context\":\"https:\\\/\\\/schema.org\",\"@graph\":[{\"@type\":\"WebPage\",\"@id\":\"https:\\\/\\\/fundaciomallorcaturisme.net\\\/ca\\\/que-fer\\\/experiencies\\\/\",\"url\":\"https:\\\/\\\/fundaciomallorcaturisme.net\\\/ca\\\/que-fer\\\/experiencies\\\/\",\"name\":\"Experi\u00e8ncies - Consell de Mallorca\",\"isPartOf\":{\"@id\":\"https:\\\/\\\/fundaciomallorcaturisme.net\\\/ca\\\/#website\"},\"datePublished\":\"2026-02-26T08:07:12+00:00\",\"dateModified\":\"2026-04-08T11:50:43+00:00\",\"breadcrumb\":{\"@id\":\"https:\\\/\\\/fundaciomallorcaturisme.net\\\/ca\\\/que-fer\\\/experiencies\\\/#breadcrumb\"},\"inLanguage\":\"ca\",\"potentialAction\":[{\"@type\":\"ReadAction\",\"target\":[\"https:\\\/\\\/fundaciomallorcaturisme.net\\\/ca\\\/que-fer\\\/experiencies\\\/\"]}]},{\"@type\":\"BreadcrumbList\",\"@id\":\"https:\\\/\\\/fundaciomallorcaturisme.net\\\/ca\\\/que-fer\\\/experiencies\\\/#breadcrumb\",\"itemListElement\":[{\"@type\":\"ListItem\",\"position\":1,\"name\":\"Inici\",\"item\":\"https:\\\/\\\/fundaciomallorcaturisme.net\\\/ca\\\/\"},{\"@type\":\"ListItem\",\"position\":2,\"name\":\"Qu\u00e8 fer\",\"item\":\"https:\\\/\\\/fundaciomallorcaturisme.net\\\/ca\\\/que-fer\\\/\"},{\"@type\":\"ListItem\",\"position\":3,\"name\":\"Experi\u00e8ncies\"}]},{\"@type\":\"WebSite\",\"@id\":\"https:\\\/\\\/fundaciomallorcaturisme.net\\\/ca\\\/#website\",\"url\":\"https:\\\/\\\/fundaciomallorcaturisme.net\\\/ca\\\/\",\"name\":\"Consell de Mallorca\",\"description\":\"\",\"publisher\":{\"@id\":\"https:\\\/\\\/fundaciomallorcaturisme.net\\\/ca\\\/#organization\"},\"alternateName\":\"Mallorca Turisme\",\"potentialAction\":[{\"@type\":\"SearchAction\",\"target\":{\"@type\":\"EntryPoint\",\"urlTemplate\":\"https:\\\/\\\/fundaciomallorcaturisme.net\\\/ca\\\/?s={search_term_string}\"},\"query-input\":{\"@type\":\"PropertyValueSpecification\",\"valueRequired\":true,\"valueName\":\"search_term_string\"}}],\"inLanguage\":\"ca\"},{\"@type\":\"Organization\",\"@id\":\"https:\\\/\\\/fundaciomallorcaturisme.net\\\/ca\\\/#organization\",\"name\":\"Consell de Mallorca\",\"alternateName\":\"Mallorca Turisme\",\"url\":\"https:\\\/\\\/fundaciomallorcaturisme.net\\\/ca\\\/\",\"logo\":{\"@type\":\"ImageObject\",\"inLanguage\":\"ca\",\"@id\":\"https:\\\/\\\/fundaciomallorcaturisme.net\\\/ca\\\/#\\\/schema\\\/logo\\\/image\\\/\",\"url\":\"http:\\\/\\\/fundaciomallorcaturisme.net\\\/wp-content\\\/uploads\\\/2026\\\/03\\\/logo.webp\",\"contentUrl\":\"http:\\\/\\\/fundaciomallorcaturisme.net\\\/wp-content\\\/uploads\\\/2026\\\/03\\\/logo.webp\",\"width\":696,\"height\":570,\"caption\":\"Consell de Mallorca\"},\"image\":{\"@id\":\"https:\\\/\\\/fundaciomallorcaturisme.net\\\/ca\\\/#\\\/schema\\\/logo\\\/image\\\/\"},\"sameAs\":[\"https:\\\/\\\/www.facebook.com\\\/ConselldeMca\\\/\",\"https:\\\/\\\/x.com\\\/ConselldeMca\",\"https:\\\/\\\/www.instagram.com\\\/conselldemca\\\/\",\"https:\\\/\\\/www.youtube.com\\\/user\\\/conselldemallorca\"]}]}<\/script>\n<!-- \/ Yoast SEO plugin. -->","yoast_head_json":{"title":"Experi\u00e8ncies - Consell de Mallorca","robots":{"index":"index","follow":"follow","max-snippet":"max-snippet:-1","max-image-preview":"max-image-preview:large","max-video-preview":"max-video-preview:-1"},"canonical":"https:\/\/fundaciomallorcaturisme.net\/ca\/que-fer\/experiencies\/","og_locale":"ca_ES","og_type":"article","og_title":"Experi\u00e8ncies - Consell de Mallorca","og_url":"https:\/\/fundaciomallorcaturisme.net\/ca\/que-fer\/experiencies\/","og_site_name":"Consell de Mallorca","article_publisher":"https:\/\/www.facebook.com\/ConselldeMca\/","article_modified_time":"2026-04-08T11:50:43+00:00","og_image":[{"width":1346,"height":1094,"url":"https:\/\/fundaciomallorcaturisme.net\/wp-content\/uploads\/2026\/02\/planificax2.jpg","type":"image\/jpeg"}],"twitter_card":"summary_large_image","twitter_site":"@ConselldeMca","schema":{"@context":"https:\/\/schema.org","@graph":[{"@type":"WebPage","@id":"https:\/\/fundaciomallorcaturisme.net\/ca\/que-fer\/experiencies\/","url":"https:\/\/fundaciomallorcaturisme.net\/ca\/que-fer\/experiencies\/","name":"Experi\u00e8ncies - Consell de Mallorca","isPartOf":{"@id":"https:\/\/fundaciomallorcaturisme.net\/ca\/#website"},"datePublished":"2026-02-26T08:07:12+00:00","dateModified":"2026-04-08T11:50:43+00:00","breadcrumb":{"@id":"https:\/\/fundaciomallorcaturisme.net\/ca\/que-fer\/experiencies\/#breadcrumb"},"inLanguage":"ca","potentialAction":[{"@type":"ReadAction","target":["https:\/\/fundaciomallorcaturisme.net\/ca\/que-fer\/experiencies\/"]}]},{"@type":"BreadcrumbList","@id":"https:\/\/fundaciomallorcaturisme.net\/ca\/que-fer\/experiencies\/#breadcrumb","itemListElement":[{"@type":"ListItem","position":1,"name":"Inici","item":"https:\/\/fundaciomallorcaturisme.net\/ca\/"},{"@type":"ListItem","position":2,"name":"Qu\u00e8 fer","item":"https:\/\/fundaciomallorcaturisme.net\/ca\/que-fer\/"},{"@type":"ListItem","position":3,"name":"Experi\u00e8ncies"}]},{"@type":"WebSite","@id":"https:\/\/fundaciomallorcaturisme.net\/ca\/#website","url":"https:\/\/fundaciomallorcaturisme.net\/ca\/","name":"Consell de Mallorca","description":"","publisher":{"@id":"https:\/\/fundaciomallorcaturisme.net\/ca\/#organization"},"alternateName":"Mallorca Turisme","potentialAction":[{"@type":"SearchAction","target":{"@type":"EntryPoint","urlTemplate":"https:\/\/fundaciomallorcaturisme.net\/ca\/?s={search_term_string}"},"query-input":{"@type":"PropertyValueSpecification","valueRequired":true,"valueName":"search_term_string"}}],"inLanguage":"ca"},{"@type":"Organization","@id":"https:\/\/fundaciomallorcaturisme.net\/ca\/#organization","name":"Consell de Mallorca","alternateName":"Mallorca Turisme","url":"https:\/\/fundaciomallorcaturisme.net\/ca\/","logo":{"@type":"ImageObject","inLanguage":"ca","@id":"https:\/\/fundaciomallorcaturisme.net\/ca\/#\/schema\/logo\/image\/","url":"http:\/\/fundaciomallorcaturisme.net\/wp-content\/uploads\/2026\/03\/logo.webp","contentUrl":"http:\/\/fundaciomallorcaturisme.net\/wp-content\/uploads\/2026\/03\/logo.webp","width":696,"height":570,"caption":"Consell de Mallorca"},"image":{"@id":"https:\/\/fundaciomallorcaturisme.net\/ca\/#\/schema\/logo\/image\/"},"sameAs":["https:\/\/www.facebook.com\/ConselldeMca\/","https:\/\/x.com\/ConselldeMca","https:\/\/www.instagram.com\/conselldemca\/","https:\/\/www.youtube.com\/user\/conselldemallorca"]}]}},"_links":{"self":[{"href":"https:\/\/fundaciomallorcaturisme.net\/ca\/wp-json\/wp\/v2\/pages\/3303","targetHints":{"allow":["GET"]}}],"collection":[{"href":"https:\/\/fundaciomallorcaturisme.net\/ca\/wp-json\/wp\/v2\/pages"}],"about":[{"href":"https:\/\/fundaciomallorcaturisme.net\/ca\/wp-json\/wp\/v2\/types\/page"}],"author":[{"embeddable":true,"href":"https:\/\/fundaciomallorcaturisme.net\/ca\/wp-json\/wp\/v2\/users\/1"}],"replies":[{"embeddable":true,"href":"https:\/\/fundaciomallorcaturisme.net\/ca\/wp-json\/wp\/v2\/comments?post=3303"}],"version-history":[{"count":2,"href":"https:\/\/fundaciomallorcaturisme.net\/ca\/wp-json\/wp\/v2\/pages\/3303\/revisions"}],"predecessor-version":[{"id":4643,"href":"https:\/\/fundaciomallorcaturisme.net\/ca\/wp-json\/wp\/v2\/pages\/3303\/revisions\/4643"}],"up":[{"embeddable":true,"href":"https:\/\/fundaciomallorcaturisme.net\/ca\/wp-json\/wp\/v2\/pages\/2185"}],"wp:attachment":[{"href":"https:\/\/fundaciomallorcaturisme.net\/ca\/wp-json\/wp\/v2\/media?parent=3303"}],"curies":[{"name":"wp","href":"https:\/\/api.w.org\/{rel}","templated":true}]}}

Experiències

<h1>Experiències a Mallorca: Moments que deixen empremta</h1>

Mallorca és molt més que una destinació; és un conjunt de sensacions. Des del silenci de la muntanya fins al murmuri de les onades o el sabor de la nostra terra. Hem dissenyat una selecció d'experiències perquè visquis l'illa d'una forma autèntica, respectuosa i, sobretot, inoblidable.
<h2>Aventura i Esport: Mallorca en Moviment</h2>
Per a qui cerca adrenalina o el plaer de superar-se a si mateix en un entorn natural únic.
<ul>
 	<li>Desafia la Serra de Tramuntana: Recorre la llegendària Ruta de Pedra en Sec GR 221 i descobreix per què som Patrimoni Mundial per la UNESCO.</li>
 	<li>La capital del Cicloturisme: Sent la llibertat de pedalar per carreteres secundàries que serpentegen entre la mar i la muntanya.</li>
</ul>
<a href="http://fundaciomallorcaturisme.net/ca/que-fer/rutes/">Explora totes les nostres rutes</a>
<h2>Desconnexió i Natura Viva</h2>
Experiències dissenyades per als amants de la tranquil·litat i la biodiversitat en estat pur.
<ul>
 	<li>Birdwatching a la Mediterrània: Observa espècies úniques al Parc Natural de s’Albufera o segueix el vol del voltor negre als cims.</li>
 	<li>Santuaris Submarins: Submergeix-te en les nostres Reserves Marines i descobreix l'explosió de vida que habita sota les nostres aigües turqueses.</li>
</ul>
<a href="http://fundaciomallorcaturisme.net/ca/que-fer/natura/">Saber més</a>
<h2>Essència Mediterrània: Sol i Sal</h2>
Moments de relax i connexió amb la mar al litoral més desitjat d'Europa.
<ul>
 	<li>Cales Verges i Postes de Sol: Des de la icònica platja d'Es Trenc fins al refugi natural de sa Calobra, troba el teu racó de pau.</li>
 	<li>Nautisme i Llibertat: Sent el vent a la cara practicant surf a la Badia d'Alcúdia o navegant en caiac per coves marines recòndites.</li>
</ul>
<a href="http://fundaciomallorcaturisme.net/ca/destinacions/destinacions-de-platja/">Troba la teva platja ideal</a>
<h2>Cultura i Sabor: L'Ànima de l'Illa</h2>
Mallorca també es viu a través del paladar i de les seves tradicions centenàries.
<ul>
 	<li>Rutes Gastronòmiques: No et limitis a menjar; viu l'experiència de tastar l'oli d'oliva, el vi i els productes locals al mateix lloc on neixen.</li>
 	<li>Pobles amb Encant: Passeja per la història viva des Raiguer o es Pla, coneixent els nostres artesans i el seu llegat.</li>
</ul>
<a href="https://fundaciomallorcaturisme.net/ca/rutes/tematiques/r5-gastronomia/">Gastronomia de Mallorca</a>
<h2>El nostre Compromís amb el Futur: La teva Experiència Responsable</h2>
A la Fundació Mallorca Turisme, creiem que la millor experiència és aquella que cuida el lloc que visita.

Uneix-te a la nostra comunitat de viatgers responsables i ajuda'ns a preservar la bellesa de Mallorca per a les pròximes generacions.

<a href="http://fundaciomallorcaturisme.net/ca/pledge/">Signa el Pledge</a>

<!-- This site is optimized with the Yoast SEO plugin v27.7 - https://yoast.com/product/yoast-seo-wordpress/ -->
<title>Experiències - Consell de Mallorca</title>
<meta name="robots" content="index, follow, max-snippet:-1, max-image-preview:large, max-video-preview:-1" />
<link rel="canonical" href="https://fundaciomallorcaturisme.net/ca/que-fer/experiencies/" />
<meta property="og:locale" content="ca_ES" />
<meta property="og:type" content="article" />
<meta property="og:title" content="Experiències - Consell de Mallorca" />
<meta property="og:url" content="https://fundaciomallorcaturisme.net/ca/que-fer/experiencies/" />
<meta property="og:site_name" content="Consell de Mallorca" />
<meta property="article:publisher" content="https://www.facebook.com/ConselldeMca/" />
<meta property="article:modified_time" content="2026-04-08T11:50:43+00:00" />
<meta property="og:image" content="https://fundaciomallorcaturisme.net/wp-content/uploads/2026/02/planificax2.jpg" />
	<meta property="og:image:width" content="1346" />
	<meta property="og:image:height" content="1094" />
	<meta property="og:image:type" content="image/jpeg" />
<meta name="twitter:card" content="summary_large_image" />
<meta name="twitter:site" content="@ConselldeMca" />
<script type="application/ld+json" class="yoast-schema-graph">{"@context":"https:\/\/schema.org","@graph":[{"@type":"WebPage","@id":"https:\/\/fundaciomallorcaturisme.net\/ca\/que-fer\/experiencies\/","url":"https:\/\/fundaciomallorcaturisme.net\/ca\/que-fer\/experiencies\/","name":"Experiències - Consell de Mallorca","isPartOf":{"@id":"https:\/\/fundaciomallorcaturisme.net\/ca\/#website"},"datePublished":"2026-02-26T08:07:12+00:00","dateModified":"2026-04-08T11:50:43+00:00","breadcrumb":{"@id":"https:\/\/fundaciomallorcaturisme.net\/ca\/que-fer\/experiencies\/#breadcrumb"},"inLanguage":"ca","potentialAction":[{"@type":"ReadAction","target":["https:\/\/fundaciomallorcaturisme.net\/ca\/que-fer\/experiencies\/"]}]},{"@type":"BreadcrumbList","@id":"https:\/\/fundaciomallorcaturisme.net\/ca\/que-fer\/experiencies\/#breadcrumb","itemListElement":[{"@type":"ListItem","position":1,"name":"Inici","item":"https:\/\/fundaciomallorcaturisme.net\/ca\/"},{"@type":"ListItem","position":2,"name":"Què fer","item":"https:\/\/fundaciomallorcaturisme.net\/ca\/que-fer\/"},{"@type":"ListItem","position":3,"name":"Experiències"}]},{"@type":"WebSite","@id":"https:\/\/fundaciomallorcaturisme.net\/ca\/#website","url":"https:\/\/fundaciomallorcaturisme.net\/ca\/","name":"Consell de Mallorca","description":"","publisher":{"@id":"https:\/\/fundaciomallorcaturisme.net\/ca\/#organization"},"alternateName":"Mallorca Turisme","potentialAction":[{"@type":"SearchAction","target":{"@type":"EntryPoint","urlTemplate":"https:\/\/fundaciomallorcaturisme.net\/ca\/?s={search_term_string}"},"query-input":{"@type":"PropertyValueSpecification","valueRequired":true,"valueName":"search_term_string"}}],"inLanguage":"ca"},{"@type":"Organization","@id":"https:\/\/fundaciomallorcaturisme.net\/ca\/#organization","name":"Consell de Mallorca","alternateName":"Mallorca Turisme","url":"https:\/\/fundaciomallorcaturisme.net\/ca\/","logo":{"@type":"ImageObject","inLanguage":"ca","@id":"https:\/\/fundaciomallorcaturisme.net\/ca\/#\/schema\/logo\/image\/","url":"http:\/\/fundaciomallorcaturisme.net\/wp-content\/uploads\/2026\/03\/logo.webp","contentUrl":"http:\/\/fundaciomallorcaturisme.net\/wp-content\/uploads\/2026\/03\/logo.webp","width":696,"height":570,"caption":"Consell de Mallorca"},"image":{"@id":"https:\/\/fundaciomallorcaturisme.net\/ca\/#\/schema\/logo\/image\/"},"sameAs":["https:\/\/www.facebook.com\/ConselldeMca\/","https:\/\/x.com\/ConselldeMca","https:\/\/www.instagram.com\/conselldemca\/","https:\/\/www.youtube.com\/user\/conselldemallorca"]}]}</script>
<!-- / Yoast SEO plugin. -->

Experiències - Consell de Mallorca

Què fer
