{"id":3295,"date":"2026-02-26T09:07:12","date_gmt":"2026-02-26T08:07:12","guid":{"rendered":"http:\/\/fundaciomallorcaturisme.net\/que-fer\/esport\/cicloturisme\/"},"modified":"2026-04-08T12:26:34","modified_gmt":"2026-04-08T10:26:34","slug":"cicloturisme","status":"publish","type":"page","link":"https:\/\/fundaciomallorcaturisme.net\/ca\/que-fer\/esport\/cicloturisme\/","title":{"rendered":"Cicloturisme"},"content":{"rendered":"","protected":false},"excerpt":{"rendered":"","protected":false},"author":1,"featured_media":0,"parent":3294,"menu_order":0,"comment_status":"open","ping_status":"open","template":"page-templates\/contenido_flexible.php","meta":{"_acf_changed":false,"footnotes":""},"class_list":["post-3295","page","type-page","status-publish","hentry"],"acf":{"contenido_flexible":[{"acf_fc_layout":"cabecera","titulo":"<h1>Cicloturisme a Mallorca<\/h1>","titulo_grande":false,"subtitulo":"","texto":"","enlace":"","flecha_abajo":false,"tiene_video":false,"video":"","imagenx1":"","imagenx2":"","logos":""},{"acf_fc_layout":"texto_simple","pretitulo":"","titulo":"","texto":"Mallorca, amb 2.071 km de carreteres i camins locals, s'ha convertit en una destinaci\u00f3 de refer\u00e8ncia per als amants d'aquesta pr\u00e0ctica esportiva. La varietat de l'orografia, l'agradable clima mediterrani i tota una infraestructura creada per satisfer la demanda de les rutes ciclotur\u00edstiques, fan que aquesta illa sigui considerada un lloc \u00fanic al m\u00f3n.\r\n\r\nMallorca posseeix una llarga tradici\u00f3 ciclista, reflectida en la seva gran afici\u00f3 i en els nombrosos vel\u00f2droms constru\u00efts des de principis del segle XX. Aquesta terra ha estat bressol d'esportistes d'elit com Joan Llaneras i Guillem Timoner.\r\n\r\nL'activitat es pot practicar tot l'any, encara que d'octubre a maig \u00e9s l'\u00e8poca m\u00e9s recomanable. De fet, al desembre \u00e9s habitual veure els principals equips professionals preparant el seu entrenament de cicloturisme. L'esdeveniment que obre el calendari cicloturista \u00e9s la Mallorca Challenge, una cita d'elit que sol celebrar-se a finals de gener.\r\n<h2>Serveis especialitzats per a cicloturistes<\/h2>\r\nEls cicloturistes trien Mallorca no nom\u00e9s per la seva bellesa, sin\u00f3 per una oferta tur\u00edstica sense igual. M\u00e9s de 120 hotels estan especialitzats en ciclisme, incloent-hi serveis de lloguer i reparaci\u00f3 de bicicletes, men\u00fas adaptats i massatges esportius.\r\n\r\nA m\u00e9s, comptam amb un Pla de vies ciclistes que classifica les carreteres i camins segons el seu grau de seguretat i tr\u00e0nsit (vies preferents, aptes o no recomanades), garantint una experi\u00e8ncia segura i professional.\r\n<h2>Rutes recomanades per al cicloturisme a Mallorca<\/h2>\r\nCom a instrument per millorar l'experi\u00e8ncia ciclista, s'ha elaborat el Pla de vies ciclistes que classifica carreteres i camins en vies no recomanades, vies aptes i vies preferents segons el grau de seguretat i tr\u00e0nsit.\r\n\r\nBasada en aquesta divisi\u00f3 s'han elaborat una s\u00e8rie de rutes amb diferents graus de dificultat pel que fa a la dist\u00e0ncia i el desnivell del recorregut. S'agrupen en 4 \u00e0rees distintes constituint una xarxa homog\u00e8nia que abasta la totalitat de l'illa. Les 16 rutes proposades tenen una longitud total de 1.732 km i connecten els principals nuclis de poblaci\u00f3 i punts d'inter\u00e8s de Mallorca com s\u00f3n els seus pobles, els seus fars, les seves ermites i el gran sistema muntany\u00f3s que \u00e9s la Serra de Tramuntana. Aquestes rutes compten amb una senyalitzaci\u00f3 espec\u00edfica i es poden anar combinant segons l'inter\u00e8s de cada ciclista.\r\n<h3>C3 - Ermites de Ponent<\/h3>\r\n<ul>\r\n \t<li>Zona: C. COSTA DE CALVI\u00c0<\/li>\r\n \t<li>Dist\u00e0ncia: 66,5 km<\/li>\r\n \t<li>Desnivell: 1.196 m<\/li>\r\n \t<li>Dificultat: Alta<\/li>\r\n<\/ul>\r\n<a href=\"http:\/\/fundaciomallorcaturisme.net\/ca\/rutes\/cicloturisme\/ermites-de-ponent\/\">Saber-ne m\u00e9s<\/a>","cta":"","2_columnas":false,"color_de_fondo":""}]},"yoast_head":"<!-- This site is optimized with the Yoast SEO plugin v27.7 - https:\/\/yoast.com\/product\/yoast-seo-wordpress\/ -->\n<title>Cicloturisme - Consell de Mallorca<\/title>\n<meta name=\"robots\" content=\"index, follow, max-snippet:-1, max-image-preview:large, max-video-preview:-1\" \/>\n<link rel=\"canonical\" href=\"https:\/\/fundaciomallorcaturisme.net\/ca\/que-fer\/esport\/cicloturisme\/\" \/>\n<meta property=\"og:locale\" content=\"ca_ES\" \/>\n<meta property=\"og:type\" content=\"article\" \/>\n<meta property=\"og:title\" content=\"Cicloturisme - Consell de Mallorca\" \/>\n<meta property=\"og:url\" content=\"https:\/\/fundaciomallorcaturisme.net\/ca\/que-fer\/esport\/cicloturisme\/\" \/>\n<meta property=\"og:site_name\" content=\"Consell de Mallorca\" \/>\n<meta property=\"article:publisher\" content=\"https:\/\/www.facebook.com\/ConselldeMca\/\" \/>\n<meta property=\"article:modified_time\" content=\"2026-04-08T10:26:34+00:00\" \/>\n<meta property=\"og:image\" content=\"https:\/\/fundaciomallorcaturisme.net\/wp-content\/uploads\/2026\/02\/planificax2.jpg\" \/>\n\t<meta property=\"og:image:width\" content=\"1346\" \/>\n\t<meta property=\"og:image:height\" content=\"1094\" \/>\n\t<meta property=\"og:image:type\" content=\"image\/jpeg\" \/>\n<meta name=\"twitter:card\" content=\"summary_large_image\" \/>\n<meta name=\"twitter:site\" content=\"@ConselldeMca\" \/>\n<script type=\"application\/ld+json\" class=\"yoast-schema-graph\">{\"@context\":\"https:\\\/\\\/schema.org\",\"@graph\":[{\"@type\":\"WebPage\",\"@id\":\"https:\\\/\\\/fundaciomallorcaturisme.net\\\/ca\\\/que-fer\\\/esport\\\/cicloturisme\\\/\",\"url\":\"https:\\\/\\\/fundaciomallorcaturisme.net\\\/ca\\\/que-fer\\\/esport\\\/cicloturisme\\\/\",\"name\":\"Cicloturisme - Consell de Mallorca\",\"isPartOf\":{\"@id\":\"https:\\\/\\\/fundaciomallorcaturisme.net\\\/ca\\\/#website\"},\"datePublished\":\"2026-02-26T08:07:12+00:00\",\"dateModified\":\"2026-04-08T10:26:34+00:00\",\"breadcrumb\":{\"@id\":\"https:\\\/\\\/fundaciomallorcaturisme.net\\\/ca\\\/que-fer\\\/esport\\\/cicloturisme\\\/#breadcrumb\"},\"inLanguage\":\"ca\",\"potentialAction\":[{\"@type\":\"ReadAction\",\"target\":[\"https:\\\/\\\/fundaciomallorcaturisme.net\\\/ca\\\/que-fer\\\/esport\\\/cicloturisme\\\/\"]}]},{\"@type\":\"BreadcrumbList\",\"@id\":\"https:\\\/\\\/fundaciomallorcaturisme.net\\\/ca\\\/que-fer\\\/esport\\\/cicloturisme\\\/#breadcrumb\",\"itemListElement\":[{\"@type\":\"ListItem\",\"position\":1,\"name\":\"Inici\",\"item\":\"https:\\\/\\\/fundaciomallorcaturisme.net\\\/ca\\\/\"},{\"@type\":\"ListItem\",\"position\":2,\"name\":\"Qu\u00e8 fer\",\"item\":\"https:\\\/\\\/fundaciomallorcaturisme.net\\\/ca\\\/que-fer\\\/\"},{\"@type\":\"ListItem\",\"position\":3,\"name\":\"Esport\",\"item\":\"https:\\\/\\\/fundaciomallorcaturisme.net\\\/ca\\\/que-fer\\\/esport\\\/\"},{\"@type\":\"ListItem\",\"position\":4,\"name\":\"Cicloturisme\"}]},{\"@type\":\"WebSite\",\"@id\":\"https:\\\/\\\/fundaciomallorcaturisme.net\\\/ca\\\/#website\",\"url\":\"https:\\\/\\\/fundaciomallorcaturisme.net\\\/ca\\\/\",\"name\":\"Consell de Mallorca\",\"description\":\"\",\"publisher\":{\"@id\":\"https:\\\/\\\/fundaciomallorcaturisme.net\\\/ca\\\/#organization\"},\"alternateName\":\"Mallorca Turisme\",\"potentialAction\":[{\"@type\":\"SearchAction\",\"target\":{\"@type\":\"EntryPoint\",\"urlTemplate\":\"https:\\\/\\\/fundaciomallorcaturisme.net\\\/ca\\\/?s={search_term_string}\"},\"query-input\":{\"@type\":\"PropertyValueSpecification\",\"valueRequired\":true,\"valueName\":\"search_term_string\"}}],\"inLanguage\":\"ca\"},{\"@type\":\"Organization\",\"@id\":\"https:\\\/\\\/fundaciomallorcaturisme.net\\\/ca\\\/#organization\",\"name\":\"Consell de Mallorca\",\"alternateName\":\"Mallorca Turisme\",\"url\":\"https:\\\/\\\/fundaciomallorcaturisme.net\\\/ca\\\/\",\"logo\":{\"@type\":\"ImageObject\",\"inLanguage\":\"ca\",\"@id\":\"https:\\\/\\\/fundaciomallorcaturisme.net\\\/ca\\\/#\\\/schema\\\/logo\\\/image\\\/\",\"url\":\"http:\\\/\\\/fundaciomallorcaturisme.net\\\/wp-content\\\/uploads\\\/2026\\\/03\\\/logo.webp\",\"contentUrl\":\"http:\\\/\\\/fundaciomallorcaturisme.net\\\/wp-content\\\/uploads\\\/2026\\\/03\\\/logo.webp\",\"width\":696,\"height\":570,\"caption\":\"Consell de Mallorca\"},\"image\":{\"@id\":\"https:\\\/\\\/fundaciomallorcaturisme.net\\\/ca\\\/#\\\/schema\\\/logo\\\/image\\\/\"},\"sameAs\":[\"https:\\\/\\\/www.facebook.com\\\/ConselldeMca\\\/\",\"https:\\\/\\\/x.com\\\/ConselldeMca\",\"https:\\\/\\\/www.instagram.com\\\/conselldemca\\\/\",\"https:\\\/\\\/www.youtube.com\\\/user\\\/conselldemallorca\"]}]}<\/script>\n<!-- \/ Yoast SEO plugin. -->","yoast_head_json":{"title":"Cicloturisme - Consell de Mallorca","robots":{"index":"index","follow":"follow","max-snippet":"max-snippet:-1","max-image-preview":"max-image-preview:large","max-video-preview":"max-video-preview:-1"},"canonical":"https:\/\/fundaciomallorcaturisme.net\/ca\/que-fer\/esport\/cicloturisme\/","og_locale":"ca_ES","og_type":"article","og_title":"Cicloturisme - Consell de Mallorca","og_url":"https:\/\/fundaciomallorcaturisme.net\/ca\/que-fer\/esport\/cicloturisme\/","og_site_name":"Consell de Mallorca","article_publisher":"https:\/\/www.facebook.com\/ConselldeMca\/","article_modified_time":"2026-04-08T10:26:34+00:00","og_image":[{"width":1346,"height":1094,"url":"https:\/\/fundaciomallorcaturisme.net\/wp-content\/uploads\/2026\/02\/planificax2.jpg","type":"image\/jpeg"}],"twitter_card":"summary_large_image","twitter_site":"@ConselldeMca","schema":{"@context":"https:\/\/schema.org","@graph":[{"@type":"WebPage","@id":"https:\/\/fundaciomallorcaturisme.net\/ca\/que-fer\/esport\/cicloturisme\/","url":"https:\/\/fundaciomallorcaturisme.net\/ca\/que-fer\/esport\/cicloturisme\/","name":"Cicloturisme - Consell de Mallorca","isPartOf":{"@id":"https:\/\/fundaciomallorcaturisme.net\/ca\/#website"},"datePublished":"2026-02-26T08:07:12+00:00","dateModified":"2026-04-08T10:26:34+00:00","breadcrumb":{"@id":"https:\/\/fundaciomallorcaturisme.net\/ca\/que-fer\/esport\/cicloturisme\/#breadcrumb"},"inLanguage":"ca","potentialAction":[{"@type":"ReadAction","target":["https:\/\/fundaciomallorcaturisme.net\/ca\/que-fer\/esport\/cicloturisme\/"]}]},{"@type":"BreadcrumbList","@id":"https:\/\/fundaciomallorcaturisme.net\/ca\/que-fer\/esport\/cicloturisme\/#breadcrumb","itemListElement":[{"@type":"ListItem","position":1,"name":"Inici","item":"https:\/\/fundaciomallorcaturisme.net\/ca\/"},{"@type":"ListItem","position":2,"name":"Qu\u00e8 fer","item":"https:\/\/fundaciomallorcaturisme.net\/ca\/que-fer\/"},{"@type":"ListItem","position":3,"name":"Esport","item":"https:\/\/fundaciomallorcaturisme.net\/ca\/que-fer\/esport\/"},{"@type":"ListItem","position":4,"name":"Cicloturisme"}]},{"@type":"WebSite","@id":"https:\/\/fundaciomallorcaturisme.net\/ca\/#website","url":"https:\/\/fundaciomallorcaturisme.net\/ca\/","name":"Consell de Mallorca","description":"","publisher":{"@id":"https:\/\/fundaciomallorcaturisme.net\/ca\/#organization"},"alternateName":"Mallorca Turisme","potentialAction":[{"@type":"SearchAction","target":{"@type":"EntryPoint","urlTemplate":"https:\/\/fundaciomallorcaturisme.net\/ca\/?s={search_term_string}"},"query-input":{"@type":"PropertyValueSpecification","valueRequired":true,"valueName":"search_term_string"}}],"inLanguage":"ca"},{"@type":"Organization","@id":"https:\/\/fundaciomallorcaturisme.net\/ca\/#organization","name":"Consell de Mallorca","alternateName":"Mallorca Turisme","url":"https:\/\/fundaciomallorcaturisme.net\/ca\/","logo":{"@type":"ImageObject","inLanguage":"ca","@id":"https:\/\/fundaciomallorcaturisme.net\/ca\/#\/schema\/logo\/image\/","url":"http:\/\/fundaciomallorcaturisme.net\/wp-content\/uploads\/2026\/03\/logo.webp","contentUrl":"http:\/\/fundaciomallorcaturisme.net\/wp-content\/uploads\/2026\/03\/logo.webp","width":696,"height":570,"caption":"Consell de Mallorca"},"image":{"@id":"https:\/\/fundaciomallorcaturisme.net\/ca\/#\/schema\/logo\/image\/"},"sameAs":["https:\/\/www.facebook.com\/ConselldeMca\/","https:\/\/x.com\/ConselldeMca","https:\/\/www.instagram.com\/conselldemca\/","https:\/\/www.youtube.com\/user\/conselldemallorca"]}]}},"_links":{"self":[{"href":"https:\/\/fundaciomallorcaturisme.net\/ca\/wp-json\/wp\/v2\/pages\/3295","targetHints":{"allow":["GET"]}}],"collection":[{"href":"https:\/\/fundaciomallorcaturisme.net\/ca\/wp-json\/wp\/v2\/pages"}],"about":[{"href":"https:\/\/fundaciomallorcaturisme.net\/ca\/wp-json\/wp\/v2\/types\/page"}],"author":[{"embeddable":true,"href":"https:\/\/fundaciomallorcaturisme.net\/ca\/wp-json\/wp\/v2\/users\/1"}],"replies":[{"embeddable":true,"href":"https:\/\/fundaciomallorcaturisme.net\/ca\/wp-json\/wp\/v2\/comments?post=3295"}],"version-history":[{"count":2,"href":"https:\/\/fundaciomallorcaturisme.net\/ca\/wp-json\/wp\/v2\/pages\/3295\/revisions"}],"predecessor-version":[{"id":4648,"href":"https:\/\/fundaciomallorcaturisme.net\/ca\/wp-json\/wp\/v2\/pages\/3295\/revisions\/4648"}],"up":[{"embeddable":true,"href":"https:\/\/fundaciomallorcaturisme.net\/ca\/wp-json\/wp\/v2\/pages\/3294"}],"wp:attachment":[{"href":"https:\/\/fundaciomallorcaturisme.net\/ca\/wp-json\/wp\/v2\/media?parent=3295"}],"curies":[{"name":"wp","href":"https:\/\/api.w.org\/{rel}","templated":true}]}}

Mallorca, amb 2.071 km de carreteres i camins locals, s'ha convertit en una destinació de referència per als amants d'aquesta pràctica esportiva. La varietat de l'orografia, l'agradable clima mediterrani i tota una infraestructura creada per satisfer la demanda de les rutes cicloturístiques, fan que aquesta illa sigui considerada un lloc únic al món.

Mallorca posseeix una llarga tradició ciclista, reflectida en la seva gran afició i en els nombrosos velòdroms construïts des de principis del segle XX. Aquesta terra ha estat bressol d'esportistes d'elit com Joan Llaneras i Guillem Timoner.

L'activitat es pot practicar tot l'any, encara que d'octubre a maig és l'època més recomanable. De fet, al desembre és habitual veure els principals equips professionals preparant el seu entrenament de cicloturisme. L'esdeveniment que obre el calendari cicloturista és la Mallorca Challenge, una cita d'elit que sol celebrar-se a finals de gener.
<h2>Serveis especialitzats per a cicloturistes</h2>
Els cicloturistes trien Mallorca no només per la seva bellesa, sinó per una oferta turística sense igual. Més de 120 hotels estan especialitzats en ciclisme, incloent-hi serveis de lloguer i reparació de bicicletes, menús adaptats i massatges esportius.

A més, comptam amb un Pla de vies ciclistes que classifica les carreteres i camins segons el seu grau de seguretat i trànsit (vies preferents, aptes o no recomanades), garantint una experiència segura i professional.
<h2>Rutes recomanades per al cicloturisme a Mallorca</h2>
Com a instrument per millorar l'experiència ciclista, s'ha elaborat el Pla de vies ciclistes que classifica carreteres i camins en vies no recomanades, vies aptes i vies preferents segons el grau de seguretat i trànsit.

Basada en aquesta divisió s'han elaborat una sèrie de rutes amb diferents graus de dificultat pel que fa a la distància i el desnivell del recorregut. S'agrupen en 4 àrees distintes constituint una xarxa homogènia que abasta la totalitat de l'illa. Les 16 rutes proposades tenen una longitud total de 1.732 km i connecten els principals nuclis de població i punts d'interès de Mallorca com són els seus pobles, els seus fars, les seves ermites i el gran sistema muntanyós que és la Serra de Tramuntana. Aquestes rutes compten amb una senyalització específica i es poden anar combinant segons l'interès de cada ciclista.
<h3>C3 - Ermites de Ponent</h3>
<ul>
 	<li>Zona: C. COSTA DE CALVIÀ</li>
 	<li>Distància: 66,5 km</li>
 	<li>Desnivell: 1.196 m</li>
 	<li>Dificultat: Alta</li>
</ul>
<a href="http://fundaciomallorcaturisme.net/ca/rutes/cicloturisme/ermites-de-ponent/">Saber-ne més</a>

<!-- This site is optimized with the Yoast SEO plugin v27.7 - https://yoast.com/product/yoast-seo-wordpress/ -->
<title>Cicloturisme - Consell de Mallorca</title>
<meta name="robots" content="index, follow, max-snippet:-1, max-image-preview:large, max-video-preview:-1" />
<link rel="canonical" href="https://fundaciomallorcaturisme.net/ca/que-fer/esport/cicloturisme/" />
<meta property="og:locale" content="ca_ES" />
<meta property="og:type" content="article" />
<meta property="og:title" content="Cicloturisme - Consell de Mallorca" />
<meta property="og:url" content="https://fundaciomallorcaturisme.net/ca/que-fer/esport/cicloturisme/" />
<meta property="og:site_name" content="Consell de Mallorca" />
<meta property="article:publisher" content="https://www.facebook.com/ConselldeMca/" />
<meta property="article:modified_time" content="2026-04-08T10:26:34+00:00" />
<meta property="og:image" content="https://fundaciomallorcaturisme.net/wp-content/uploads/2026/02/planificax2.jpg" />
	<meta property="og:image:width" content="1346" />
	<meta property="og:image:height" content="1094" />
	<meta property="og:image:type" content="image/jpeg" />
<meta name="twitter:card" content="summary_large_image" />
<meta name="twitter:site" content="@ConselldeMca" />
<script type="application/ld+json" class="yoast-schema-graph">{"@context":"https:\/\/schema.org","@graph":[{"@type":"WebPage","@id":"https:\/\/fundaciomallorcaturisme.net\/ca\/que-fer\/esport\/cicloturisme\/","url":"https:\/\/fundaciomallorcaturisme.net\/ca\/que-fer\/esport\/cicloturisme\/","name":"Cicloturisme - Consell de Mallorca","isPartOf":{"@id":"https:\/\/fundaciomallorcaturisme.net\/ca\/#website"},"datePublished":"2026-02-26T08:07:12+00:00","dateModified":"2026-04-08T10:26:34+00:00","breadcrumb":{"@id":"https:\/\/fundaciomallorcaturisme.net\/ca\/que-fer\/esport\/cicloturisme\/#breadcrumb"},"inLanguage":"ca","potentialAction":[{"@type":"ReadAction","target":["https:\/\/fundaciomallorcaturisme.net\/ca\/que-fer\/esport\/cicloturisme\/"]}]},{"@type":"BreadcrumbList","@id":"https:\/\/fundaciomallorcaturisme.net\/ca\/que-fer\/esport\/cicloturisme\/#breadcrumb","itemListElement":[{"@type":"ListItem","position":1,"name":"Inici","item":"https:\/\/fundaciomallorcaturisme.net\/ca\/"},{"@type":"ListItem","position":2,"name":"Què fer","item":"https:\/\/fundaciomallorcaturisme.net\/ca\/que-fer\/"},{"@type":"ListItem","position":3,"name":"Esport","item":"https:\/\/fundaciomallorcaturisme.net\/ca\/que-fer\/esport\/"},{"@type":"ListItem","position":4,"name":"Cicloturisme"}]},{"@type":"WebSite","@id":"https:\/\/fundaciomallorcaturisme.net\/ca\/#website","url":"https:\/\/fundaciomallorcaturisme.net\/ca\/","name":"Consell de Mallorca","description":"","publisher":{"@id":"https:\/\/fundaciomallorcaturisme.net\/ca\/#organization"},"alternateName":"Mallorca Turisme","potentialAction":[{"@type":"SearchAction","target":{"@type":"EntryPoint","urlTemplate":"https:\/\/fundaciomallorcaturisme.net\/ca\/?s={search_term_string}"},"query-input":{"@type":"PropertyValueSpecification","valueRequired":true,"valueName":"search_term_string"}}],"inLanguage":"ca"},{"@type":"Organization","@id":"https:\/\/fundaciomallorcaturisme.net\/ca\/#organization","name":"Consell de Mallorca","alternateName":"Mallorca Turisme","url":"https:\/\/fundaciomallorcaturisme.net\/ca\/","logo":{"@type":"ImageObject","inLanguage":"ca","@id":"https:\/\/fundaciomallorcaturisme.net\/ca\/#\/schema\/logo\/image\/","url":"http:\/\/fundaciomallorcaturisme.net\/wp-content\/uploads\/2026\/03\/logo.webp","contentUrl":"http:\/\/fundaciomallorcaturisme.net\/wp-content\/uploads\/2026\/03\/logo.webp","width":696,"height":570,"caption":"Consell de Mallorca"},"image":{"@id":"https:\/\/fundaciomallorcaturisme.net\/ca\/#\/schema\/logo\/image\/"},"sameAs":["https:\/\/www.facebook.com\/ConselldeMca\/","https:\/\/x.com\/ConselldeMca","https:\/\/www.instagram.com\/conselldemca\/","https:\/\/www.youtube.com\/user\/conselldemallorca"]}]}</script>
<!-- / Yoast SEO plugin. -->

Què fer
