{"id":3294,"date":"2026-02-26T09:07:12","date_gmt":"2026-02-26T08:07:12","guid":{"rendered":"http:\/\/fundaciomallorcaturisme.net\/que-fer\/esport\/"},"modified":"2026-04-08T13:44:24","modified_gmt":"2026-04-08T11:44:24","slug":"esport","status":"publish","type":"page","link":"https:\/\/fundaciomallorcaturisme.net\/ca\/que-fer\/esport\/","title":{"rendered":"Esport"},"content":{"rendered":"","protected":false},"excerpt":{"rendered":"","protected":false},"author":1,"featured_media":0,"parent":2185,"menu_order":0,"comment_status":"open","ping_status":"open","template":"page-templates\/contenido_flexible.php","meta":{"_acf_changed":false,"footnotes":""},"class_list":["post-3294","page","type-page","status-publish","hentry"],"acf":{"contenido_flexible":[{"acf_fc_layout":"cabecera","titulo":"<h1>Mallorca: l\u2019escenari perfecte per a qualsevol disciplina esportiva<\/h1>","titulo_grande":false,"subtitulo":"","texto":"","enlace":"","flecha_abajo":false,"tiene_video":false,"video":"","imagenx1":"","imagenx2":"","logos":""},{"acf_fc_layout":"texto_simple","pretitulo":"","titulo":"","texto":"Si l'esport \u00e9s part de la teva vida i vols practicar-lo tamb\u00e9 durant les teves vacances, Mallorca \u00e9s la teva destinaci\u00f3. No nom\u00e9s el paisatge com a est\u00edmul visual t'acompanyar\u00e0 durant el teu entrenament o pr\u00e0ctica esportiva preferida, sin\u00f3 tamb\u00e9 un clima estable i agradable.\r\n\r\nAnima't a gaudir del teu esport favorit, com a participant o tamb\u00e9 com a mer espectador dels m\u00faltiples esdeveniments esportius que se celebren al llarg de l'any. Aix\u00f2 queda a la teva elecci\u00f3!\r\n<h2>Quins esports pots practicar a Mallorca?<\/h2>\r\nDes dels cims de la Serra de Tramuntana fins a les profunditats de les nostres aig\u00fces cristal\u00b7lines, l'illa ofereix un escenari inigualable per a la pr\u00e0ctica esportiva. La nostra terra \u00e9s l'origen de grans esportistes d'elit com Rafa Nadal, Rudy Fern\u00e1ndez, Carlos Moy\u00e1 o Jorge Lorenzo.\r\n\r\nPer donar suport a aquest talent i als visitants, l'illa posseeix instal\u00b7lacions de primer nivell: des de l'estadi del RCD Mallorca i el vel\u00f2drom de Palma, fins a una vintena de camps de golf dissenyats per firmes internacionals i clubs n\u00e0utics de fama mundial.\r\n<h3>Cicloturisme<\/h3>\r\nMallorca \u00e9s el parad\u00eds de les dues rodes. Gr\u00e0cies a la seva variada orografia i carreteres secund\u00e0ries de gran bellesa, l'illa \u00e9s la destinaci\u00f3 preferida per equips professionals i aficionats a rutes ciclotur\u00edstiques.\r\n\r\n<a href=\"http:\/\/fundaciomallorcaturisme.net\/ca\/que-fer\/esport\/cicloturisme\/\">Mira totes les rutes de cicloturisme<\/a>\r\n<h3>Golf a Mallorca<\/h3>\r\nAmb 23 camps de golf d'alta qualitat, Mallorca permet practicar aquest esport els 365 dies de l'any. Gr\u00e0cies a la seva proximitat, \u00e9s possible canviar d'escenari en pocs minuts, gaudint d'instal\u00b7lacions tra\u00e7ades amb estricte respecte a l'entorn natural i t\u00e8cniques avan\u00e7ades d'estalvi d'energia.\r\n\r\nComptem amb camps hist\u00f2rics inaugurats als anys 60 i altres de recent obertura dissenyats per firmes de prestigi mundial. L'oferta s'adapta tant a jugadors experts com a principiants, disposant de set escoles de golf i una xarxa de m\u00e9s de quaranta allotjaments especialitzats de categoria superior repartits per tota l'illa.\r\n<h3>Esports N\u00e0utics i Activitats Subaqu\u00e0tiques<\/h3>\r\nDes de la vela i el pirag\u00fcisme fins a l'exploraci\u00f3 dels nostres fons marins. Mallorca ofereix clubs n\u00e0utics de prestigi i aig\u00fces cristal\u00b7lines ideals per al buceig.\r\n\r\n<a href=\"http:\/\/fundaciomallorcaturisme.net\/ca\/que-fer\/esport\/buceig-i-esports-nautics\/\">Explora la mar de Mallorca<\/a>\r\n<h3>Esports d'Aventura i Activitats a l'aire lliure<\/h3>\r\nMallorca presenta un infinitat d'escenaris per a la pr\u00e0ctica d'esports d'aventura: Paddle Surf, surf, caiac, descens de barrancs, escalada, espeleologia, coasteering o BTT. S\u00f3n nombroses les empreses especialitzades a l'illa que ofereixen tot tipus de serveis multiaventura per espr\u00e9mer al m\u00e0xim la nostra natura.\r\n<h3>Mototurisme: Llibertat i Sostenibilitat<\/h3>\r\nDescobreix Mallorca amb total llibertat a trav\u00e9s de rutes en moto que connecten cultura, gastronomia i paisatges durant tot l'any.\r\n\r\n<a href=\"https:\/\/fundaciomallorcaturisme.net\/ca\/que-fer\/esport\/mototurisme\/\">Rutes per fer Mototurisme<\/a>\r\n<h3>Senderisme i Marxa N\u00f2rdica<\/h3>\r\nExplora la nostra xarxa de camins, des de l'espectacular Serra de Tramuntana fins a les rutes litorals. El senderisme \u00e9s la millor forma de connectar amb la natura.\r\n\r\n<a href=\"http:\/\/fundaciomallorcaturisme.net\/ca\/que-fer\/rutes\/\">Mira rutes de senderisme<\/a>\r\n<h3>H\u00edpica<\/h3>\r\nLa tradici\u00f3 eq\u00fcestre est\u00e0 molt arrelada. Gaudeix d'excursions a cavall per paratges naturals o assisteix als hip\u00f2droms de l'illa, on la disciplina del trot \u00e9s la gran protagonista.","cta":"","2_columnas":false,"color_de_fondo":""}]},"yoast_head":"<!-- This site is optimized with the Yoast SEO plugin v27.7 - https:\/\/yoast.com\/product\/yoast-seo-wordpress\/ -->\n<title>Esport - Consell de Mallorca<\/title>\n<meta name=\"robots\" content=\"index, follow, max-snippet:-1, max-image-preview:large, max-video-preview:-1\" \/>\n<link rel=\"canonical\" href=\"https:\/\/fundaciomallorcaturisme.net\/ca\/que-fer\/esport\/\" \/>\n<meta property=\"og:locale\" content=\"ca_ES\" \/>\n<meta property=\"og:type\" content=\"article\" \/>\n<meta property=\"og:title\" content=\"Esport - Consell de Mallorca\" \/>\n<meta property=\"og:url\" content=\"https:\/\/fundaciomallorcaturisme.net\/ca\/que-fer\/esport\/\" \/>\n<meta property=\"og:site_name\" content=\"Consell de Mallorca\" \/>\n<meta property=\"article:publisher\" content=\"https:\/\/www.facebook.com\/ConselldeMca\/\" \/>\n<meta property=\"article:modified_time\" content=\"2026-04-08T11:44:24+00:00\" \/>\n<meta property=\"og:image\" content=\"https:\/\/fundaciomallorcaturisme.net\/wp-content\/uploads\/2026\/02\/planificax2.jpg\" \/>\n\t<meta property=\"og:image:width\" content=\"1346\" \/>\n\t<meta property=\"og:image:height\" content=\"1094\" \/>\n\t<meta property=\"og:image:type\" content=\"image\/jpeg\" \/>\n<meta name=\"twitter:card\" content=\"summary_large_image\" \/>\n<meta name=\"twitter:site\" content=\"@ConselldeMca\" \/>\n<script type=\"application\/ld+json\" class=\"yoast-schema-graph\">{\"@context\":\"https:\\\/\\\/schema.org\",\"@graph\":[{\"@type\":\"WebPage\",\"@id\":\"https:\\\/\\\/fundaciomallorcaturisme.net\\\/ca\\\/que-fer\\\/esport\\\/\",\"url\":\"https:\\\/\\\/fundaciomallorcaturisme.net\\\/ca\\\/que-fer\\\/esport\\\/\",\"name\":\"Esport - Consell de Mallorca\",\"isPartOf\":{\"@id\":\"https:\\\/\\\/fundaciomallorcaturisme.net\\\/ca\\\/#website\"},\"datePublished\":\"2026-02-26T08:07:12+00:00\",\"dateModified\":\"2026-04-08T11:44:24+00:00\",\"breadcrumb\":{\"@id\":\"https:\\\/\\\/fundaciomallorcaturisme.net\\\/ca\\\/que-fer\\\/esport\\\/#breadcrumb\"},\"inLanguage\":\"ca\",\"potentialAction\":[{\"@type\":\"ReadAction\",\"target\":[\"https:\\\/\\\/fundaciomallorcaturisme.net\\\/ca\\\/que-fer\\\/esport\\\/\"]}]},{\"@type\":\"BreadcrumbList\",\"@id\":\"https:\\\/\\\/fundaciomallorcaturisme.net\\\/ca\\\/que-fer\\\/esport\\\/#breadcrumb\",\"itemListElement\":[{\"@type\":\"ListItem\",\"position\":1,\"name\":\"Inici\",\"item\":\"https:\\\/\\\/fundaciomallorcaturisme.net\\\/ca\\\/\"},{\"@type\":\"ListItem\",\"position\":2,\"name\":\"Qu\u00e8 fer\",\"item\":\"https:\\\/\\\/fundaciomallorcaturisme.net\\\/ca\\\/que-fer\\\/\"},{\"@type\":\"ListItem\",\"position\":3,\"name\":\"Esport\"}]},{\"@type\":\"WebSite\",\"@id\":\"https:\\\/\\\/fundaciomallorcaturisme.net\\\/ca\\\/#website\",\"url\":\"https:\\\/\\\/fundaciomallorcaturisme.net\\\/ca\\\/\",\"name\":\"Consell de Mallorca\",\"description\":\"\",\"publisher\":{\"@id\":\"https:\\\/\\\/fundaciomallorcaturisme.net\\\/ca\\\/#organization\"},\"alternateName\":\"Mallorca Turisme\",\"potentialAction\":[{\"@type\":\"SearchAction\",\"target\":{\"@type\":\"EntryPoint\",\"urlTemplate\":\"https:\\\/\\\/fundaciomallorcaturisme.net\\\/ca\\\/?s={search_term_string}\"},\"query-input\":{\"@type\":\"PropertyValueSpecification\",\"valueRequired\":true,\"valueName\":\"search_term_string\"}}],\"inLanguage\":\"ca\"},{\"@type\":\"Organization\",\"@id\":\"https:\\\/\\\/fundaciomallorcaturisme.net\\\/ca\\\/#organization\",\"name\":\"Consell de Mallorca\",\"alternateName\":\"Mallorca Turisme\",\"url\":\"https:\\\/\\\/fundaciomallorcaturisme.net\\\/ca\\\/\",\"logo\":{\"@type\":\"ImageObject\",\"inLanguage\":\"ca\",\"@id\":\"https:\\\/\\\/fundaciomallorcaturisme.net\\\/ca\\\/#\\\/schema\\\/logo\\\/image\\\/\",\"url\":\"http:\\\/\\\/fundaciomallorcaturisme.net\\\/wp-content\\\/uploads\\\/2026\\\/03\\\/logo.webp\",\"contentUrl\":\"http:\\\/\\\/fundaciomallorcaturisme.net\\\/wp-content\\\/uploads\\\/2026\\\/03\\\/logo.webp\",\"width\":696,\"height\":570,\"caption\":\"Consell de Mallorca\"},\"image\":{\"@id\":\"https:\\\/\\\/fundaciomallorcaturisme.net\\\/ca\\\/#\\\/schema\\\/logo\\\/image\\\/\"},\"sameAs\":[\"https:\\\/\\\/www.facebook.com\\\/ConselldeMca\\\/\",\"https:\\\/\\\/x.com\\\/ConselldeMca\",\"https:\\\/\\\/www.instagram.com\\\/conselldemca\\\/\",\"https:\\\/\\\/www.youtube.com\\\/user\\\/conselldemallorca\"]}]}<\/script>\n<!-- \/ Yoast SEO plugin. -->","yoast_head_json":{"title":"Esport - Consell de Mallorca","robots":{"index":"index","follow":"follow","max-snippet":"max-snippet:-1","max-image-preview":"max-image-preview:large","max-video-preview":"max-video-preview:-1"},"canonical":"https:\/\/fundaciomallorcaturisme.net\/ca\/que-fer\/esport\/","og_locale":"ca_ES","og_type":"article","og_title":"Esport - Consell de Mallorca","og_url":"https:\/\/fundaciomallorcaturisme.net\/ca\/que-fer\/esport\/","og_site_name":"Consell de Mallorca","article_publisher":"https:\/\/www.facebook.com\/ConselldeMca\/","article_modified_time":"2026-04-08T11:44:24+00:00","og_image":[{"width":1346,"height":1094,"url":"https:\/\/fundaciomallorcaturisme.net\/wp-content\/uploads\/2026\/02\/planificax2.jpg","type":"image\/jpeg"}],"twitter_card":"summary_large_image","twitter_site":"@ConselldeMca","schema":{"@context":"https:\/\/schema.org","@graph":[{"@type":"WebPage","@id":"https:\/\/fundaciomallorcaturisme.net\/ca\/que-fer\/esport\/","url":"https:\/\/fundaciomallorcaturisme.net\/ca\/que-fer\/esport\/","name":"Esport - Consell de Mallorca","isPartOf":{"@id":"https:\/\/fundaciomallorcaturisme.net\/ca\/#website"},"datePublished":"2026-02-26T08:07:12+00:00","dateModified":"2026-04-08T11:44:24+00:00","breadcrumb":{"@id":"https:\/\/fundaciomallorcaturisme.net\/ca\/que-fer\/esport\/#breadcrumb"},"inLanguage":"ca","potentialAction":[{"@type":"ReadAction","target":["https:\/\/fundaciomallorcaturisme.net\/ca\/que-fer\/esport\/"]}]},{"@type":"BreadcrumbList","@id":"https:\/\/fundaciomallorcaturisme.net\/ca\/que-fer\/esport\/#breadcrumb","itemListElement":[{"@type":"ListItem","position":1,"name":"Inici","item":"https:\/\/fundaciomallorcaturisme.net\/ca\/"},{"@type":"ListItem","position":2,"name":"Qu\u00e8 fer","item":"https:\/\/fundaciomallorcaturisme.net\/ca\/que-fer\/"},{"@type":"ListItem","position":3,"name":"Esport"}]},{"@type":"WebSite","@id":"https:\/\/fundaciomallorcaturisme.net\/ca\/#website","url":"https:\/\/fundaciomallorcaturisme.net\/ca\/","name":"Consell de Mallorca","description":"","publisher":{"@id":"https:\/\/fundaciomallorcaturisme.net\/ca\/#organization"},"alternateName":"Mallorca Turisme","potentialAction":[{"@type":"SearchAction","target":{"@type":"EntryPoint","urlTemplate":"https:\/\/fundaciomallorcaturisme.net\/ca\/?s={search_term_string}"},"query-input":{"@type":"PropertyValueSpecification","valueRequired":true,"valueName":"search_term_string"}}],"inLanguage":"ca"},{"@type":"Organization","@id":"https:\/\/fundaciomallorcaturisme.net\/ca\/#organization","name":"Consell de Mallorca","alternateName":"Mallorca Turisme","url":"https:\/\/fundaciomallorcaturisme.net\/ca\/","logo":{"@type":"ImageObject","inLanguage":"ca","@id":"https:\/\/fundaciomallorcaturisme.net\/ca\/#\/schema\/logo\/image\/","url":"http:\/\/fundaciomallorcaturisme.net\/wp-content\/uploads\/2026\/03\/logo.webp","contentUrl":"http:\/\/fundaciomallorcaturisme.net\/wp-content\/uploads\/2026\/03\/logo.webp","width":696,"height":570,"caption":"Consell de Mallorca"},"image":{"@id":"https:\/\/fundaciomallorcaturisme.net\/ca\/#\/schema\/logo\/image\/"},"sameAs":["https:\/\/www.facebook.com\/ConselldeMca\/","https:\/\/x.com\/ConselldeMca","https:\/\/www.instagram.com\/conselldemca\/","https:\/\/www.youtube.com\/user\/conselldemallorca"]}]}},"_links":{"self":[{"href":"https:\/\/fundaciomallorcaturisme.net\/ca\/wp-json\/wp\/v2\/pages\/3294","targetHints":{"allow":["GET"]}}],"collection":[{"href":"https:\/\/fundaciomallorcaturisme.net\/ca\/wp-json\/wp\/v2\/pages"}],"about":[{"href":"https:\/\/fundaciomallorcaturisme.net\/ca\/wp-json\/wp\/v2\/types\/page"}],"author":[{"embeddable":true,"href":"https:\/\/fundaciomallorcaturisme.net\/ca\/wp-json\/wp\/v2\/users\/1"}],"replies":[{"embeddable":true,"href":"https:\/\/fundaciomallorcaturisme.net\/ca\/wp-json\/wp\/v2\/comments?post=3294"}],"version-history":[{"count":2,"href":"https:\/\/fundaciomallorcaturisme.net\/ca\/wp-json\/wp\/v2\/pages\/3294\/revisions"}],"predecessor-version":[{"id":4686,"href":"https:\/\/fundaciomallorcaturisme.net\/ca\/wp-json\/wp\/v2\/pages\/3294\/revisions\/4686"}],"up":[{"embeddable":true,"href":"https:\/\/fundaciomallorcaturisme.net\/ca\/wp-json\/wp\/v2\/pages\/2185"}],"wp:attachment":[{"href":"https:\/\/fundaciomallorcaturisme.net\/ca\/wp-json\/wp\/v2\/media?parent=3294"}],"curies":[{"name":"wp","href":"https:\/\/api.w.org\/{rel}","templated":true}]}}

Si l'esport és part de la teva vida i vols practicar-lo també durant les teves vacances, Mallorca és la teva destinació. No només el paisatge com a estímul visual t'acompanyarà durant el teu entrenament o pràctica esportiva preferida, sinó també un clima estable i agradable.

Anima't a gaudir del teu esport favorit, com a participant o també com a mer espectador dels múltiples esdeveniments esportius que se celebren al llarg de l'any. Això queda a la teva elecció!
<h2>Quins esports pots practicar a Mallorca?</h2>
Des dels cims de la Serra de Tramuntana fins a les profunditats de les nostres aigües cristal·lines, l'illa ofereix un escenari inigualable per a la pràctica esportiva. La nostra terra és l'origen de grans esportistes d'elit com Rafa Nadal, Rudy Fernández, Carlos Moyá o Jorge Lorenzo.

Per donar suport a aquest talent i als visitants, l'illa posseeix instal·lacions de primer nivell: des de l'estadi del RCD Mallorca i el velòdrom de Palma, fins a una vintena de camps de golf dissenyats per firmes internacionals i clubs nàutics de fama mundial.
<h3>Cicloturisme</h3>
Mallorca és el paradís de les dues rodes. Gràcies a la seva variada orografia i carreteres secundàries de gran bellesa, l'illa és la destinació preferida per equips professionals i aficionats a rutes cicloturístiques.

<a href="http://fundaciomallorcaturisme.net/ca/que-fer/esport/cicloturisme/">Mira totes les rutes de cicloturisme</a>
<h3>Golf a Mallorca</h3>
Amb 23 camps de golf d'alta qualitat, Mallorca permet practicar aquest esport els 365 dies de l'any. Gràcies a la seva proximitat, és possible canviar d'escenari en pocs minuts, gaudint d'instal·lacions traçades amb estricte respecte a l'entorn natural i tècniques avançades d'estalvi d'energia.

Comptem amb camps històrics inaugurats als anys 60 i altres de recent obertura dissenyats per firmes de prestigi mundial. L'oferta s'adapta tant a jugadors experts com a principiants, disposant de set escoles de golf i una xarxa de més de quaranta allotjaments especialitzats de categoria superior repartits per tota l'illa.
<h3>Esports Nàutics i Activitats Subaquàtiques</h3>
Des de la vela i el piragüisme fins a l'exploració dels nostres fons marins. Mallorca ofereix clubs nàutics de prestigi i aigües cristal·lines ideals per al buceig.

<a href="http://fundaciomallorcaturisme.net/ca/que-fer/esport/buceig-i-esports-nautics/">Explora la mar de Mallorca</a>
<h3>Esports d'Aventura i Activitats a l'aire lliure</h3>
Mallorca presenta un infinitat d'escenaris per a la pràctica d'esports d'aventura: Paddle Surf, surf, caiac, descens de barrancs, escalada, espeleologia, coasteering o BTT. Són nombroses les empreses especialitzades a l'illa que ofereixen tot tipus de serveis multiaventura per esprémer al màxim la nostra natura.
<h3>Mototurisme: Llibertat i Sostenibilitat</h3>
Descobreix Mallorca amb total llibertat a través de rutes en moto que connecten cultura, gastronomia i paisatges durant tot l'any.

<a href="https://fundaciomallorcaturisme.net/ca/que-fer/esport/mototurisme/">Rutes per fer Mototurisme</a>
<h3>Senderisme i Marxa Nòrdica</h3>
Explora la nostra xarxa de camins, des de l'espectacular Serra de Tramuntana fins a les rutes litorals. El senderisme és la millor forma de connectar amb la natura.

<a href="http://fundaciomallorcaturisme.net/ca/que-fer/rutes/">Mira rutes de senderisme</a>
<h3>Hípica</h3>
La tradició eqüestre està molt arrelada. Gaudeix d'excursions a cavall per paratges naturals o assisteix als hipòdroms de l'illa, on la disciplina del trot és la gran protagonista.

<!-- This site is optimized with the Yoast SEO plugin v27.7 - https://yoast.com/product/yoast-seo-wordpress/ -->
<title>Esport - Consell de Mallorca</title>
<meta name="robots" content="index, follow, max-snippet:-1, max-image-preview:large, max-video-preview:-1" />
<link rel="canonical" href="https://fundaciomallorcaturisme.net/ca/que-fer/esport/" />
<meta property="og:locale" content="ca_ES" />
<meta property="og:type" content="article" />
<meta property="og:title" content="Esport - Consell de Mallorca" />
<meta property="og:url" content="https://fundaciomallorcaturisme.net/ca/que-fer/esport/" />
<meta property="og:site_name" content="Consell de Mallorca" />
<meta property="article:publisher" content="https://www.facebook.com/ConselldeMca/" />
<meta property="article:modified_time" content="2026-04-08T11:44:24+00:00" />
<meta property="og:image" content="https://fundaciomallorcaturisme.net/wp-content/uploads/2026/02/planificax2.jpg" />
	<meta property="og:image:width" content="1346" />
	<meta property="og:image:height" content="1094" />
	<meta property="og:image:type" content="image/jpeg" />
<meta name="twitter:card" content="summary_large_image" />
<meta name="twitter:site" content="@ConselldeMca" />
<script type="application/ld+json" class="yoast-schema-graph">{"@context":"https:\/\/schema.org","@graph":[{"@type":"WebPage","@id":"https:\/\/fundaciomallorcaturisme.net\/ca\/que-fer\/esport\/","url":"https:\/\/fundaciomallorcaturisme.net\/ca\/que-fer\/esport\/","name":"Esport - Consell de Mallorca","isPartOf":{"@id":"https:\/\/fundaciomallorcaturisme.net\/ca\/#website"},"datePublished":"2026-02-26T08:07:12+00:00","dateModified":"2026-04-08T11:44:24+00:00","breadcrumb":{"@id":"https:\/\/fundaciomallorcaturisme.net\/ca\/que-fer\/esport\/#breadcrumb"},"inLanguage":"ca","potentialAction":[{"@type":"ReadAction","target":["https:\/\/fundaciomallorcaturisme.net\/ca\/que-fer\/esport\/"]}]},{"@type":"BreadcrumbList","@id":"https:\/\/fundaciomallorcaturisme.net\/ca\/que-fer\/esport\/#breadcrumb","itemListElement":[{"@type":"ListItem","position":1,"name":"Inici","item":"https:\/\/fundaciomallorcaturisme.net\/ca\/"},{"@type":"ListItem","position":2,"name":"Què fer","item":"https:\/\/fundaciomallorcaturisme.net\/ca\/que-fer\/"},{"@type":"ListItem","position":3,"name":"Esport"}]},{"@type":"WebSite","@id":"https:\/\/fundaciomallorcaturisme.net\/ca\/#website","url":"https:\/\/fundaciomallorcaturisme.net\/ca\/","name":"Consell de Mallorca","description":"","publisher":{"@id":"https:\/\/fundaciomallorcaturisme.net\/ca\/#organization"},"alternateName":"Mallorca Turisme","potentialAction":[{"@type":"SearchAction","target":{"@type":"EntryPoint","urlTemplate":"https:\/\/fundaciomallorcaturisme.net\/ca\/?s={search_term_string}"},"query-input":{"@type":"PropertyValueSpecification","valueRequired":true,"valueName":"search_term_string"}}],"inLanguage":"ca"},{"@type":"Organization","@id":"https:\/\/fundaciomallorcaturisme.net\/ca\/#organization","name":"Consell de Mallorca","alternateName":"Mallorca Turisme","url":"https:\/\/fundaciomallorcaturisme.net\/ca\/","logo":{"@type":"ImageObject","inLanguage":"ca","@id":"https:\/\/fundaciomallorcaturisme.net\/ca\/#\/schema\/logo\/image\/","url":"http:\/\/fundaciomallorcaturisme.net\/wp-content\/uploads\/2026\/03\/logo.webp","contentUrl":"http:\/\/fundaciomallorcaturisme.net\/wp-content\/uploads\/2026\/03\/logo.webp","width":696,"height":570,"caption":"Consell de Mallorca"},"image":{"@id":"https:\/\/fundaciomallorcaturisme.net\/ca\/#\/schema\/logo\/image\/"},"sameAs":["https:\/\/www.facebook.com\/ConselldeMca\/","https:\/\/x.com\/ConselldeMca","https:\/\/www.instagram.com\/conselldemca\/","https:\/\/www.youtube.com\/user\/conselldemallorca"]}]}</script>
<!-- / Yoast SEO plugin. -->

Què fer
