{"id":3288,"date":"2026-02-26T09:07:12","date_gmt":"2026-02-26T08:07:12","guid":{"rendered":"http:\/\/fundaciomallorcaturisme.net\/que-fer\/art-i-cultura\/el-cant-de-la-sibilla\/"},"modified":"2026-04-08T13:06:30","modified_gmt":"2026-04-08T11:06:30","slug":"el-cant-de-la-sibilla","status":"publish","type":"page","link":"https:\/\/fundaciomallorcaturisme.net\/ca\/que-fer\/art-i-cultura\/el-cant-de-la-sibilla\/","title":{"rendered":"El cant de la Sibil\u00b7la"},"content":{"rendered":"","protected":false},"excerpt":{"rendered":"","protected":false},"author":1,"featured_media":0,"parent":2191,"menu_order":0,"comment_status":"open","ping_status":"open","template":"page-templates\/contenido_flexible.php","meta":{"_acf_changed":false,"footnotes":""},"class_list":["post-3288","page","type-page","status-publish","hentry"],"acf":{"contenido_flexible":[{"acf_fc_layout":"cabecera","titulo":"<h1>El Canto de la Sibila: Una profec\u00eda milenaria<\/h1>","titulo_grande":false,"subtitulo":"","texto":"","enlace":"","flecha_abajo":false,"tiene_video":false,"video":"","imagenx1":"","imagenx2":"","logos":""},{"acf_fc_layout":"texto_simple","pretitulo":"","titulo":"","texto":"Cada Nit de Nadal, quan el silenci inunda les esgl\u00e9sies de Mallorca, una veu solit\u00e0ria i una espasa al\u00e7ada anuncien el Judici Final. El Cant de la Sibil\u00b7la \u00e9s molt m\u00e9s que un cant lit\u00fargic; \u00e9s un dels tresors culturals m\u00e9s antics d\u2019Europa que ha sobreviscut intacte a la nostra illa des de l\u2019edat mitjana.\r\n<h2>Origen i hist\u00f2ria<\/h2>\r\nAquest drama lit\u00fargic, que anuncia el naixement de D\u00e9u i el judici final, fou una tradici\u00f3 popular a les catedrals del sud d\u2019Europa. La seva arribada a l\u2019illa es remunta a la Conquesta de Mallorca el 1229, de la m\u00e0 del Regne d\u2019Arag\u00f3.\r\n\r\nLa primera menci\u00f3 escrita d\u2019aquesta joia medieval es conserva a la Consueta de Tempore de la Catedral de Mallorca, redactada en llat\u00ed entre els anys 1360 i 1363. \u00c9s el testimoni d\u2019una fe i una cultura que han definit la identitat mallorquina durant segles.\r\n<h2>Del llat\u00ed al mallorqu\u00ed antic<\/h2>\r\nA partir del segle XV, el cant comen\u00e7\u00e0 a interpretar-se durant les Matines de Nadal. Originalment interpretat per un infant vestit de donzella que porta una espasa, la tradici\u00f3 evolucion\u00e0 del llat\u00ed al mallorqu\u00ed antic.\r\n\r\nAl segle XVI, gr\u00e0cies a figures com monsenyor Joan Font, el text es consolid\u00e0 totalment en la nostra llengua pr\u00f2pia, formant part essencial de la Consueta de la Sagristia. Avui dia, aquesta representaci\u00f3 continua emocionant locals i visitants per la seva solemnitat i bellesa atemporal.\r\n<h2>On i quan se celebra?<\/h2>\r\nEl Cant de la Sibil\u00b7la s\u2019interpreta la nit del 24 de desembre a pr\u00e0cticament totes les esgl\u00e9sies dels municipis de l\u2019illa durant la Missa del Gall.\r\n\r\nTot i que la versi\u00f3 de la Catedral de Mallorca (la Seu) i el Santuari de Lluc s\u00f3n les m\u00e9s multitudin\u00e0ries, viure\u2019l a les petites parr\u00f2quies de pobles com Pollen\u00e7a, Sineu o Valldemossa ofereix una atmosfera de recolliment \u00fanica.","cta":"","2_columnas":false,"color_de_fondo":""}]},"yoast_head":"<!-- This site is optimized with the Yoast SEO plugin v27.7 - https:\/\/yoast.com\/product\/yoast-seo-wordpress\/ -->\n<title>El cant de la Sibil\u00b7la - Consell de Mallorca<\/title>\n<meta name=\"robots\" content=\"index, follow, max-snippet:-1, max-image-preview:large, max-video-preview:-1\" \/>\n<link rel=\"canonical\" href=\"https:\/\/fundaciomallorcaturisme.net\/ca\/que-fer\/art-i-cultura\/el-cant-de-la-sibilla\/\" \/>\n<meta property=\"og:locale\" content=\"ca_ES\" \/>\n<meta property=\"og:type\" content=\"article\" \/>\n<meta property=\"og:title\" content=\"El cant de la Sibil\u00b7la - Consell de Mallorca\" \/>\n<meta property=\"og:url\" content=\"https:\/\/fundaciomallorcaturisme.net\/ca\/que-fer\/art-i-cultura\/el-cant-de-la-sibilla\/\" \/>\n<meta property=\"og:site_name\" content=\"Consell de Mallorca\" \/>\n<meta property=\"article:publisher\" content=\"https:\/\/www.facebook.com\/ConselldeMca\/\" \/>\n<meta property=\"article:modified_time\" content=\"2026-04-08T11:06:30+00:00\" \/>\n<meta property=\"og:image\" content=\"https:\/\/fundaciomallorcaturisme.net\/wp-content\/uploads\/2026\/02\/planificax2.jpg\" \/>\n\t<meta property=\"og:image:width\" content=\"1346\" \/>\n\t<meta property=\"og:image:height\" content=\"1094\" \/>\n\t<meta property=\"og:image:type\" content=\"image\/jpeg\" \/>\n<meta name=\"twitter:card\" content=\"summary_large_image\" \/>\n<meta name=\"twitter:site\" content=\"@ConselldeMca\" \/>\n<script type=\"application\/ld+json\" class=\"yoast-schema-graph\">{\"@context\":\"https:\\\/\\\/schema.org\",\"@graph\":[{\"@type\":\"WebPage\",\"@id\":\"https:\\\/\\\/fundaciomallorcaturisme.net\\\/ca\\\/que-fer\\\/art-i-cultura\\\/el-cant-de-la-sibilla\\\/\",\"url\":\"https:\\\/\\\/fundaciomallorcaturisme.net\\\/ca\\\/que-fer\\\/art-i-cultura\\\/el-cant-de-la-sibilla\\\/\",\"name\":\"El cant de la Sibil\u00b7la - Consell de Mallorca\",\"isPartOf\":{\"@id\":\"https:\\\/\\\/fundaciomallorcaturisme.net\\\/ca\\\/#website\"},\"datePublished\":\"2026-02-26T08:07:12+00:00\",\"dateModified\":\"2026-04-08T11:06:30+00:00\",\"breadcrumb\":{\"@id\":\"https:\\\/\\\/fundaciomallorcaturisme.net\\\/ca\\\/que-fer\\\/art-i-cultura\\\/el-cant-de-la-sibilla\\\/#breadcrumb\"},\"inLanguage\":\"ca\",\"potentialAction\":[{\"@type\":\"ReadAction\",\"target\":[\"https:\\\/\\\/fundaciomallorcaturisme.net\\\/ca\\\/que-fer\\\/art-i-cultura\\\/el-cant-de-la-sibilla\\\/\"]}]},{\"@type\":\"BreadcrumbList\",\"@id\":\"https:\\\/\\\/fundaciomallorcaturisme.net\\\/ca\\\/que-fer\\\/art-i-cultura\\\/el-cant-de-la-sibilla\\\/#breadcrumb\",\"itemListElement\":[{\"@type\":\"ListItem\",\"position\":1,\"name\":\"Inici\",\"item\":\"https:\\\/\\\/fundaciomallorcaturisme.net\\\/ca\\\/\"},{\"@type\":\"ListItem\",\"position\":2,\"name\":\"Qu\u00e8 fer\",\"item\":\"https:\\\/\\\/fundaciomallorcaturisme.net\\\/ca\\\/que-fer\\\/\"},{\"@type\":\"ListItem\",\"position\":3,\"name\":\"Art i cultura\",\"item\":\"https:\\\/\\\/fundaciomallorcaturisme.net\\\/ca\\\/que-fer\\\/art-i-cultura\\\/\"},{\"@type\":\"ListItem\",\"position\":4,\"name\":\"El cant de la Sibil\u00b7la\"}]},{\"@type\":\"WebSite\",\"@id\":\"https:\\\/\\\/fundaciomallorcaturisme.net\\\/ca\\\/#website\",\"url\":\"https:\\\/\\\/fundaciomallorcaturisme.net\\\/ca\\\/\",\"name\":\"Consell de Mallorca\",\"description\":\"\",\"publisher\":{\"@id\":\"https:\\\/\\\/fundaciomallorcaturisme.net\\\/ca\\\/#organization\"},\"alternateName\":\"Mallorca Turisme\",\"potentialAction\":[{\"@type\":\"SearchAction\",\"target\":{\"@type\":\"EntryPoint\",\"urlTemplate\":\"https:\\\/\\\/fundaciomallorcaturisme.net\\\/ca\\\/?s={search_term_string}\"},\"query-input\":{\"@type\":\"PropertyValueSpecification\",\"valueRequired\":true,\"valueName\":\"search_term_string\"}}],\"inLanguage\":\"ca\"},{\"@type\":\"Organization\",\"@id\":\"https:\\\/\\\/fundaciomallorcaturisme.net\\\/ca\\\/#organization\",\"name\":\"Consell de Mallorca\",\"alternateName\":\"Mallorca Turisme\",\"url\":\"https:\\\/\\\/fundaciomallorcaturisme.net\\\/ca\\\/\",\"logo\":{\"@type\":\"ImageObject\",\"inLanguage\":\"ca\",\"@id\":\"https:\\\/\\\/fundaciomallorcaturisme.net\\\/ca\\\/#\\\/schema\\\/logo\\\/image\\\/\",\"url\":\"http:\\\/\\\/fundaciomallorcaturisme.net\\\/wp-content\\\/uploads\\\/2026\\\/03\\\/logo.webp\",\"contentUrl\":\"http:\\\/\\\/fundaciomallorcaturisme.net\\\/wp-content\\\/uploads\\\/2026\\\/03\\\/logo.webp\",\"width\":696,\"height\":570,\"caption\":\"Consell de Mallorca\"},\"image\":{\"@id\":\"https:\\\/\\\/fundaciomallorcaturisme.net\\\/ca\\\/#\\\/schema\\\/logo\\\/image\\\/\"},\"sameAs\":[\"https:\\\/\\\/www.facebook.com\\\/ConselldeMca\\\/\",\"https:\\\/\\\/x.com\\\/ConselldeMca\",\"https:\\\/\\\/www.instagram.com\\\/conselldemca\\\/\",\"https:\\\/\\\/www.youtube.com\\\/user\\\/conselldemallorca\"]}]}<\/script>\n<!-- \/ Yoast SEO plugin. -->","yoast_head_json":{"title":"El cant de la Sibil\u00b7la - Consell de Mallorca","robots":{"index":"index","follow":"follow","max-snippet":"max-snippet:-1","max-image-preview":"max-image-preview:large","max-video-preview":"max-video-preview:-1"},"canonical":"https:\/\/fundaciomallorcaturisme.net\/ca\/que-fer\/art-i-cultura\/el-cant-de-la-sibilla\/","og_locale":"ca_ES","og_type":"article","og_title":"El cant de la Sibil\u00b7la - Consell de Mallorca","og_url":"https:\/\/fundaciomallorcaturisme.net\/ca\/que-fer\/art-i-cultura\/el-cant-de-la-sibilla\/","og_site_name":"Consell de Mallorca","article_publisher":"https:\/\/www.facebook.com\/ConselldeMca\/","article_modified_time":"2026-04-08T11:06:30+00:00","og_image":[{"width":1346,"height":1094,"url":"https:\/\/fundaciomallorcaturisme.net\/wp-content\/uploads\/2026\/02\/planificax2.jpg","type":"image\/jpeg"}],"twitter_card":"summary_large_image","twitter_site":"@ConselldeMca","schema":{"@context":"https:\/\/schema.org","@graph":[{"@type":"WebPage","@id":"https:\/\/fundaciomallorcaturisme.net\/ca\/que-fer\/art-i-cultura\/el-cant-de-la-sibilla\/","url":"https:\/\/fundaciomallorcaturisme.net\/ca\/que-fer\/art-i-cultura\/el-cant-de-la-sibilla\/","name":"El cant de la Sibil\u00b7la - Consell de Mallorca","isPartOf":{"@id":"https:\/\/fundaciomallorcaturisme.net\/ca\/#website"},"datePublished":"2026-02-26T08:07:12+00:00","dateModified":"2026-04-08T11:06:30+00:00","breadcrumb":{"@id":"https:\/\/fundaciomallorcaturisme.net\/ca\/que-fer\/art-i-cultura\/el-cant-de-la-sibilla\/#breadcrumb"},"inLanguage":"ca","potentialAction":[{"@type":"ReadAction","target":["https:\/\/fundaciomallorcaturisme.net\/ca\/que-fer\/art-i-cultura\/el-cant-de-la-sibilla\/"]}]},{"@type":"BreadcrumbList","@id":"https:\/\/fundaciomallorcaturisme.net\/ca\/que-fer\/art-i-cultura\/el-cant-de-la-sibilla\/#breadcrumb","itemListElement":[{"@type":"ListItem","position":1,"name":"Inici","item":"https:\/\/fundaciomallorcaturisme.net\/ca\/"},{"@type":"ListItem","position":2,"name":"Qu\u00e8 fer","item":"https:\/\/fundaciomallorcaturisme.net\/ca\/que-fer\/"},{"@type":"ListItem","position":3,"name":"Art i cultura","item":"https:\/\/fundaciomallorcaturisme.net\/ca\/que-fer\/art-i-cultura\/"},{"@type":"ListItem","position":4,"name":"El cant de la Sibil\u00b7la"}]},{"@type":"WebSite","@id":"https:\/\/fundaciomallorcaturisme.net\/ca\/#website","url":"https:\/\/fundaciomallorcaturisme.net\/ca\/","name":"Consell de Mallorca","description":"","publisher":{"@id":"https:\/\/fundaciomallorcaturisme.net\/ca\/#organization"},"alternateName":"Mallorca Turisme","potentialAction":[{"@type":"SearchAction","target":{"@type":"EntryPoint","urlTemplate":"https:\/\/fundaciomallorcaturisme.net\/ca\/?s={search_term_string}"},"query-input":{"@type":"PropertyValueSpecification","valueRequired":true,"valueName":"search_term_string"}}],"inLanguage":"ca"},{"@type":"Organization","@id":"https:\/\/fundaciomallorcaturisme.net\/ca\/#organization","name":"Consell de Mallorca","alternateName":"Mallorca Turisme","url":"https:\/\/fundaciomallorcaturisme.net\/ca\/","logo":{"@type":"ImageObject","inLanguage":"ca","@id":"https:\/\/fundaciomallorcaturisme.net\/ca\/#\/schema\/logo\/image\/","url":"http:\/\/fundaciomallorcaturisme.net\/wp-content\/uploads\/2026\/03\/logo.webp","contentUrl":"http:\/\/fundaciomallorcaturisme.net\/wp-content\/uploads\/2026\/03\/logo.webp","width":696,"height":570,"caption":"Consell de Mallorca"},"image":{"@id":"https:\/\/fundaciomallorcaturisme.net\/ca\/#\/schema\/logo\/image\/"},"sameAs":["https:\/\/www.facebook.com\/ConselldeMca\/","https:\/\/x.com\/ConselldeMca","https:\/\/www.instagram.com\/conselldemca\/","https:\/\/www.youtube.com\/user\/conselldemallorca"]}]}},"_links":{"self":[{"href":"https:\/\/fundaciomallorcaturisme.net\/ca\/wp-json\/wp\/v2\/pages\/3288","targetHints":{"allow":["GET"]}}],"collection":[{"href":"https:\/\/fundaciomallorcaturisme.net\/ca\/wp-json\/wp\/v2\/pages"}],"about":[{"href":"https:\/\/fundaciomallorcaturisme.net\/ca\/wp-json\/wp\/v2\/types\/page"}],"author":[{"embeddable":true,"href":"https:\/\/fundaciomallorcaturisme.net\/ca\/wp-json\/wp\/v2\/users\/1"}],"replies":[{"embeddable":true,"href":"https:\/\/fundaciomallorcaturisme.net\/ca\/wp-json\/wp\/v2\/comments?post=3288"}],"version-history":[{"count":2,"href":"https:\/\/fundaciomallorcaturisme.net\/ca\/wp-json\/wp\/v2\/pages\/3288\/revisions"}],"predecessor-version":[{"id":4667,"href":"https:\/\/fundaciomallorcaturisme.net\/ca\/wp-json\/wp\/v2\/pages\/3288\/revisions\/4667"}],"up":[{"embeddable":true,"href":"https:\/\/fundaciomallorcaturisme.net\/ca\/wp-json\/wp\/v2\/pages\/2191"}],"wp:attachment":[{"href":"https:\/\/fundaciomallorcaturisme.net\/ca\/wp-json\/wp\/v2\/media?parent=3288"}],"curies":[{"name":"wp","href":"https:\/\/api.w.org\/{rel}","templated":true}]}}

<h1>El Canto de la Sibila: Una profecía milenaria</h1>

Cada Nit de Nadal, quan el silenci inunda les esglésies de Mallorca, una veu solitària i una espasa alçada anuncien el Judici Final. El Cant de la Sibil·la és molt més que un cant litúrgic; és un dels tresors culturals més antics d’Europa que ha sobreviscut intacte a la nostra illa des de l’edat mitjana.
<h2>Origen i història</h2>
Aquest drama litúrgic, que anuncia el naixement de Déu i el judici final, fou una tradició popular a les catedrals del sud d’Europa. La seva arribada a l’illa es remunta a la Conquesta de Mallorca el 1229, de la mà del Regne d’Aragó.

La primera menció escrita d’aquesta joia medieval es conserva a la Consueta de Tempore de la Catedral de Mallorca, redactada en llatí entre els anys 1360 i 1363. És el testimoni d’una fe i una cultura que han definit la identitat mallorquina durant segles.
<h2>Del llatí al mallorquí antic</h2>
A partir del segle XV, el cant començà a interpretar-se durant les Matines de Nadal. Originalment interpretat per un infant vestit de donzella que porta una espasa, la tradició evolucionà del llatí al mallorquí antic.

Al segle XVI, gràcies a figures com monsenyor Joan Font, el text es consolidà totalment en la nostra llengua pròpia, formant part essencial de la Consueta de la Sagristia. Avui dia, aquesta representació continua emocionant locals i visitants per la seva solemnitat i bellesa atemporal.
<h2>On i quan se celebra?</h2>
El Cant de la Sibil·la s’interpreta la nit del 24 de desembre a pràcticament totes les esglésies dels municipis de l’illa durant la Missa del Gall.

Tot i que la versió de la Catedral de Mallorca (la Seu) i el Santuari de Lluc són les més multitudinàries, viure’l a les petites parròquies de pobles com Pollença, Sineu o Valldemossa ofereix una atmosfera de recolliment única.

<!-- This site is optimized with the Yoast SEO plugin v27.7 - https://yoast.com/product/yoast-seo-wordpress/ -->
<title>El cant de la Sibil·la - Consell de Mallorca</title>
<meta name="robots" content="index, follow, max-snippet:-1, max-image-preview:large, max-video-preview:-1" />
<link rel="canonical" href="https://fundaciomallorcaturisme.net/ca/que-fer/art-i-cultura/el-cant-de-la-sibilla/" />
<meta property="og:locale" content="ca_ES" />
<meta property="og:type" content="article" />
<meta property="og:title" content="El cant de la Sibil·la - Consell de Mallorca" />
<meta property="og:url" content="https://fundaciomallorcaturisme.net/ca/que-fer/art-i-cultura/el-cant-de-la-sibilla/" />
<meta property="og:site_name" content="Consell de Mallorca" />
<meta property="article:publisher" content="https://www.facebook.com/ConselldeMca/" />
<meta property="article:modified_time" content="2026-04-08T11:06:30+00:00" />
<meta property="og:image" content="https://fundaciomallorcaturisme.net/wp-content/uploads/2026/02/planificax2.jpg" />
	<meta property="og:image:width" content="1346" />
	<meta property="og:image:height" content="1094" />
	<meta property="og:image:type" content="image/jpeg" />
<meta name="twitter:card" content="summary_large_image" />
<meta name="twitter:site" content="@ConselldeMca" />
<script type="application/ld+json" class="yoast-schema-graph">{"@context":"https:\/\/schema.org","@graph":[{"@type":"WebPage","@id":"https:\/\/fundaciomallorcaturisme.net\/ca\/que-fer\/art-i-cultura\/el-cant-de-la-sibilla\/","url":"https:\/\/fundaciomallorcaturisme.net\/ca\/que-fer\/art-i-cultura\/el-cant-de-la-sibilla\/","name":"El cant de la Sibil·la - Consell de Mallorca","isPartOf":{"@id":"https:\/\/fundaciomallorcaturisme.net\/ca\/#website"},"datePublished":"2026-02-26T08:07:12+00:00","dateModified":"2026-04-08T11:06:30+00:00","breadcrumb":{"@id":"https:\/\/fundaciomallorcaturisme.net\/ca\/que-fer\/art-i-cultura\/el-cant-de-la-sibilla\/#breadcrumb"},"inLanguage":"ca","potentialAction":[{"@type":"ReadAction","target":["https:\/\/fundaciomallorcaturisme.net\/ca\/que-fer\/art-i-cultura\/el-cant-de-la-sibilla\/"]}]},{"@type":"BreadcrumbList","@id":"https:\/\/fundaciomallorcaturisme.net\/ca\/que-fer\/art-i-cultura\/el-cant-de-la-sibilla\/#breadcrumb","itemListElement":[{"@type":"ListItem","position":1,"name":"Inici","item":"https:\/\/fundaciomallorcaturisme.net\/ca\/"},{"@type":"ListItem","position":2,"name":"Què fer","item":"https:\/\/fundaciomallorcaturisme.net\/ca\/que-fer\/"},{"@type":"ListItem","position":3,"name":"Art i cultura","item":"https:\/\/fundaciomallorcaturisme.net\/ca\/que-fer\/art-i-cultura\/"},{"@type":"ListItem","position":4,"name":"El cant de la Sibil·la"}]},{"@type":"WebSite","@id":"https:\/\/fundaciomallorcaturisme.net\/ca\/#website","url":"https:\/\/fundaciomallorcaturisme.net\/ca\/","name":"Consell de Mallorca","description":"","publisher":{"@id":"https:\/\/fundaciomallorcaturisme.net\/ca\/#organization"},"alternateName":"Mallorca Turisme","potentialAction":[{"@type":"SearchAction","target":{"@type":"EntryPoint","urlTemplate":"https:\/\/fundaciomallorcaturisme.net\/ca\/?s={search_term_string}"},"query-input":{"@type":"PropertyValueSpecification","valueRequired":true,"valueName":"search_term_string"}}],"inLanguage":"ca"},{"@type":"Organization","@id":"https:\/\/fundaciomallorcaturisme.net\/ca\/#organization","name":"Consell de Mallorca","alternateName":"Mallorca Turisme","url":"https:\/\/fundaciomallorcaturisme.net\/ca\/","logo":{"@type":"ImageObject","inLanguage":"ca","@id":"https:\/\/fundaciomallorcaturisme.net\/ca\/#\/schema\/logo\/image\/","url":"http:\/\/fundaciomallorcaturisme.net\/wp-content\/uploads\/2026\/03\/logo.webp","contentUrl":"http:\/\/fundaciomallorcaturisme.net\/wp-content\/uploads\/2026\/03\/logo.webp","width":696,"height":570,"caption":"Consell de Mallorca"},"image":{"@id":"https:\/\/fundaciomallorcaturisme.net\/ca\/#\/schema\/logo\/image\/"},"sameAs":["https:\/\/www.facebook.com\/ConselldeMca\/","https:\/\/x.com\/ConselldeMca","https:\/\/www.instagram.com\/conselldemca\/","https:\/\/www.youtube.com\/user\/conselldemallorca"]}]}</script>
<!-- / Yoast SEO plugin. -->

Què fer
