{"id":3286,"date":"2026-02-26T09:07:12","date_gmt":"2026-02-26T08:07:12","guid":{"rendered":"http:\/\/fundaciomallorcaturisme.net\/que-fer\/art-i-cultura\/festes-i-tradicions\/"},"modified":"2026-04-09T09:02:09","modified_gmt":"2026-04-09T07:02:09","slug":"festes-i-tradicions","status":"publish","type":"page","link":"https:\/\/fundaciomallorcaturisme.net\/ca\/que-fer\/art-i-cultura\/festes-i-tradicions\/","title":{"rendered":"Festes i tradicions"},"content":{"rendered":"","protected":false},"excerpt":{"rendered":"","protected":false},"author":1,"featured_media":0,"parent":2191,"menu_order":0,"comment_status":"open","ping_status":"open","template":"page-templates\/contenido_flexible.php","meta":{"_acf_changed":false,"footnotes":""},"class_list":["post-3286","page","type-page","status-publish","hentry"],"acf":{"contenido_flexible":[{"acf_fc_layout":"cabecera","titulo":"<h1>Festes i Tradicions de Mallorca: El batec d'una illa<\/h1>","titulo_grande":false,"subtitulo":"","texto":"","enlace":"","flecha_abajo":false,"tiene_video":false,"video":"","imagenx1":"","imagenx2":"","logos":""},{"acf_fc_layout":"texto_simple","pretitulo":"","titulo":"","texto":"<h3>Festes i Tradicions<\/h3>\r\nViure Mallorca \u00e9s submergir-se en el seu calendari de tradicions. La nostra illa celebra la seva identitat a trav\u00e9s de rituals centenaris, m\u00fasica, balls i una gastronomia lligada a la terra. Des del foc de Sant Antoni fins a la solemnitat de la Setmana Santa, et convidem a compartir les nostres arrels en cada celebraci\u00f3 de la nostra 'Ca Nostra'.\r\n\r\nL'any a Mallorca comen\u00e7a amb la for\u00e7a de Sant Antoni i els seus tradicionals dimonis, seguits de les celebracions de Sant Sebasti\u00e0 a Palma. La primavera arriba amb l'emoci\u00f3 de la Setmana Santa, on el Diumenge de Rams i la process\u00f3 del Crist de la Sang congreguen milers de persones en un ambient de gran fervor.\r\n\r\nAl llarg de l'any, fites com el Dia de les Illes Balears, les batalles hist\u00f2riques de Es Fir\u00f3 a S\u00f3ller o el colpidor Cant de la Sibilla \u2014Patrimoni Immaterial de la Humanitat\u2014, demostren que els nostres costums s\u00f3n un llegat viu que compartim amb orgull amb els qui ens visiten.\r\n<h2>Foc i llegenda: L'\u00e0nima de la festa popular<\/h2>\r\nQuan l'hivern arriba, Mallorca s'enc\u00e9n. La figura del 'dimoni' \u00e9s la protagonista absoluta de fites com Sant Antoni. Els foguerons, les gloses i les danses ancestrals al voltant de les fogueres creen una atmosfera m\u00e0gica en pobles de tota l'illa, mantenint vius els rituals m\u00e9s antics de la nostra cultura.\r\n<h2>Hist\u00f2ria viva: Simulacres de Moros i Cristians<\/h2>\r\nSent l'estr\u00e8pit i la passi\u00f3 de les nostres recreacions hist\u00f2riques. Festes com Es Fir\u00f3 a S\u00f3ller o les batalles del Rei en Jaume i la Mare de D\u00e9u dels \u00c0ngels a Pollen\u00e7a, rememoren la defensa de les nostres costes amb un desplegament de p\u00f3lvora, vaixells i tradici\u00f3 que converteix cada simulacre en una experi\u00e8ncia \u00e8pica inoblidable.\r\n<h2>Sabors de temporada: Fires i revetlles gastron\u00f2miques<\/h2>\r\nCada collita t\u00e9 la seva celebraci\u00f3. Des de la Festa des Vermar dedicada al vi, fins a la Fira Dol\u00e7a d'Esporles o la Festa del Mel\u00f3 a Vilafranca. Aquestes fires s\u00f3n l'oportunitat perfecta per degustar el producte local de quil\u00f2metre zero, con\u00e8ixer de prop la vida dels nostres municipis i gaudir de l'hospitalitat mallorquina.","cta":"","2_columnas":false,"color_de_fondo":""}]},"yoast_head":"<!-- This site is optimized with the Yoast SEO plugin v27.7 - https:\/\/yoast.com\/product\/yoast-seo-wordpress\/ -->\n<title>Festes i tradicions - Consell de Mallorca<\/title>\n<meta name=\"robots\" content=\"index, follow, max-snippet:-1, max-image-preview:large, max-video-preview:-1\" \/>\n<link rel=\"canonical\" href=\"https:\/\/fundaciomallorcaturisme.net\/ca\/que-fer\/art-i-cultura\/festes-i-tradicions\/\" \/>\n<meta property=\"og:locale\" content=\"ca_ES\" \/>\n<meta property=\"og:type\" content=\"article\" \/>\n<meta property=\"og:title\" content=\"Festes i tradicions - Consell de Mallorca\" \/>\n<meta property=\"og:url\" content=\"https:\/\/fundaciomallorcaturisme.net\/ca\/que-fer\/art-i-cultura\/festes-i-tradicions\/\" \/>\n<meta property=\"og:site_name\" content=\"Consell de Mallorca\" \/>\n<meta property=\"article:publisher\" content=\"https:\/\/www.facebook.com\/ConselldeMca\/\" \/>\n<meta property=\"article:modified_time\" content=\"2026-04-09T07:02:09+00:00\" \/>\n<meta property=\"og:image\" content=\"https:\/\/fundaciomallorcaturisme.net\/wp-content\/uploads\/2026\/02\/planificax2.jpg\" \/>\n\t<meta property=\"og:image:width\" content=\"1346\" \/>\n\t<meta property=\"og:image:height\" content=\"1094\" \/>\n\t<meta property=\"og:image:type\" content=\"image\/jpeg\" \/>\n<meta name=\"twitter:card\" content=\"summary_large_image\" \/>\n<meta name=\"twitter:site\" content=\"@ConselldeMca\" \/>\n<script type=\"application\/ld+json\" class=\"yoast-schema-graph\">{\"@context\":\"https:\\\/\\\/schema.org\",\"@graph\":[{\"@type\":\"WebPage\",\"@id\":\"https:\\\/\\\/fundaciomallorcaturisme.net\\\/ca\\\/que-fer\\\/art-i-cultura\\\/festes-i-tradicions\\\/\",\"url\":\"https:\\\/\\\/fundaciomallorcaturisme.net\\\/ca\\\/que-fer\\\/art-i-cultura\\\/festes-i-tradicions\\\/\",\"name\":\"Festes i tradicions - Consell de Mallorca\",\"isPartOf\":{\"@id\":\"https:\\\/\\\/fundaciomallorcaturisme.net\\\/ca\\\/#website\"},\"datePublished\":\"2026-02-26T08:07:12+00:00\",\"dateModified\":\"2026-04-09T07:02:09+00:00\",\"breadcrumb\":{\"@id\":\"https:\\\/\\\/fundaciomallorcaturisme.net\\\/ca\\\/que-fer\\\/art-i-cultura\\\/festes-i-tradicions\\\/#breadcrumb\"},\"inLanguage\":\"ca\",\"potentialAction\":[{\"@type\":\"ReadAction\",\"target\":[\"https:\\\/\\\/fundaciomallorcaturisme.net\\\/ca\\\/que-fer\\\/art-i-cultura\\\/festes-i-tradicions\\\/\"]}]},{\"@type\":\"BreadcrumbList\",\"@id\":\"https:\\\/\\\/fundaciomallorcaturisme.net\\\/ca\\\/que-fer\\\/art-i-cultura\\\/festes-i-tradicions\\\/#breadcrumb\",\"itemListElement\":[{\"@type\":\"ListItem\",\"position\":1,\"name\":\"Inici\",\"item\":\"https:\\\/\\\/fundaciomallorcaturisme.net\\\/ca\\\/\"},{\"@type\":\"ListItem\",\"position\":2,\"name\":\"Qu\u00e8 fer\",\"item\":\"https:\\\/\\\/fundaciomallorcaturisme.net\\\/ca\\\/que-fer\\\/\"},{\"@type\":\"ListItem\",\"position\":3,\"name\":\"Art i cultura\",\"item\":\"https:\\\/\\\/fundaciomallorcaturisme.net\\\/ca\\\/que-fer\\\/art-i-cultura\\\/\"},{\"@type\":\"ListItem\",\"position\":4,\"name\":\"Festes i tradicions\"}]},{\"@type\":\"WebSite\",\"@id\":\"https:\\\/\\\/fundaciomallorcaturisme.net\\\/ca\\\/#website\",\"url\":\"https:\\\/\\\/fundaciomallorcaturisme.net\\\/ca\\\/\",\"name\":\"Consell de Mallorca\",\"description\":\"\",\"publisher\":{\"@id\":\"https:\\\/\\\/fundaciomallorcaturisme.net\\\/ca\\\/#organization\"},\"alternateName\":\"Mallorca Turisme\",\"potentialAction\":[{\"@type\":\"SearchAction\",\"target\":{\"@type\":\"EntryPoint\",\"urlTemplate\":\"https:\\\/\\\/fundaciomallorcaturisme.net\\\/ca\\\/?s={search_term_string}\"},\"query-input\":{\"@type\":\"PropertyValueSpecification\",\"valueRequired\":true,\"valueName\":\"search_term_string\"}}],\"inLanguage\":\"ca\"},{\"@type\":\"Organization\",\"@id\":\"https:\\\/\\\/fundaciomallorcaturisme.net\\\/ca\\\/#organization\",\"name\":\"Consell de Mallorca\",\"alternateName\":\"Mallorca Turisme\",\"url\":\"https:\\\/\\\/fundaciomallorcaturisme.net\\\/ca\\\/\",\"logo\":{\"@type\":\"ImageObject\",\"inLanguage\":\"ca\",\"@id\":\"https:\\\/\\\/fundaciomallorcaturisme.net\\\/ca\\\/#\\\/schema\\\/logo\\\/image\\\/\",\"url\":\"http:\\\/\\\/fundaciomallorcaturisme.net\\\/wp-content\\\/uploads\\\/2026\\\/03\\\/logo.webp\",\"contentUrl\":\"http:\\\/\\\/fundaciomallorcaturisme.net\\\/wp-content\\\/uploads\\\/2026\\\/03\\\/logo.webp\",\"width\":696,\"height\":570,\"caption\":\"Consell de Mallorca\"},\"image\":{\"@id\":\"https:\\\/\\\/fundaciomallorcaturisme.net\\\/ca\\\/#\\\/schema\\\/logo\\\/image\\\/\"},\"sameAs\":[\"https:\\\/\\\/www.facebook.com\\\/ConselldeMca\\\/\",\"https:\\\/\\\/x.com\\\/ConselldeMca\",\"https:\\\/\\\/www.instagram.com\\\/conselldemca\\\/\",\"https:\\\/\\\/www.youtube.com\\\/user\\\/conselldemallorca\"]}]}<\/script>\n<!-- \/ Yoast SEO plugin. -->","yoast_head_json":{"title":"Festes i tradicions - Consell de Mallorca","robots":{"index":"index","follow":"follow","max-snippet":"max-snippet:-1","max-image-preview":"max-image-preview:large","max-video-preview":"max-video-preview:-1"},"canonical":"https:\/\/fundaciomallorcaturisme.net\/ca\/que-fer\/art-i-cultura\/festes-i-tradicions\/","og_locale":"ca_ES","og_type":"article","og_title":"Festes i tradicions - Consell de Mallorca","og_url":"https:\/\/fundaciomallorcaturisme.net\/ca\/que-fer\/art-i-cultura\/festes-i-tradicions\/","og_site_name":"Consell de Mallorca","article_publisher":"https:\/\/www.facebook.com\/ConselldeMca\/","article_modified_time":"2026-04-09T07:02:09+00:00","og_image":[{"width":1346,"height":1094,"url":"https:\/\/fundaciomallorcaturisme.net\/wp-content\/uploads\/2026\/02\/planificax2.jpg","type":"image\/jpeg"}],"twitter_card":"summary_large_image","twitter_site":"@ConselldeMca","schema":{"@context":"https:\/\/schema.org","@graph":[{"@type":"WebPage","@id":"https:\/\/fundaciomallorcaturisme.net\/ca\/que-fer\/art-i-cultura\/festes-i-tradicions\/","url":"https:\/\/fundaciomallorcaturisme.net\/ca\/que-fer\/art-i-cultura\/festes-i-tradicions\/","name":"Festes i tradicions - Consell de Mallorca","isPartOf":{"@id":"https:\/\/fundaciomallorcaturisme.net\/ca\/#website"},"datePublished":"2026-02-26T08:07:12+00:00","dateModified":"2026-04-09T07:02:09+00:00","breadcrumb":{"@id":"https:\/\/fundaciomallorcaturisme.net\/ca\/que-fer\/art-i-cultura\/festes-i-tradicions\/#breadcrumb"},"inLanguage":"ca","potentialAction":[{"@type":"ReadAction","target":["https:\/\/fundaciomallorcaturisme.net\/ca\/que-fer\/art-i-cultura\/festes-i-tradicions\/"]}]},{"@type":"BreadcrumbList","@id":"https:\/\/fundaciomallorcaturisme.net\/ca\/que-fer\/art-i-cultura\/festes-i-tradicions\/#breadcrumb","itemListElement":[{"@type":"ListItem","position":1,"name":"Inici","item":"https:\/\/fundaciomallorcaturisme.net\/ca\/"},{"@type":"ListItem","position":2,"name":"Qu\u00e8 fer","item":"https:\/\/fundaciomallorcaturisme.net\/ca\/que-fer\/"},{"@type":"ListItem","position":3,"name":"Art i cultura","item":"https:\/\/fundaciomallorcaturisme.net\/ca\/que-fer\/art-i-cultura\/"},{"@type":"ListItem","position":4,"name":"Festes i tradicions"}]},{"@type":"WebSite","@id":"https:\/\/fundaciomallorcaturisme.net\/ca\/#website","url":"https:\/\/fundaciomallorcaturisme.net\/ca\/","name":"Consell de Mallorca","description":"","publisher":{"@id":"https:\/\/fundaciomallorcaturisme.net\/ca\/#organization"},"alternateName":"Mallorca Turisme","potentialAction":[{"@type":"SearchAction","target":{"@type":"EntryPoint","urlTemplate":"https:\/\/fundaciomallorcaturisme.net\/ca\/?s={search_term_string}"},"query-input":{"@type":"PropertyValueSpecification","valueRequired":true,"valueName":"search_term_string"}}],"inLanguage":"ca"},{"@type":"Organization","@id":"https:\/\/fundaciomallorcaturisme.net\/ca\/#organization","name":"Consell de Mallorca","alternateName":"Mallorca Turisme","url":"https:\/\/fundaciomallorcaturisme.net\/ca\/","logo":{"@type":"ImageObject","inLanguage":"ca","@id":"https:\/\/fundaciomallorcaturisme.net\/ca\/#\/schema\/logo\/image\/","url":"http:\/\/fundaciomallorcaturisme.net\/wp-content\/uploads\/2026\/03\/logo.webp","contentUrl":"http:\/\/fundaciomallorcaturisme.net\/wp-content\/uploads\/2026\/03\/logo.webp","width":696,"height":570,"caption":"Consell de Mallorca"},"image":{"@id":"https:\/\/fundaciomallorcaturisme.net\/ca\/#\/schema\/logo\/image\/"},"sameAs":["https:\/\/www.facebook.com\/ConselldeMca\/","https:\/\/x.com\/ConselldeMca","https:\/\/www.instagram.com\/conselldemca\/","https:\/\/www.youtube.com\/user\/conselldemallorca"]}]}},"_links":{"self":[{"href":"https:\/\/fundaciomallorcaturisme.net\/ca\/wp-json\/wp\/v2\/pages\/3286","targetHints":{"allow":["GET"]}}],"collection":[{"href":"https:\/\/fundaciomallorcaturisme.net\/ca\/wp-json\/wp\/v2\/pages"}],"about":[{"href":"https:\/\/fundaciomallorcaturisme.net\/ca\/wp-json\/wp\/v2\/types\/page"}],"author":[{"embeddable":true,"href":"https:\/\/fundaciomallorcaturisme.net\/ca\/wp-json\/wp\/v2\/users\/1"}],"replies":[{"embeddable":true,"href":"https:\/\/fundaciomallorcaturisme.net\/ca\/wp-json\/wp\/v2\/comments?post=3286"}],"version-history":[{"count":2,"href":"https:\/\/fundaciomallorcaturisme.net\/ca\/wp-json\/wp\/v2\/pages\/3286\/revisions"}],"predecessor-version":[{"id":4694,"href":"https:\/\/fundaciomallorcaturisme.net\/ca\/wp-json\/wp\/v2\/pages\/3286\/revisions\/4694"}],"up":[{"embeddable":true,"href":"https:\/\/fundaciomallorcaturisme.net\/ca\/wp-json\/wp\/v2\/pages\/2191"}],"wp:attachment":[{"href":"https:\/\/fundaciomallorcaturisme.net\/ca\/wp-json\/wp\/v2\/media?parent=3286"}],"curies":[{"name":"wp","href":"https:\/\/api.w.org\/{rel}","templated":true}]}}

<h3>Festes i Tradicions</h3>
Viure Mallorca és submergir-se en el seu calendari de tradicions. La nostra illa celebra la seva identitat a través de rituals centenaris, música, balls i una gastronomia lligada a la terra. Des del foc de Sant Antoni fins a la solemnitat de la Setmana Santa, et convidem a compartir les nostres arrels en cada celebració de la nostra 'Ca Nostra'.

L'any a Mallorca comença amb la força de Sant Antoni i els seus tradicionals dimonis, seguits de les celebracions de Sant Sebastià a Palma. La primavera arriba amb l'emoció de la Setmana Santa, on el Diumenge de Rams i la processó del Crist de la Sang congreguen milers de persones en un ambient de gran fervor.

Al llarg de l'any, fites com el Dia de les Illes Balears, les batalles històriques de Es Firó a Sóller o el colpidor Cant de la Sibilla —Patrimoni Immaterial de la Humanitat—, demostren que els nostres costums són un llegat viu que compartim amb orgull amb els qui ens visiten.
<h2>Foc i llegenda: L'ànima de la festa popular</h2>
Quan l'hivern arriba, Mallorca s'encén. La figura del 'dimoni' és la protagonista absoluta de fites com Sant Antoni. Els foguerons, les gloses i les danses ancestrals al voltant de les fogueres creen una atmosfera màgica en pobles de tota l'illa, mantenint vius els rituals més antics de la nostra cultura.
<h2>Història viva: Simulacres de Moros i Cristians</h2>
Sent l'estrèpit i la passió de les nostres recreacions històriques. Festes com Es Firó a Sóller o les batalles del Rei en Jaume i la Mare de Déu dels Àngels a Pollença, rememoren la defensa de les nostres costes amb un desplegament de pólvora, vaixells i tradició que converteix cada simulacre en una experiència èpica inoblidable.
<h2>Sabors de temporada: Fires i revetlles gastronòmiques</h2>
Cada collita té la seva celebració. Des de la Festa des Vermar dedicada al vi, fins a la Fira Dolça d'Esporles o la Festa del Meló a Vilafranca. Aquestes fires són l'oportunitat perfecta per degustar el producte local de quilòmetre zero, conèixer de prop la vida dels nostres municipis i gaudir de l'hospitalitat mallorquina.

<!-- This site is optimized with the Yoast SEO plugin v27.7 - https://yoast.com/product/yoast-seo-wordpress/ -->
<title>Festes i tradicions - Consell de Mallorca</title>
<meta name="robots" content="index, follow, max-snippet:-1, max-image-preview:large, max-video-preview:-1" />
<link rel="canonical" href="https://fundaciomallorcaturisme.net/ca/que-fer/art-i-cultura/festes-i-tradicions/" />
<meta property="og:locale" content="ca_ES" />
<meta property="og:type" content="article" />
<meta property="og:title" content="Festes i tradicions - Consell de Mallorca" />
<meta property="og:url" content="https://fundaciomallorcaturisme.net/ca/que-fer/art-i-cultura/festes-i-tradicions/" />
<meta property="og:site_name" content="Consell de Mallorca" />
<meta property="article:publisher" content="https://www.facebook.com/ConselldeMca/" />
<meta property="article:modified_time" content="2026-04-09T07:02:09+00:00" />
<meta property="og:image" content="https://fundaciomallorcaturisme.net/wp-content/uploads/2026/02/planificax2.jpg" />
	<meta property="og:image:width" content="1346" />
	<meta property="og:image:height" content="1094" />
	<meta property="og:image:type" content="image/jpeg" />
<meta name="twitter:card" content="summary_large_image" />
<meta name="twitter:site" content="@ConselldeMca" />
<script type="application/ld+json" class="yoast-schema-graph">{"@context":"https:\/\/schema.org","@graph":[{"@type":"WebPage","@id":"https:\/\/fundaciomallorcaturisme.net\/ca\/que-fer\/art-i-cultura\/festes-i-tradicions\/","url":"https:\/\/fundaciomallorcaturisme.net\/ca\/que-fer\/art-i-cultura\/festes-i-tradicions\/","name":"Festes i tradicions - Consell de Mallorca","isPartOf":{"@id":"https:\/\/fundaciomallorcaturisme.net\/ca\/#website"},"datePublished":"2026-02-26T08:07:12+00:00","dateModified":"2026-04-09T07:02:09+00:00","breadcrumb":{"@id":"https:\/\/fundaciomallorcaturisme.net\/ca\/que-fer\/art-i-cultura\/festes-i-tradicions\/#breadcrumb"},"inLanguage":"ca","potentialAction":[{"@type":"ReadAction","target":["https:\/\/fundaciomallorcaturisme.net\/ca\/que-fer\/art-i-cultura\/festes-i-tradicions\/"]}]},{"@type":"BreadcrumbList","@id":"https:\/\/fundaciomallorcaturisme.net\/ca\/que-fer\/art-i-cultura\/festes-i-tradicions\/#breadcrumb","itemListElement":[{"@type":"ListItem","position":1,"name":"Inici","item":"https:\/\/fundaciomallorcaturisme.net\/ca\/"},{"@type":"ListItem","position":2,"name":"Què fer","item":"https:\/\/fundaciomallorcaturisme.net\/ca\/que-fer\/"},{"@type":"ListItem","position":3,"name":"Art i cultura","item":"https:\/\/fundaciomallorcaturisme.net\/ca\/que-fer\/art-i-cultura\/"},{"@type":"ListItem","position":4,"name":"Festes i tradicions"}]},{"@type":"WebSite","@id":"https:\/\/fundaciomallorcaturisme.net\/ca\/#website","url":"https:\/\/fundaciomallorcaturisme.net\/ca\/","name":"Consell de Mallorca","description":"","publisher":{"@id":"https:\/\/fundaciomallorcaturisme.net\/ca\/#organization"},"alternateName":"Mallorca Turisme","potentialAction":[{"@type":"SearchAction","target":{"@type":"EntryPoint","urlTemplate":"https:\/\/fundaciomallorcaturisme.net\/ca\/?s={search_term_string}"},"query-input":{"@type":"PropertyValueSpecification","valueRequired":true,"valueName":"search_term_string"}}],"inLanguage":"ca"},{"@type":"Organization","@id":"https:\/\/fundaciomallorcaturisme.net\/ca\/#organization","name":"Consell de Mallorca","alternateName":"Mallorca Turisme","url":"https:\/\/fundaciomallorcaturisme.net\/ca\/","logo":{"@type":"ImageObject","inLanguage":"ca","@id":"https:\/\/fundaciomallorcaturisme.net\/ca\/#\/schema\/logo\/image\/","url":"http:\/\/fundaciomallorcaturisme.net\/wp-content\/uploads\/2026\/03\/logo.webp","contentUrl":"http:\/\/fundaciomallorcaturisme.net\/wp-content\/uploads\/2026\/03\/logo.webp","width":696,"height":570,"caption":"Consell de Mallorca"},"image":{"@id":"https:\/\/fundaciomallorcaturisme.net\/ca\/#\/schema\/logo\/image\/"},"sameAs":["https:\/\/www.facebook.com\/ConselldeMca\/","https:\/\/x.com\/ConselldeMca","https:\/\/www.instagram.com\/conselldemca\/","https:\/\/www.youtube.com\/user\/conselldemallorca"]}]}</script>
<!-- / Yoast SEO plugin. -->

Què fer
