{"id":2161,"date":"2026-02-03T17:35:09","date_gmt":"2026-02-03T16:35:09","guid":{"rendered":"http:\/\/fundaciomallorcaturisme.net\/planifica\/"},"modified":"2026-04-09T09:37:03","modified_gmt":"2026-04-09T07:37:03","slug":"planifica","status":"publish","type":"page","link":"https:\/\/fundaciomallorcaturisme.net\/ca\/planifica\/","title":{"rendered":"Planifica"},"content":{"rendered":"","protected":false},"excerpt":{"rendered":"","protected":false},"author":1,"featured_media":0,"parent":0,"menu_order":0,"comment_status":"closed","ping_status":"closed","template":"page-templates\/contenido_flexible.php","meta":{"_acf_changed":false,"footnotes":""},"class_list":["post-2161","page","type-page","status-publish","hentry"],"acf":{"contenido_flexible":[{"acf_fc_layout":"cabecera","titulo":"<h1>Planifica el teu viatge a Mallorca: Guia Pr\u00e0ctica i Oficial<\/h1>","titulo_grande":false,"subtitulo":"Tot el que necessites saber abans d'arribar","texto":"Organitzar la teva estada a l'illa mai ha estat tan senzill. Des de com arribar-hi per mar o aire fins a trobar l'allotjament que millor s'adapti a tu, aqu\u00ed tens tota la informaci\u00f3 necess\u00e0ria perqu\u00e8 la teva \u00fanica preocupaci\u00f3 sigui gaudir de Mallorca de forma conscient i segura.","enlace":"","flecha_abajo":true,"tiene_video":false,"video":null,"imagenx1":493,"imagenx2":494,"logos":""},{"acf_fc_layout":"grid_elementos_flexible","pretitulo":"Log\u00edstica i transport","titulo":"Com arribar i <span>moure's per l'illa<\/span>","texto":"Mallorca est\u00e0 connectada amb el m\u00f3n i amb tu. Ja sigui que arribis solcant la Mediterr\u00e0nia en ferri o aterris al nostre aeroport internacional, aqu\u00ed trobar\u00e0s totes les claus per despla\u00e7ar-te de forma \u00e0gil. Aposta per la nostra xarxa de transport p\u00fablic o consulta les opcions de mobilitat privada per descobrir cada rac\u00f3 de l'illa amb total llibertat.","texto_secundario":"","cta":"","logos":"","alineacion":"izquierda","elementos":[{"icono":"","titulo":"Arribar a Mallorca","enlace":"\/ca\/planifica\/com-arribar\/","descripcion":"Consulta les rutes a\u00e8ries i les connexions de ferri des de la pen\u00ednsula.","color_de_fondo":"#ef9600","texto_blanco":false},{"icono":"","titulo":"Transport P\u00fablic (TIB\/EMT)","enlace":"\/ca\/planifica\/transport\/","descripcion":"Moure's de forma sostenible \u00e9s possible. Troba les rutes de bus que connecten Palma amb els municipis i els horaris de tren i metro.","color_de_fondo":"#9bcbeb","texto_blanco":false}],"estilo":"fila","color_de_fondo":"","texto_blanco":false,"ilustracion":""},{"acf_fc_layout":"texto_full","texto":"viumallorca"},{"acf_fc_layout":"texto_con_imagen","pretitulo":"Informaci\u00f3 pr\u00e0ctica","titulo":"Guia \u00fatil per al viatger","subtitulo":"","texto":"Planifica el teu viatge amb tot el que necessites saber sobre transports, seguretat i serveis essencials. Podr\u00e0s explorar l'illa de Mallorca amb total tranquil\u00b7litat.","cta":"","imagen":495,"tiene_video":false,"enlace_video":null,"logos":"","color_de_fondo":"#ffffff","texto_en_blanco":false,"son_enlaces":false,"elementos":null,"imagen_izquierda":true,"margen_superior":"","margen_inferior":""},{"acf_fc_layout":"texto_con_imagen","pretitulo":"Informaci\u00f3 Pr\u00e0ctica i Seguretat","titulo":"<span>Consells i dades<\/span> d'inter\u00e8s","subtitulo":"","texto":"Volem que et sentis com a casa des del primer moment. Perqu\u00e8 gaudeixis de la teva estada sense imprevistos, hem recopilat tota la informaci\u00f3 pr\u00e0ctica essencial: des de la previsi\u00f3 del temps i els serveis de salut, fins a consells de seguretat i normatives locals. Tot el que necessites saber per moure't amb confian\u00e7a i viure Mallorca amb total tranquil\u00b7litat.","cta":"","imagen":497,"tiene_video":false,"enlace_video":null,"logos":"","color_de_fondo":"#ffffff","texto_en_blanco":false,"son_enlaces":true,"elementos":[{"enlace":{"title":"Allotjament","url":"http:\/\/fundaciomallorcaturisme.net\/ca\/planifica\/allotjaments\/","target":""},"icono":null,"titulo":"","descripcion":"Descansa en entorns \u00fanics i desperta al cor de la Mediterr\u00e0nia.","color_de_fondo":"#f5f5f5","texto_blanco":false},{"enlace":{"title":"Destins Disponibles","url":"http:\/\/fundaciomallorcaturisme.net\/ca\/destinacions\/","target":""},"icono":null,"titulo":"","descripcion":"Troba el teu dest\u00ed ideal. Mallorca t\u00e9 molt a oferir-te.","color_de_fondo":"#f5f5f5","texto_blanco":false},{"enlace":{"title":"Informaci\u00f3 \u00fatil","url":"http:\/\/fundaciomallorcaturisme.net\/ca\/planifica\/informacio-practica\/","target":""},"icono":null,"titulo":"","descripcion":"Moneda, horaris comercials i consells per a un consum responsable d'aigua.","color_de_fondo":"#f5f5f5","texto_blanco":false},{"enlace":{"title":"Plans disponibles","url":"http:\/\/fundaciomallorcaturisme.net\/ca\/que-fer\/experiencies\/","target":""},"icono":null,"titulo":"","descripcion":"Per on t'agradaria comen\u00e7ar a gaudir de Mallorca?","color_de_fondo":"#f5f5f5","texto_blanco":false}],"imagen_izquierda":false,"margen_superior":"","margen_inferior":""},{"acf_fc_layout":"texto_con_imagen","pretitulo":"","titulo":"Planifica amb responsabilitat","subtitulo":"","texto":"La teva visita t\u00e9 un impacte. Et convidem a sumar-te al nostre Pledge per Mallorca abans d'arribar. Coneix com les teves decisions durant el viatge ajuden a preservar el parad\u00eds que vens a descobrir.","cta":{"title":"Suma't al Pledge","url":"http:\/\/fundaciomallorcaturisme.net\/ca\/pledge\/","target":""},"imagen":241,"tiene_video":false,"enlace_video":null,"logos":"","color_de_fondo":"#365ABD","texto_en_blanco":true,"son_enlaces":false,"elementos":null,"imagen_izquierda":true,"margen_superior":"","margen_inferior":""}]},"yoast_head":"<!-- This site is optimized with the Yoast SEO plugin v27.7 - https:\/\/yoast.com\/product\/yoast-seo-wordpress\/ -->\n<title>Planifica el teu viatge a Mallorca | Consell de Mallorca<\/title>\n<meta name=\"robots\" content=\"index, follow, max-snippet:-1, max-image-preview:large, max-video-preview:-1\" \/>\n<link rel=\"canonical\" href=\"https:\/\/fundaciomallorcaturisme.net\/ca\/planifica\/\" \/>\n<meta property=\"og:locale\" content=\"ca_ES\" \/>\n<meta property=\"og:type\" content=\"article\" \/>\n<meta property=\"og:title\" content=\"Planifica el teu viatge a Mallorca | Consell de Mallorca\" \/>\n<meta property=\"og:url\" content=\"https:\/\/fundaciomallorcaturisme.net\/ca\/planifica\/\" \/>\n<meta property=\"og:site_name\" content=\"Consell de Mallorca\" \/>\n<meta property=\"article:publisher\" content=\"https:\/\/www.facebook.com\/ConselldeMca\/\" \/>\n<meta property=\"article:modified_time\" content=\"2026-04-09T07:37:03+00:00\" \/>\n<meta property=\"og:image\" content=\"https:\/\/fundaciomallorcaturisme.net\/wp-content\/uploads\/2026\/02\/planificax2.jpg\" \/>\n\t<meta property=\"og:image:width\" content=\"1346\" \/>\n\t<meta property=\"og:image:height\" content=\"1094\" \/>\n\t<meta property=\"og:image:type\" content=\"image\/jpeg\" \/>\n<meta name=\"twitter:card\" content=\"summary_large_image\" \/>\n<meta name=\"twitter:site\" content=\"@ConselldeMca\" \/>\n<script type=\"application\/ld+json\" class=\"yoast-schema-graph\">{\"@context\":\"https:\\\/\\\/schema.org\",\"@graph\":[{\"@type\":\"WebPage\",\"@id\":\"https:\\\/\\\/fundaciomallorcaturisme.net\\\/ca\\\/planifica\\\/\",\"url\":\"https:\\\/\\\/fundaciomallorcaturisme.net\\\/ca\\\/planifica\\\/\",\"name\":\"Planifica el teu viatge a Mallorca | Consell de Mallorca\",\"isPartOf\":{\"@id\":\"https:\\\/\\\/fundaciomallorcaturisme.net\\\/ca\\\/#website\"},\"datePublished\":\"2026-02-03T16:35:09+00:00\",\"dateModified\":\"2026-04-09T07:37:03+00:00\",\"breadcrumb\":{\"@id\":\"https:\\\/\\\/fundaciomallorcaturisme.net\\\/ca\\\/planifica\\\/#breadcrumb\"},\"inLanguage\":\"ca\",\"potentialAction\":[{\"@type\":\"ReadAction\",\"target\":[\"https:\\\/\\\/fundaciomallorcaturisme.net\\\/ca\\\/planifica\\\/\"]}]},{\"@type\":\"BreadcrumbList\",\"@id\":\"https:\\\/\\\/fundaciomallorcaturisme.net\\\/ca\\\/planifica\\\/#breadcrumb\",\"itemListElement\":[{\"@type\":\"ListItem\",\"position\":1,\"name\":\"Inici\",\"item\":\"https:\\\/\\\/fundaciomallorcaturisme.net\\\/ca\\\/\"},{\"@type\":\"ListItem\",\"position\":2,\"name\":\"Planifica\"}]},{\"@type\":\"WebSite\",\"@id\":\"https:\\\/\\\/fundaciomallorcaturisme.net\\\/ca\\\/#website\",\"url\":\"https:\\\/\\\/fundaciomallorcaturisme.net\\\/ca\\\/\",\"name\":\"Consell de Mallorca\",\"description\":\"\",\"publisher\":{\"@id\":\"https:\\\/\\\/fundaciomallorcaturisme.net\\\/ca\\\/#organization\"},\"alternateName\":\"Mallorca Turisme\",\"potentialAction\":[{\"@type\":\"SearchAction\",\"target\":{\"@type\":\"EntryPoint\",\"urlTemplate\":\"https:\\\/\\\/fundaciomallorcaturisme.net\\\/ca\\\/?s={search_term_string}\"},\"query-input\":{\"@type\":\"PropertyValueSpecification\",\"valueRequired\":true,\"valueName\":\"search_term_string\"}}],\"inLanguage\":\"ca\"},{\"@type\":\"Organization\",\"@id\":\"https:\\\/\\\/fundaciomallorcaturisme.net\\\/ca\\\/#organization\",\"name\":\"Consell de Mallorca\",\"alternateName\":\"Mallorca Turisme\",\"url\":\"https:\\\/\\\/fundaciomallorcaturisme.net\\\/ca\\\/\",\"logo\":{\"@type\":\"ImageObject\",\"inLanguage\":\"ca\",\"@id\":\"https:\\\/\\\/fundaciomallorcaturisme.net\\\/ca\\\/#\\\/schema\\\/logo\\\/image\\\/\",\"url\":\"http:\\\/\\\/fundaciomallorcaturisme.net\\\/wp-content\\\/uploads\\\/2026\\\/03\\\/logo.webp\",\"contentUrl\":\"http:\\\/\\\/fundaciomallorcaturisme.net\\\/wp-content\\\/uploads\\\/2026\\\/03\\\/logo.webp\",\"width\":696,\"height\":570,\"caption\":\"Consell de Mallorca\"},\"image\":{\"@id\":\"https:\\\/\\\/fundaciomallorcaturisme.net\\\/ca\\\/#\\\/schema\\\/logo\\\/image\\\/\"},\"sameAs\":[\"https:\\\/\\\/www.facebook.com\\\/ConselldeMca\\\/\",\"https:\\\/\\\/x.com\\\/ConselldeMca\",\"https:\\\/\\\/www.instagram.com\\\/conselldemca\\\/\",\"https:\\\/\\\/www.youtube.com\\\/user\\\/conselldemallorca\"]}]}<\/script>\n<!-- \/ Yoast SEO plugin. -->","yoast_head_json":{"title":"Planifica el teu viatge a Mallorca | Consell de Mallorca","robots":{"index":"index","follow":"follow","max-snippet":"max-snippet:-1","max-image-preview":"max-image-preview:large","max-video-preview":"max-video-preview:-1"},"canonical":"https:\/\/fundaciomallorcaturisme.net\/ca\/planifica\/","og_locale":"ca_ES","og_type":"article","og_title":"Planifica el teu viatge a Mallorca | Consell de Mallorca","og_url":"https:\/\/fundaciomallorcaturisme.net\/ca\/planifica\/","og_site_name":"Consell de Mallorca","article_publisher":"https:\/\/www.facebook.com\/ConselldeMca\/","article_modified_time":"2026-04-09T07:37:03+00:00","og_image":[{"width":1346,"height":1094,"url":"https:\/\/fundaciomallorcaturisme.net\/wp-content\/uploads\/2026\/02\/planificax2.jpg","type":"image\/jpeg"}],"twitter_card":"summary_large_image","twitter_site":"@ConselldeMca","schema":{"@context":"https:\/\/schema.org","@graph":[{"@type":"WebPage","@id":"https:\/\/fundaciomallorcaturisme.net\/ca\/planifica\/","url":"https:\/\/fundaciomallorcaturisme.net\/ca\/planifica\/","name":"Planifica el teu viatge a Mallorca | Consell de Mallorca","isPartOf":{"@id":"https:\/\/fundaciomallorcaturisme.net\/ca\/#website"},"datePublished":"2026-02-03T16:35:09+00:00","dateModified":"2026-04-09T07:37:03+00:00","breadcrumb":{"@id":"https:\/\/fundaciomallorcaturisme.net\/ca\/planifica\/#breadcrumb"},"inLanguage":"ca","potentialAction":[{"@type":"ReadAction","target":["https:\/\/fundaciomallorcaturisme.net\/ca\/planifica\/"]}]},{"@type":"BreadcrumbList","@id":"https:\/\/fundaciomallorcaturisme.net\/ca\/planifica\/#breadcrumb","itemListElement":[{"@type":"ListItem","position":1,"name":"Inici","item":"https:\/\/fundaciomallorcaturisme.net\/ca\/"},{"@type":"ListItem","position":2,"name":"Planifica"}]},{"@type":"WebSite","@id":"https:\/\/fundaciomallorcaturisme.net\/ca\/#website","url":"https:\/\/fundaciomallorcaturisme.net\/ca\/","name":"Consell de Mallorca","description":"","publisher":{"@id":"https:\/\/fundaciomallorcaturisme.net\/ca\/#organization"},"alternateName":"Mallorca Turisme","potentialAction":[{"@type":"SearchAction","target":{"@type":"EntryPoint","urlTemplate":"https:\/\/fundaciomallorcaturisme.net\/ca\/?s={search_term_string}"},"query-input":{"@type":"PropertyValueSpecification","valueRequired":true,"valueName":"search_term_string"}}],"inLanguage":"ca"},{"@type":"Organization","@id":"https:\/\/fundaciomallorcaturisme.net\/ca\/#organization","name":"Consell de Mallorca","alternateName":"Mallorca Turisme","url":"https:\/\/fundaciomallorcaturisme.net\/ca\/","logo":{"@type":"ImageObject","inLanguage":"ca","@id":"https:\/\/fundaciomallorcaturisme.net\/ca\/#\/schema\/logo\/image\/","url":"http:\/\/fundaciomallorcaturisme.net\/wp-content\/uploads\/2026\/03\/logo.webp","contentUrl":"http:\/\/fundaciomallorcaturisme.net\/wp-content\/uploads\/2026\/03\/logo.webp","width":696,"height":570,"caption":"Consell de Mallorca"},"image":{"@id":"https:\/\/fundaciomallorcaturisme.net\/ca\/#\/schema\/logo\/image\/"},"sameAs":["https:\/\/www.facebook.com\/ConselldeMca\/","https:\/\/x.com\/ConselldeMca","https:\/\/www.instagram.com\/conselldemca\/","https:\/\/www.youtube.com\/user\/conselldemallorca"]}]}},"_links":{"self":[{"href":"https:\/\/fundaciomallorcaturisme.net\/ca\/wp-json\/wp\/v2\/pages\/2161","targetHints":{"allow":["GET"]}}],"collection":[{"href":"https:\/\/fundaciomallorcaturisme.net\/ca\/wp-json\/wp\/v2\/pages"}],"about":[{"href":"https:\/\/fundaciomallorcaturisme.net\/ca\/wp-json\/wp\/v2\/types\/page"}],"author":[{"embeddable":true,"href":"https:\/\/fundaciomallorcaturisme.net\/ca\/wp-json\/wp\/v2\/users\/1"}],"replies":[{"embeddable":true,"href":"https:\/\/fundaciomallorcaturisme.net\/ca\/wp-json\/wp\/v2\/comments?post=2161"}],"version-history":[{"count":4,"href":"https:\/\/fundaciomallorcaturisme.net\/ca\/wp-json\/wp\/v2\/pages\/2161\/revisions"}],"predecessor-version":[{"id":4133,"href":"https:\/\/fundaciomallorcaturisme.net\/ca\/wp-json\/wp\/v2\/pages\/2161\/revisions\/4133"}],"wp:attachment":[{"href":"https:\/\/fundaciomallorcaturisme.net\/ca\/wp-json\/wp\/v2\/media?parent=2161"}],"curies":[{"name":"wp","href":"https:\/\/api.w.org\/{rel}","templated":true}]}}

<h1>Planifica el teu viatge a Mallorca: Guia Pràctica i Oficial</h1>

Organitzar la teva estada a l'illa mai ha estat tan senzill. Des de com arribar-hi per mar o aire fins a trobar l'allotjament que millor s'adapti a tu, aquí tens tota la informació necessària perquè la teva única preocupació sigui gaudir de Mallorca de forma conscient i segura.

Logística i transport

Mallorca està connectada amb el món i amb tu. Ja sigui que arribis solcant la Mediterrània en ferri o aterris al nostre aeroport internacional, aquí trobaràs totes les claus per desplaçar-te de forma àgil. Aposta per la nostra xarxa de transport públic o consulta les opcions de mobilitat privada per descobrir cada racó de l'illa amb total llibertat.

Consulta les rutes aèries i les connexions de ferri des de la península.

Transport Públic (TIB/EMT)

Moure's de forma sostenible és possible. Troba les rutes de bus que connecten Palma amb els municipis i els horaris de tren i metro.

Informació pràctica

Guia útil per al viatger

Planifica el teu viatge amb tot el que necessites saber sobre transports, seguretat i serveis essencials. Podràs explorar l'illa de Mallorca amb total tranquil·litat.

Informació Pràctica i Seguretat

<span>Consells i dades</span> d'interès

Volem que et sentis com a casa des del primer moment. Perquè gaudeixis de la teva estada sense imprevistos, hem recopilat tota la informació pràctica essencial: des de la previsió del temps i els serveis de salut, fins a consells de seguretat i normatives locals. Tot el que necessites saber per moure't amb confiança i viure Mallorca amb total tranquil·litat.

Descansa en entorns únics i desperta al cor de la Mediterrània.

Troba el teu destí ideal. Mallorca té molt a oferir-te.

Informació útil

Per on t'agradaria començar a gaudir de Mallorca?

La teva visita té un impacte. Et convidem a sumar-te al nostre Pledge per Mallorca abans d'arribar. Coneix com les teves decisions durant el viatge ajuden a preservar el paradís que vens a descobrir.
