{"id":2125,"date":"2026-02-09T16:48:18","date_gmt":"2026-02-09T15:48:18","guid":{"rendered":"http:\/\/fundaciomallorcaturisme.net\/accesibilidad\/"},"modified":"2026-03-31T08:58:52","modified_gmt":"2026-03-31T06:58:52","slug":"accessibilitat","status":"publish","type":"page","link":"https:\/\/fundaciomallorcaturisme.net\/ca\/accessibilitat\/","title":{"rendered":"Accessibilitat"},"content":{"rendered":"","protected":false},"excerpt":{"rendered":"","protected":false},"author":1,"featured_media":0,"parent":0,"menu_order":0,"comment_status":"closed","ping_status":"closed","template":"page-templates\/contenido_flexible.php","meta":{"_acf_changed":false,"footnotes":""},"class_list":["post-2125","page","type-page","status-publish","hentry"],"acf":{"contenido_flexible":[{"acf_fc_layout":"cabecera","titulo":"<h1>Mallorca accessible: una destinaci\u00f3 per a totes les persones<\/h1>","titulo_grande":false,"subtitulo":"Patrimoni, natura i serveis per gaudir-ne sense barreres","texto":"A la Fundaci\u00f3 Turisme Responsable de Mallorca creiem que el dret a viatjar \u00e9s universal. Per aix\u00f2, impulsem un model de turisme a Mallorca totalment inclusiu, eliminant obstacles i oferint informaci\u00f3 precisa perqu\u00e8 la teva \u00fanica preocupaci\u00f3 sigui gaudir de l'experi\u00e8ncia.","enlace":"","flecha_abajo":true,"tiene_video":false,"video":null,"imagenx1":636,"imagenx2":636,"logos":""},{"acf_fc_layout":"grid_elementos_flexible","pretitulo":"Platges inclusives","titulo":"Gaudeix del mar: <span>Platges accessibles<\/span> a Mallorca","texto":"Mallorca compta amb una \u00e0mplia xarxa de platges accessibles equipades amb passarel\u00b7les, cadires amf\u00edbies, zones d'ombra i personal d'assist\u00e8ncia. Volem que el Mediterrani estigui a l'abast de tothom, garantint la seguretat i la comoditat en el litoral mallorqu\u00ed.","texto_secundario":"","cta":"","logos":"","alineacion":"izquierda","elementos":[{"icono":"","titulo":"Guia interactiva de turisme accessible","enlace":"http:\/\/fundaciomallorcaturisme.net\/wp-content\/uploads\/2026\/02\/22.-GuiaTurIsticaESP.pdf","descripcion":"Descarga PDF","color_de_fondo":"#ef9600","texto_blanco":false},{"icono":"","titulo":"Guia interactiva de turisme accessible per a persones cegues","enlace":"http:\/\/fundaciomallorcaturisme.net\/wp-content\/uploads\/2026\/02\/22.-GuiaTuristicaVisualESP.pdf","descripcion":"Descarga PDF","color_de_fondo":"#ef9600","texto_blanco":false}],"estilo":"columna","color_de_fondo":"","texto_blanco":false,"ilustracion":""},{"acf_fc_layout":"texto_full","texto":"viumallorca"},{"acf_fc_layout":"texto_con_imagen","pretitulo":"Mobilitat i transport adaptat","titulo":"<h2><span>Com moure't<\/span> de forma accessible per l'illa<\/h2>","subtitulo":"","texto":"El comprom\u00eds amb una destinaci\u00f3 accessible comen\u00e7a en el transport. Disposem d'una flota d'autobusos interurbans (TIB) i urbans (EMT) adaptats, aix\u00ed com serveis de taxi amb rampa i opcions de lloguer de vehicles especialitzats per facilitar la teva mobilitat de punta a punta de l'illa.","cta":"","imagen":641,"tiene_video":false,"enlace_video":null,"logos":"","color_de_fondo":"#ffffff","texto_en_blanco":false,"son_enlaces":false,"elementos":null,"imagen_izquierda":false,"margen_superior":"","margen_inferior":""},{"acf_fc_layout":"texto_con_imagen","pretitulo":"Cultura i oci sense barreres","titulo":"<span>Patrimoni i experi\u00e8ncies<\/span> per a tots els sentits","subtitulo":"","texto":"Des de la Catedral de Mallorca fins als senders adaptats de la Serra de Tramuntana. Treballem amb museus, monuments i espais naturals per assegurar que l'oferta de turisme de Mallorca sigui inclusiva, oferint audioguies, signoguies i accessos nivellats en els punts de major inter\u00e8s cultural.","cta":{"title":"Qu\u00e8 fer a Mallorca?","url":"http:\/\/fundaciomallorcaturisme.net\/ca\/que-fer\/","target":""},"imagen":642,"tiene_video":false,"enlace_video":null,"logos":"","color_de_fondo":"#f5f5f5","texto_en_blanco":false,"son_enlaces":false,"elementos":null,"imagen_izquierda":true,"margen_superior":"","margen_inferior":""},{"acf_fc_layout":"texto_simple","pretitulo":"Comprom\u00eds","titulo":"Un comprom\u00eds en <span>constant evoluci\u00f3<\/span>","texto":"L'accessibilitat \u00e9s un eix transversal en els projectes de la nostra Fundaci\u00f3. Col\u00b7laborem estretament amb associacions locals i experts per auditar i millorar constantment la infraestructura de l'illa. Perqu\u00e8 una Mallorca millor per a qui ens visita \u00e9s, sobretot, una Mallorca millor per a qui hi vivim.","cta":"","2_columnas":true,"color_de_fondo":"#ffffff"},{"acf_fc_layout":"grid_elementos_flexible","pretitulo":"Planificaci\u00f3 r\u00e0pida","titulo":"Ja has triat destinaci\u00f3?","texto":"Volem que la teva experi\u00e8ncia a Mallorca sigui perfecta des del primer moment. Aqu\u00ed trobar\u00e0s des de com arribar i on allotjar-te, fins a la documentaci\u00f3 pr\u00e0ctica i els mitjans de transport que pots utilitzar.","texto_secundario":"","cta":"","logos":"","alineacion":"izquierda","elementos":[{"icono":"","titulo":"Com arribar i moure't per l'Illa","enlace":"http:\/\/fundaciomallorcaturisme.net\/ca\/planifica\/transport\/","descripcion":"","color_de_fondo":"#9bcbeb","texto_blanco":true},{"icono":"","titulo":"Troba l'allotjament ideal","enlace":"http:\/\/fundaciomallorcaturisme.net\/ca\/planifica\/allotjaments\/","descripcion":"","color_de_fondo":"#ef9600","texto_blanco":false},{"icono":"","titulo":"Despla\u00e7aments en ferri i bus","enlace":"http:\/\/fundaciomallorcaturisme.net\/ca\/planifica\/transport\/","descripcion":"","color_de_fondo":"#365abd","texto_blanco":true},{"icono":"","titulo":"Plans disponibles","enlace":"http:\/\/fundaciomallorcaturisme.net\/ca\/que-fer\/","descripcion":"","color_de_fondo":"#ffc600","texto_blanco":false}],"estilo":"fila","color_de_fondo":"","texto_blanco":false,"ilustracion":""}]},"yoast_head":"<!-- This site is optimized with the Yoast SEO plugin v27.7 - https:\/\/yoast.com\/product\/yoast-seo-wordpress\/ -->\n<title>Accessibilitat - Consell de Mallorca<\/title>\n<meta name=\"robots\" content=\"index, follow, max-snippet:-1, max-image-preview:large, max-video-preview:-1\" \/>\n<link rel=\"canonical\" href=\"https:\/\/fundaciomallorcaturisme.net\/ca\/accessibilitat\/\" \/>\n<meta property=\"og:locale\" content=\"ca_ES\" \/>\n<meta property=\"og:type\" content=\"article\" \/>\n<meta property=\"og:title\" content=\"Accessibilitat - Consell de Mallorca\" \/>\n<meta property=\"og:url\" content=\"https:\/\/fundaciomallorcaturisme.net\/ca\/accessibilitat\/\" \/>\n<meta property=\"og:site_name\" content=\"Consell de Mallorca\" \/>\n<meta property=\"article:publisher\" content=\"https:\/\/www.facebook.com\/ConselldeMca\/\" \/>\n<meta property=\"article:modified_time\" content=\"2026-03-31T06:58:52+00:00\" \/>\n<meta property=\"og:image\" content=\"https:\/\/fundaciomallorcaturisme.net\/wp-content\/uploads\/2026\/02\/planificax2.jpg\" \/>\n\t<meta property=\"og:image:width\" content=\"1346\" \/>\n\t<meta property=\"og:image:height\" content=\"1094\" \/>\n\t<meta property=\"og:image:type\" content=\"image\/jpeg\" \/>\n<meta name=\"twitter:card\" content=\"summary_large_image\" \/>\n<meta name=\"twitter:site\" content=\"@ConselldeMca\" \/>\n<script type=\"application\/ld+json\" class=\"yoast-schema-graph\">{\"@context\":\"https:\\\/\\\/schema.org\",\"@graph\":[{\"@type\":\"WebPage\",\"@id\":\"https:\\\/\\\/fundaciomallorcaturisme.net\\\/ca\\\/accessibilitat\\\/\",\"url\":\"https:\\\/\\\/fundaciomallorcaturisme.net\\\/ca\\\/accessibilitat\\\/\",\"name\":\"Accessibilitat - Consell de Mallorca\",\"isPartOf\":{\"@id\":\"https:\\\/\\\/fundaciomallorcaturisme.net\\\/ca\\\/#website\"},\"datePublished\":\"2026-02-09T15:48:18+00:00\",\"dateModified\":\"2026-03-31T06:58:52+00:00\",\"breadcrumb\":{\"@id\":\"https:\\\/\\\/fundaciomallorcaturisme.net\\\/ca\\\/accessibilitat\\\/#breadcrumb\"},\"inLanguage\":\"ca\",\"potentialAction\":[{\"@type\":\"ReadAction\",\"target\":[\"https:\\\/\\\/fundaciomallorcaturisme.net\\\/ca\\\/accessibilitat\\\/\"]}]},{\"@type\":\"BreadcrumbList\",\"@id\":\"https:\\\/\\\/fundaciomallorcaturisme.net\\\/ca\\\/accessibilitat\\\/#breadcrumb\",\"itemListElement\":[{\"@type\":\"ListItem\",\"position\":1,\"name\":\"Inici\",\"item\":\"https:\\\/\\\/fundaciomallorcaturisme.net\\\/ca\\\/\"},{\"@type\":\"ListItem\",\"position\":2,\"name\":\"Accessibilitat\"}]},{\"@type\":\"WebSite\",\"@id\":\"https:\\\/\\\/fundaciomallorcaturisme.net\\\/ca\\\/#website\",\"url\":\"https:\\\/\\\/fundaciomallorcaturisme.net\\\/ca\\\/\",\"name\":\"Consell de Mallorca\",\"description\":\"\",\"publisher\":{\"@id\":\"https:\\\/\\\/fundaciomallorcaturisme.net\\\/ca\\\/#organization\"},\"alternateName\":\"Mallorca Turisme\",\"potentialAction\":[{\"@type\":\"SearchAction\",\"target\":{\"@type\":\"EntryPoint\",\"urlTemplate\":\"https:\\\/\\\/fundaciomallorcaturisme.net\\\/ca\\\/?s={search_term_string}\"},\"query-input\":{\"@type\":\"PropertyValueSpecification\",\"valueRequired\":true,\"valueName\":\"search_term_string\"}}],\"inLanguage\":\"ca\"},{\"@type\":\"Organization\",\"@id\":\"https:\\\/\\\/fundaciomallorcaturisme.net\\\/ca\\\/#organization\",\"name\":\"Consell de Mallorca\",\"alternateName\":\"Mallorca Turisme\",\"url\":\"https:\\\/\\\/fundaciomallorcaturisme.net\\\/ca\\\/\",\"logo\":{\"@type\":\"ImageObject\",\"inLanguage\":\"ca\",\"@id\":\"https:\\\/\\\/fundaciomallorcaturisme.net\\\/ca\\\/#\\\/schema\\\/logo\\\/image\\\/\",\"url\":\"http:\\\/\\\/fundaciomallorcaturisme.net\\\/wp-content\\\/uploads\\\/2026\\\/03\\\/logo.webp\",\"contentUrl\":\"http:\\\/\\\/fundaciomallorcaturisme.net\\\/wp-content\\\/uploads\\\/2026\\\/03\\\/logo.webp\",\"width\":696,\"height\":570,\"caption\":\"Consell de Mallorca\"},\"image\":{\"@id\":\"https:\\\/\\\/fundaciomallorcaturisme.net\\\/ca\\\/#\\\/schema\\\/logo\\\/image\\\/\"},\"sameAs\":[\"https:\\\/\\\/www.facebook.com\\\/ConselldeMca\\\/\",\"https:\\\/\\\/x.com\\\/ConselldeMca\",\"https:\\\/\\\/www.instagram.com\\\/conselldemca\\\/\",\"https:\\\/\\\/www.youtube.com\\\/user\\\/conselldemallorca\"]}]}<\/script>\n<!-- \/ Yoast SEO plugin. -->","yoast_head_json":{"title":"Accessibilitat - Consell de Mallorca","robots":{"index":"index","follow":"follow","max-snippet":"max-snippet:-1","max-image-preview":"max-image-preview:large","max-video-preview":"max-video-preview:-1"},"canonical":"https:\/\/fundaciomallorcaturisme.net\/ca\/accessibilitat\/","og_locale":"ca_ES","og_type":"article","og_title":"Accessibilitat - Consell de Mallorca","og_url":"https:\/\/fundaciomallorcaturisme.net\/ca\/accessibilitat\/","og_site_name":"Consell de Mallorca","article_publisher":"https:\/\/www.facebook.com\/ConselldeMca\/","article_modified_time":"2026-03-31T06:58:52+00:00","og_image":[{"width":1346,"height":1094,"url":"https:\/\/fundaciomallorcaturisme.net\/wp-content\/uploads\/2026\/02\/planificax2.jpg","type":"image\/jpeg"}],"twitter_card":"summary_large_image","twitter_site":"@ConselldeMca","schema":{"@context":"https:\/\/schema.org","@graph":[{"@type":"WebPage","@id":"https:\/\/fundaciomallorcaturisme.net\/ca\/accessibilitat\/","url":"https:\/\/fundaciomallorcaturisme.net\/ca\/accessibilitat\/","name":"Accessibilitat - Consell de Mallorca","isPartOf":{"@id":"https:\/\/fundaciomallorcaturisme.net\/ca\/#website"},"datePublished":"2026-02-09T15:48:18+00:00","dateModified":"2026-03-31T06:58:52+00:00","breadcrumb":{"@id":"https:\/\/fundaciomallorcaturisme.net\/ca\/accessibilitat\/#breadcrumb"},"inLanguage":"ca","potentialAction":[{"@type":"ReadAction","target":["https:\/\/fundaciomallorcaturisme.net\/ca\/accessibilitat\/"]}]},{"@type":"BreadcrumbList","@id":"https:\/\/fundaciomallorcaturisme.net\/ca\/accessibilitat\/#breadcrumb","itemListElement":[{"@type":"ListItem","position":1,"name":"Inici","item":"https:\/\/fundaciomallorcaturisme.net\/ca\/"},{"@type":"ListItem","position":2,"name":"Accessibilitat"}]},{"@type":"WebSite","@id":"https:\/\/fundaciomallorcaturisme.net\/ca\/#website","url":"https:\/\/fundaciomallorcaturisme.net\/ca\/","name":"Consell de Mallorca","description":"","publisher":{"@id":"https:\/\/fundaciomallorcaturisme.net\/ca\/#organization"},"alternateName":"Mallorca Turisme","potentialAction":[{"@type":"SearchAction","target":{"@type":"EntryPoint","urlTemplate":"https:\/\/fundaciomallorcaturisme.net\/ca\/?s={search_term_string}"},"query-input":{"@type":"PropertyValueSpecification","valueRequired":true,"valueName":"search_term_string"}}],"inLanguage":"ca"},{"@type":"Organization","@id":"https:\/\/fundaciomallorcaturisme.net\/ca\/#organization","name":"Consell de Mallorca","alternateName":"Mallorca Turisme","url":"https:\/\/fundaciomallorcaturisme.net\/ca\/","logo":{"@type":"ImageObject","inLanguage":"ca","@id":"https:\/\/fundaciomallorcaturisme.net\/ca\/#\/schema\/logo\/image\/","url":"http:\/\/fundaciomallorcaturisme.net\/wp-content\/uploads\/2026\/03\/logo.webp","contentUrl":"http:\/\/fundaciomallorcaturisme.net\/wp-content\/uploads\/2026\/03\/logo.webp","width":696,"height":570,"caption":"Consell de Mallorca"},"image":{"@id":"https:\/\/fundaciomallorcaturisme.net\/ca\/#\/schema\/logo\/image\/"},"sameAs":["https:\/\/www.facebook.com\/ConselldeMca\/","https:\/\/x.com\/ConselldeMca","https:\/\/www.instagram.com\/conselldemca\/","https:\/\/www.youtube.com\/user\/conselldemallorca"]}]}},"_links":{"self":[{"href":"https:\/\/fundaciomallorcaturisme.net\/ca\/wp-json\/wp\/v2\/pages\/2125","targetHints":{"allow":["GET"]}}],"collection":[{"href":"https:\/\/fundaciomallorcaturisme.net\/ca\/wp-json\/wp\/v2\/pages"}],"about":[{"href":"https:\/\/fundaciomallorcaturisme.net\/ca\/wp-json\/wp\/v2\/types\/page"}],"author":[{"embeddable":true,"href":"https:\/\/fundaciomallorcaturisme.net\/ca\/wp-json\/wp\/v2\/users\/1"}],"replies":[{"embeddable":true,"href":"https:\/\/fundaciomallorcaturisme.net\/ca\/wp-json\/wp\/v2\/comments?post=2125"}],"version-history":[{"count":3,"href":"https:\/\/fundaciomallorcaturisme.net\/ca\/wp-json\/wp\/v2\/pages\/2125\/revisions"}],"predecessor-version":[{"id":4516,"href":"https:\/\/fundaciomallorcaturisme.net\/ca\/wp-json\/wp\/v2\/pages\/2125\/revisions\/4516"}],"wp:attachment":[{"href":"https:\/\/fundaciomallorcaturisme.net\/ca\/wp-json\/wp\/v2\/media?parent=2125"}],"curies":[{"name":"wp","href":"https:\/\/api.w.org\/{rel}","templated":true}]}}

<h1>Mallorca accessible: una destinació per a totes les persones</h1>

A la Fundació Turisme Responsable de Mallorca creiem que el dret a viatjar és universal. Per això, impulsem un model de turisme a Mallorca totalment inclusiu, eliminant obstacles i oferint informació precisa perquè la teva única preocupació sigui gaudir de l'experiència.

Mallorca compta amb una àmplia xarxa de platges accessibles equipades amb passarel·les, cadires amfíbies, zones d'ombra i personal d'assistència. Volem que el Mediterrani estigui a l'abast de tothom, garantint la seguretat i la comoditat en el litoral mallorquí.

El compromís amb una destinació accessible comença en el transport. Disposem d'una flota d'autobusos interurbans (TIB) i urbans (EMT) adaptats, així com serveis de taxi amb rampa i opcions de lloguer de vehicles especialitzats per facilitar la teva mobilitat de punta a punta de l'illa.

<span>Patrimoni i experiències</span> per a tots els sentits

Des de la Catedral de Mallorca fins als senders adaptats de la Serra de Tramuntana. Treballem amb museus, monuments i espais naturals per assegurar que l'oferta de turisme de Mallorca sigui inclusiva, oferint audioguies, signoguies i accessos nivellats en els punts de major interès cultural.

Què fer a Mallorca?

Compromís

Un compromís en <span>constant evolució</span>

L'accessibilitat és un eix transversal en els projectes de la nostra Fundació. Col·laborem estretament amb associacions locals i experts per auditar i millorar constantment la infraestructura de l'illa. Perquè una Mallorca millor per a qui ens visita és, sobretot, una Mallorca millor per a qui hi vivim.

Planificació ràpida

Ja has triat destinació?

Volem que la teva experiència a Mallorca sigui perfecta des del primer moment. Aquí trobaràs des de com arribar i on allotjar-te, fins a la documentació pràctica i els mitjans de transport que pots utilitzar.

Desplaçaments en ferri i bus
